--
-- Host: dillusionalminds.ccbjejrmjehm.us-west-1.rds.amazonaws.com    Database: dillusionalminds_imprintnext
-- ------------------------------------------------------

SET @MYSQLDUMP_TEMP_LOG_BIN = @@SESSION.SQL_LOG_BIN;

--
-- Table structure for table `app_currency`
--

CREATE TABLE `app_currency` (
  `xe_id` int NOT NULL AUTO_INCREMENT,
  `name` varchar(30) COLLATE utf8mb3_unicode_ci NOT NULL,
  `symbol` varchar(10) COLLATE utf8mb3_unicode_ci NOT NULL,
  `code` varchar(10) COLLATE utf8mb3_unicode_ci NOT NULL,
  `is_default` tinyint(1) NOT NULL DEFAULT '0',
  `unicode_character` varchar(15) COLLATE utf8mb3_unicode_ci DEFAULT NULL,
  PRIMARY KEY (`xe_id`)
) ENGINE=InnoDB AUTO_INCREMENT=27 DEFAULT CHARSET=utf8mb3 COLLATE=utf8mb3_unicode_ci;

--
-- Dumping data for table `app_currency`
--

INSERT INTO `app_currency` VALUES (1,'US Dollar ','$','USD',1,'&#36'),(2,'Indian Rup','âÂ‚¹','INR',0,'&#8377'),(3,'Czech Koru','KÄÂ','CZK.',0,'&#75'),(4,'Mexican Pe','$','MXN.',0,'&#36'),(5,'Japanese Y','Â¥','JPY.',0,'&#165'),(6,'Canadian D','$','CAD',0,'&#36'),(7,'New Taiwan','NT','TWD',0,'&#78'),(8,'Danish Kro','sk','DKK',0,'&#107'),(9,'Philippine','âÂ‚±','PHP',0,'&#8369'),(10,'Thai Baht','à¸¿','THB',0,'&#3647'),(11,'Russian Ru','RU','RUB',0,'&#1088'),(12,'Israeli Ne','âÂ‚ª','ILS',0,'&#8362'),(13,'British Po','Â£','GBP',0,'&#163'),(14,'Norwegian','kr','NOK',0,'&#107'),(15,'Euro','âÂ‚¬','EUR',0,'&#8364'),(16,'Australian','$','AUD',0,'&#36'),(17,'Polish Zlo','zÅÂ‚','PLN',0,'&#122'),(18,'Swiss Franc','CH','CHF',0,'CHF'),(19,'New Zealan','$','AUD',0,'&#36'),(20,'Singapore','$','SGD',0,'&#36'),(21,'Swedish Kr','kr','SEK',0,'&#107'),(22,'Hong Kong','$','HKD',0,'&#36'),(23,'Hungarian','Ft','HUF',0,'&#70'),(24,'Chinese yu','Â¥','CNY',0,'&#165'),(25,'South African Rand','R','ZAR',0,'R'),(26,'Romanian Leu','lei','RON',0,'lei');

--
-- Table structure for table `app_units`
--

CREATE TABLE `app_units` (
  `xe_id` int NOT NULL AUTO_INCREMENT,
  `name` varchar(30) COLLATE utf8mb3_unicode_ci NOT NULL,
  `is_default` tinyint(1) NOT NULL DEFAULT '0',
  `label` varchar(20) COLLATE utf8mb3_unicode_ci DEFAULT NULL,
  `store_id` int NOT NULL DEFAULT '1',
  PRIMARY KEY (`xe_id`)
) ENGINE=InnoDB AUTO_INCREMENT=7 DEFAULT CHARSET=utf8mb3 COLLATE=utf8mb3_unicode_ci;

--
-- Dumping data for table `app_units`
--

INSERT INTO `app_units` VALUES (1,'Inch',1,'in',1),(2,'Feet',0,'ft',1),(3,'Centimeter',0,'cm',1),(4,'Millimeter',0,'mm',1),(5,'Pixel',0,'px',1),(6,'Meter',0,'m',1);

--
-- Table structure for table `asset_types`
--

CREATE TABLE `asset_types` (
  `xe_id` int NOT NULL AUTO_INCREMENT,
  `name` varchar(60) COLLATE utf8mb3_unicode_ci NOT NULL,
  `slug` varchar(60) COLLATE utf8mb3_unicode_ci NOT NULL,
  PRIMARY KEY (`xe_id`)
) ENGINE=InnoDB AUTO_INCREMENT=13 DEFAULT CHARSET=utf8mb3 COLLATE=utf8mb3_unicode_ci;

--
-- Dumping data for table `asset_types`
--

INSERT INTO `asset_types` VALUES (1,'Backgrounds','backgrounds'),(2,'Cliparts','cliparts'),(3,'Printable colors','color-palettes'),(4,'Color Swatches','color-swatch'),(5,'Distresses','distresses'),(6,'Fonts','fonts'),(7,'Graphic Fonts','graphic-fonts'),(8,'Masks','masks'),(9,'Shapes','shapes'),(10,'Word Clouds','word-clouds'),(11,'Templates','templates'),(12,'Products','products');

--
-- Table structure for table `attribute_price_rules`
--

CREATE TABLE `attribute_price_rules` (
  `product_id` varchar(50) COLLATE utf8mb3_unicode_ci DEFAULT NULL,
  `attribute_id` varchar(50) COLLATE utf8mb3_unicode_ci DEFAULT NULL,
  `attribute_term_id` varchar(50) COLLATE utf8mb3_unicode_ci DEFAULT NULL,
  `print_profile_id` int DEFAULT NULL,
  `price` decimal(20,8) DEFAULT NULL
) ENGINE=InnoDB DEFAULT CHARSET=utf8mb3 COLLATE=utf8mb3_unicode_ci;

--
-- Dumping data for table `attribute_price_rules`
--


--
-- Table structure for table `augmented_realities`
--

CREATE TABLE `augmented_realities` (
  `xe_id` bigint NOT NULL AUTO_INCREMENT,
  `file` varchar(100) COLLATE utf8mb3_unicode_ci DEFAULT NULL,
  `html_file` varchar(100) COLLATE utf8mb3_unicode_ci DEFAULT NULL,
  `pattern_file` varchar(100) COLLATE utf8mb3_unicode_ci DEFAULT NULL,
  `created_at` datetime DEFAULT CURRENT_TIMESTAMP,
  PRIMARY KEY (`xe_id`)
) ENGINE=InnoDB DEFAULT CHARSET=utf8mb3 COLLATE=utf8mb3_unicode_ci;

--
-- Dumping data for table `augmented_realities`
--


--
-- Table structure for table `background_category_rel`
--

CREATE TABLE `background_category_rel` (
  `background_id` bigint DEFAULT NULL,
  `category_id` bigint DEFAULT NULL
) ENGINE=InnoDB DEFAULT CHARSET=utf8mb3 COLLATE=utf8mb3_unicode_ci;

--
-- Dumping data for table `background_category_rel`
--

INSERT INTO `background_category_rel` VALUES (1,19),(2,19),(3,19),(4,19),(5,19),(6,19),(7,19),(8,19),(9,19),(10,19),(11,19),(12,19),(13,19),(14,19),(15,19),(16,19),(17,19),(18,19),(19,19),(20,19),(21,19),(22,19),(23,19),(24,19),(25,19),(26,19),(27,19),(28,19);

--
-- Table structure for table `background_tag_rel`
--

CREATE TABLE `background_tag_rel` (
  `background_id` bigint DEFAULT NULL,
  `tag_id` bigint DEFAULT NULL
) ENGINE=InnoDB DEFAULT CHARSET=utf8mb3 COLLATE=utf8mb3_unicode_ci;

--
-- Dumping data for table `background_tag_rel`
--

INSERT INTO `background_tag_rel` VALUES (23,1),(24,2);

--
-- Table structure for table `backgrounds`
--

CREATE TABLE `backgrounds` (
  `xe_id` bigint NOT NULL AUTO_INCREMENT,
  `name` varchar(60) COLLATE utf8mb3_unicode_ci DEFAULT NULL,
  `value` varchar(60) COLLATE utf8mb3_unicode_ci DEFAULT NULL COMMENT 'file_name: files, hexcode: color',
  `price` decimal(20,8) DEFAULT NULL,
  `type` tinyint(1) DEFAULT NULL COMMENT '1: Pattern, 0: Color',
  `store_id` int DEFAULT NULL,
  `created_at` datetime DEFAULT CURRENT_TIMESTAMP,
  `cloud_storage` tinyint(1) NOT NULL DEFAULT '0',
  PRIMARY KEY (`xe_id`)
) ENGINE=InnoDB AUTO_INCREMENT=29 DEFAULT CHARSET=utf8mb3 COLLATE=utf8mb3_unicode_ci;

--
-- Dumping data for table `backgrounds`
--

INSERT INTO `backgrounds` VALUES (1,'Background','202003300117121579.png',0.00000000,1,1,'2020-03-30 13:17:12',0),(2,'Background','202003300117121579.jpg',0.00000000,1,1,'2020-03-30 13:17:12',0),(3,'Background','202003300117121579_1.jpg',0.00000000,1,1,'2020-03-30 13:17:12',0),(4,'Background','202003300117121579_2.jpg',0.00000000,1,1,'2020-03-30 13:17:12',0),(5,'Background','202003300117121579_1.png',0.00000000,1,1,'2020-03-30 13:17:12',0),(6,'Background','202003300117121579_3.jpg',0.00000000,1,1,'2020-03-30 13:17:12',0),(7,'Background','202003300117121579_4.jpg',0.00000000,1,1,'2020-03-30 13:17:12',0),(8,'Background','202003300117121579_5.jpg',0.00000000,1,1,'2020-03-30 13:17:12',0),(9,'Background','202003300117121579_6.jpg',0.00000000,1,1,'2020-03-30 13:17:12',0),(10,'Background','202003300117121579_7.jpg',0.00000000,1,1,'2020-03-30 13:17:12',0),(11,'Background','202003300117121579_8.jpg',0.00000000,1,1,'2020-03-30 13:17:12',0),(12,'Background','202003300117121579_9.jpg',0.00000000,1,1,'2020-03-30 13:17:12',0),(13,'Background','202003300117121579_2.png',0.00000000,1,1,'2020-03-30 13:17:12',0),(14,'Background','202003300117121579_10.jpg',0.00000000,1,1,'2020-03-30 13:17:12',0),(15,'Background','202003300117121579_11.jpg',0.00000000,1,1,'2020-03-30 13:17:12',0),(16,'Background','202003300117121579_12.jpg',0.00000000,1,1,'2020-03-30 13:17:12',0),(17,'Background','202003300117121579_3.png',0.00000000,1,1,'2020-03-30 13:17:12',0),(18,'Background','202003300117121579_4.png',0.00000000,1,1,'2020-03-30 13:17:12',0),(19,'Blue','#3b647c',0.00000000,0,1,'2020-03-30 13:22:34',0),(20,'Brown','#904141',0.00000000,0,1,'2020-03-30 13:25:34',0),(21,'Pink','#d55959',0.00000000,0,1,'2020-03-30 13:25:53',0),(22,'Purple','#b46ae1',0.00000000,0,1,'2020-03-30 13:26:54',0),(23,'Sea Green','#9bf1c8',0.00000000,0,1,'2020-03-30 14:09:44',0),(24,'Orange','#ebaa59',0.00000000,0,1,'2020-03-30 14:11:03',0),(25,'Lemon','#bbcf87',0.00000000,0,1,'2020-03-30 14:11:50',0),(26,'Grey','#949494',0.00000000,0,1,'2020-03-30 14:13:54',0),(27,'Blue','#407de9',0.00000000,0,1,'2020-03-30 14:17:36',0),(28,'Green','#348248',0.00000000,0,1,'2020-03-30 14:19:16',0);

--
-- Table structure for table `barcodes`
--

CREATE TABLE `barcodes` (
  `xe_id` int NOT NULL AUTO_INCREMENT,
  `name` varchar(100) COLLATE utf8mb3_unicode_ci NOT NULL,
  `slug` varchar(40) COLLATE utf8mb3_unicode_ci NOT NULL COMMENT 'It is used for performing a particular action',
  `module_id` tinyint NOT NULL COMMENT '2-Order,4-Production',
  `barcode_number` varchar(40) COLLATE utf8mb3_unicode_ci NOT NULL,
  `barcode_image` varchar(40) COLLATE utf8mb3_unicode_ci NOT NULL,
  `store_id` int NOT NULL,
  `is_active` tinyint NOT NULL DEFAULT '1' COMMENT '1-Active,0-In Active',
  `created_at` datetime DEFAULT CURRENT_TIMESTAMP,
  PRIMARY KEY (`xe_id`)
) ENGINE=InnoDB AUTO_INCREMENT=17 DEFAULT CHARSET=utf8mb3 COLLATE=utf8mb3_unicode_ci;

--
-- Dumping data for table `barcodes`
--

INSERT INTO `barcodes` VALUES (1,'Order details','order_details',2,'202203300501306573','202203300501306573.png',1,0,'2023-02-27 06:24:12'),(2,'Download order artwork files','download_order_artwork_file',2,'202203300501303395','202203300501303395.png',1,1,'2023-02-27 06:24:12'),(3,'Open order invoice','open_order_invoice',2,'202203300501304483','202203300501304483.png',1,0,'2023-02-27 06:24:12'),(4,'Print order invoice','print_order_invoice',2,'20220330050130825','20220330050130825.png',1,0,'2023-02-27 06:24:12'),(5,'Download order invoice','download_order_invoice',2,'202203300501302123','202203300501302123.png',1,1,'2023-02-27 06:24:12'),(6,'Open work order slip','open_work_order_slip',2,'202203300501305424','202203300501305424.png',1,1,'2023-02-27 06:24:12'),(7,'Print work order slip','print_work_order_slip',2,'202203300501305513','202203300501305513.png',1,1,'2023-02-27 06:24:12'),(8,'Download work order slip','download_work_order_slip',2,'202203300501305653','202203300501305653.png',1,1,'2023-02-27 06:24:12'),(9,'Download packing slip','download_packing_slip',2,'202203300501301308','202203300501301308.png',1,1,'2023-02-27 06:24:12'),(10,'Create production job from order','create_production_job_from_order',2,'202203300501303696','202203300501303696.png',1,1,'2023-02-27 06:24:12'),(11,'View production job','view_production_job',2,'202203300501304802','202203300501304802.png',1,1,'2023-02-27 06:24:12'),(12,'View job details','view_job_details',4,'202203300501301584','202203300501301584.png',1,0,'2023-02-27 06:24:12'),(13,'Print job details','print_job_details',4,'20220330050130615','20220330050130615.png',1,1,'2023-02-27 06:24:12'),(14,'Download job details','download_job_details',4,'202203300501302745','202203300501302745.png',1,1,'2023-02-27 06:24:12'),(15,'Mark job status start printing as Done','start_printing',4,'20220330050130191','20220330050130191.png',1,1,'2023-02-27 06:24:12'),(16,'Mark job status start shipping as Done','shipping',4,'202203300501308508','202203300501308508.png',1,1,'2023-02-27 06:24:12');

--
-- Table structure for table `browser_images`
--

CREATE TABLE `browser_images` (
  `xe_id` bigint NOT NULL AUTO_INCREMENT,
  `user_id` bigint DEFAULT NULL,
  `browser_id` varchar(50) COLLATE utf8mb3_unicode_ci DEFAULT NULL,
  `file_name` varchar(50) COLLATE utf8mb3_unicode_ci DEFAULT NULL,
  `cloud_storage` tinyint(1) NOT NULL DEFAULT '0',
  PRIMARY KEY (`xe_id`)
) ENGINE=InnoDB AUTO_INCREMENT=566 DEFAULT CHARSET=utf8mb3 COLLATE=utf8mb3_unicode_ci;

--
-- Dumping data for table `browser_images`
--

INSERT INTO `browser_images` VALUES (1,NULL,'162462774003724324','202106250656107316.png',0),(2,NULL,'1624647689161142246','202106261231294473.png',0),(3,NULL,'162466003641818461','202106260357166649.png',0),(4,NULL,'162466003641818461','20210626040131869.png',0),(5,NULL,'162472022730820233','202106260840279651.png',0),(6,NULL,'162472022730820233','202106260840574376.png',0),(7,NULL,'162472022730820233','202106260841224309.png',0),(8,NULL,'162472042499343126','202106260843452303.png',0),(9,NULL,'1624784131986210236','202106270225328221.png',0),(10,NULL,'1624784131986210236','202106270227326979.png',0),(11,NULL,'16249826395239730','202106290933596241.png',0),(13,NULL,'1625034780963176138','202106301203293689.png',0),(14,NULL,'1625034780963176138','20210630121017406.jpeg',0),(15,NULL,'1625034780963176138','202106301210357784.jpeg',0),(16,NULL,'1625034780963176138','202106301210422360.png',0),(17,NULL,'0','202106301219099040.png',0),(18,NULL,'1625529140256149114','20210706052219485.png',0),(19,NULL,'1625529140256149114','202107060524254806.png',0),(20,NULL,'1625529140256149114','202107060524415981.png',0),(21,NULL,'1625529140256149114','202107060525348960.png',0),(22,NULL,'1625529140256149114','202107060525481484.png',0),(23,NULL,'1625529140256149114','202107060526215024.png',0),(24,NULL,'1625529140256149114','202107060535047521.jpg',0),(25,NULL,'1625529140256149114','202107060545243066.jpg',0),(26,NULL,'1625640817390146103','20210707122337702.png',0),(27,NULL,'1625640817390146103','202107071224162472.png',0),(28,NULL,'16256445744148892','202107070126147492.jpg',0),(29,NULL,'162625898917315172','202107140406291939.png',0),(30,NULL,'162625898917315172','202107160741381008.png',0),(31,NULL,'162625898917315172','202107160744289443.png',0),(32,NULL,'0','202107160822282177.png',0),(33,NULL,'162625898917315172','202107170921571595.png',0),(34,NULL,'162625898917315172','202107170922467174.png',0),(35,NULL,'162625898917315172','202107170923068370.png',0),(36,NULL,'1626614261018255161','202107180647412885.png',0),(37,NULL,'1626614261018255161','202107180813408947.png',0),(38,NULL,'1626614261018255161','202107180814157493.png',0),(39,NULL,'0','202107190703409506.png',0),(40,NULL,'162703345201952165','202107230314126722.jpeg',0),(41,NULL,'162703345201952165','202107230314448910.jpeg',0),(42,NULL,'162703345201952165','202107230314555418.png',0),(43,NULL,'162703345201952165','20210723031514657.jpeg',0),(44,NULL,'162703345201952165','20210723031527594.png',0),(45,NULL,'162703345201952165','202107230315353419.jpeg',0),(46,NULL,'162703345201952165','202107230315515908.jpeg',0),(47,NULL,'162704808115969183','202107230718025938.png',0),(48,NULL,'162722800117917022','202107250916413140.png',0),(49,NULL,'162722800117917022','202107250917181974.png',0),(50,NULL,'162704808115969183','202107261142355494.png',0),(51,NULL,'1627809919137216232','202108010255196740.png',0),(52,NULL,'0','202108021205583408.png',0),(53,NULL,'162788618798614394','202108021206295611.png',0),(54,NULL,'16278865331394587','20210802121217524.jpg',0),(55,NULL,'1627967456151130169','202108031040589363.png',0),(56,NULL,'1627967456151130169','202108031041388142.png',0),(57,NULL,'16302397643075693','202108290552446067.png',0),(58,NULL,'16302397643075693','202108290555164714.png',0),(59,NULL,'16302397643075693','202108290601354357.png',0),(60,NULL,'16302397643075693','202108301146039341.png',0),(61,NULL,'1630305012179149129','202108301200127988.jpg',0),(62,NULL,'16302397643075693','202108310637055967.png',0),(63,NULL,'1630447647670243134','202109010337278409.png',0),(64,NULL,'1630447647670243134','202109010337465554.png',0),(65,NULL,'16304762753352111','202109011134364124.jpg',0),(66,NULL,'16304828434067164','202109010124033377.png',0),(67,NULL,'16304828434067164','20210901012445434.png',0),(68,NULL,'16304828434067164','20210901012532367.png',0),(69,NULL,'1630305012179149129','202109010134051950.png',0),(70,NULL,'1630571452959144133','20210902020054544.jpeg',0),(71,NULL,'1630571452959144133','202109020201261264.png',0),(72,NULL,'1630736967208221113','202109041159262133.png',0),(73,NULL,'16307759089018382','20210904104829787.jpg',0),(74,NULL,'16307759089018382','20210904104844421.png',0),(75,NULL,'16307759089018382','202109041050562762.png',0),(76,NULL,'163081597738813520','20210905095617371.png',0),(77,NULL,'163081597738813520','202109050959588452.png',0),(78,NULL,'163081597738813520','202109051004128285.png',0),(79,NULL,'163081597738813520','202109051004189833.png',0),(80,NULL,'16307759089018382','202109050753207527.png',0),(81,NULL,'16307759089018382','20210905075356886.jpg',0),(82,NULL,'0','202109200127382403.png',0),(83,NULL,'163322463693822872','202110030700372685.png',0),(84,NULL,'163332224677314198','202110041007288834.jpg',0),(85,NULL,'0','202110100812072855.jpg',0),(86,NULL,'0','202110100812412613.jpg',0),(87,NULL,'0','202111150244369941.jpg',0),(88,NULL,'0','202111150247383742.png',0),(89,NULL,'163750607456225173','202111210817547630.png',0),(90,NULL,'163750607456225173','202111210818362290.png',0),(91,NULL,'0','202111240442219397.png',0),(92,NULL,'16379149463815221','202111260152264736.png',0),(93,NULL,'16379149463815221','202111260200319090.png',0),(94,NULL,'16379149463815221','202111260201243996.png',0),(95,NULL,'1638151642177238195','202111290737219624.png',0),(96,NULL,'1638151642177238195','202111290739343880.png',0),(97,NULL,'1638151642177238195','202111290740338397.png',0),(98,NULL,'1638151642177238195','202111290741464973.png',0),(99,NULL,'1638154342649247236','202111290822215122.png',0),(100,NULL,'1638154342649247236','202111290823341903.png',0),(101,NULL,'163816567877214870','202111291131218669.png',0),(102,NULL,'16383399859261684','202112011156266783.png',0),(103,NULL,'164104773384282221','202201010805343272.png',0),(104,NULL,'16410507600584686','202201010856008974.png',0),(105,NULL,'1643082186649132197','202201250913079471.png',0),(106,NULL,'1643082186649132197','202201250913207141.png',0),(107,NULL,'1643082186649132197','202201250913597411.png',0),(108,NULL,'16445617692127127','202202111212494718.PNG',0),(109,NULL,'1646638676245241215','202203070107565132.png',0),(110,NULL,'16466389236849226','202203070112047253.png',0),(111,NULL,'16466389236849226','202203070112335931.png',0),(118,NULL,'165197243222010077','202205080643533198.jpg',0),(119,NULL,'165197293988921130','202205080652203982.png',0),(120,NULL,'165197293988921130','202205080652353609.png',0),(121,NULL,'165197293988921130','202205080709353410.png',0),(122,NULL,'165197293988921130','20220508070946224.png',0),(123,NULL,'165197293988921130','202205100237541173.png',0),(124,NULL,'165197293988921130','202205100238226524.png',0),(125,NULL,'165197293988921130','202205100238345276.png',0),(126,NULL,'165197243222010077','202205100243389958.png',0),(127,NULL,'165197243222010077','202205100243484169.jpg',0),(128,NULL,'165197293988921130','202205100246226949.png',0),(129,NULL,'165197293988921130','202205100303012252.png',0),(130,NULL,'1654832394425224203','202206100909545857.png',0),(131,NULL,'165483500365914759','202206100953238543.png',0),(133,NULL,'165492902554020468','20220611122841210.png',0),(134,NULL,'165492902554020468','202206111233555506.png',0),(135,NULL,'165492902554020468','202206111234435955.png',0),(136,NULL,'165197243222010077','202206150505309136.png',0),(137,NULL,'16563031993223656','202206270943195560.png',0),(138,NULL,'16563031993223656','202206270949278318.png',0),(139,NULL,'165197243222010077','202206271256214592.png',0),(140,NULL,'16563031993223656','202206270135022787.png',0),(141,NULL,'16563031993223656','202206270136007711.png',0),(142,NULL,'165635948788414226','202206280121287332.jpg',0),(143,NULL,'165635948788414226','202206280121332327.png',0),(144,NULL,'165635948788414226','20220628012152391.png',0),(145,NULL,'165197243222010077','202206280201154289.png',0),(146,NULL,'165646671082613625','202206290708318821.png',0),(147,NULL,'165646671082613625','202206290709399194.png',0),(148,NULL,'0','202207020945437772.jpg',0),(149,NULL,'165197243222010077','202207030544352905.jpeg',0),(150,NULL,'1656891941908175147','202207040515429372.png',0),(151,NULL,'1656891941908175147','202207040516325300.png',0),(152,NULL,'1656891941908175147','202207040516562060.png',0),(153,NULL,'165197243222010077','202207040530505469.jpeg',0),(154,NULL,'1656891941908175147','202207040823517822.png',0),(155,NULL,'1656891941908175147','202207060422068829.png',0),(156,NULL,'1656891941908175147','202207060424272195.png',0),(157,NULL,'1656891941908175147','202207070103251844.png',0),(158,NULL,'1656891941908175147','202207070104591063.png',0),(159,NULL,'1656891941908175147','202207070113098893.png',0),(160,NULL,'1656891941908175147','202207070137098784.png',0),(161,NULL,'1656891941908175147','202207070138546754.png',0),(162,NULL,'1656891941908175147','202207070700246114.png',0),(163,NULL,'1656891941908175147','202207070701338774.png',0),(164,NULL,'165197243222010077','202207070725487314.jpg',0),(165,NULL,'165733454113210542','202207090812214797.jpeg',0),(166,NULL,'165733454113210542','202207100238447538.png',0),(167,NULL,'165733454113210542','20220710091904354.png',0),(168,NULL,'165197243222010077','202207100938251242.jpeg',0),(169,NULL,'165733454113210542','20220710031100310.png',0),(170,NULL,'165733454113210542','202207100311492848.png',0),(171,NULL,'165733454113210542','202207110447091400.png',0),(172,NULL,'0','202207120228145971.jpg',0),(173,NULL,'165733454113210542','202207131000068590.png',0),(174,NULL,'165777513597517147','20220714103536620.png',0),(175,NULL,'165778335217887145','202207141252328646.png',0),(176,NULL,'165777513597517147','202207150319258294.png',0),(177,NULL,'165828674098596240','202207200842216126.png',0),(178,NULL,'165828674098596240','202207210329155942.png',0),(179,NULL,'1658903336753243128','202207271158564698.png',0),(180,NULL,'166039409088866165','20220813060451759.png',0),(181,NULL,'166107869080642134','202208210414501951.png',0),(182,NULL,'166107869080642134','202208210416206206.png',0),(183,NULL,'166107869080642134','202208210442367475.png',0),(184,NULL,'166110897517450178','202208221239359713.jpg',0),(185,NULL,'166110897517450178','202208221240146992.png',0),(186,NULL,'166110897517450178','202208221241172705.png',0),(187,NULL,'166107869080642134','20220822084340851.png',0),(188,NULL,'166107869080642134','20220822084423435.png',0),(189,NULL,'166107869080642134','202208220615129243.png',0),(190,NULL,'166107869080642134','202208260945527579.png',0),(191,NULL,'166160595783521811','202208270642388213.png',0),(192,NULL,'166160595783521811','202209011019148250.png',0),(193,NULL,'166160595783521811','202209040947555289.png',0),(194,NULL,'0','202209050330166654.jpg',0),(196,NULL,'16625040529031750','202209070413224721.jpeg',0),(197,NULL,'1662505772217154200','20220907043932408.jpeg',0),(198,NULL,'1662505772217154200','202209070440376228.png',0),(199,NULL,'1662505772217154200','202209070440534234.jpeg',0),(200,NULL,'166160595783521811','202209280807142196.png',0),(202,NULL,'0','202210101216426044.png',0),(203,NULL,'1665341245481137153','202210101217266864.png',0),(204,NULL,'1665341245481137153','202210101219153305.png',0),(205,NULL,'1665341245481137153','202210101228389140.png',0),(206,NULL,'0','202210100434146895.png',0),(207,NULL,'0','20221010044024261.png',0),(208,NULL,'0','202210130336198800.jpg',0),(209,NULL,'166160595783521811','202210190337506304.png',0),(210,NULL,'0','202210190418589756.jpg',0),(211,NULL,'0','202210190423579409.jpg',0),(212,NULL,'0','202210210241019978.jpg',0),(213,NULL,'0','202210210250037883.jpg',0),(214,NULL,'0','202210210251123509.jpg',0),(215,NULL,'0','202210210252075629.jpg',0),(216,NULL,'0','202210210253122402.jpg',0),(217,NULL,'0','202210210254544029.jpg',0),(218,NULL,'0','202210210259023584.jpg',0),(219,NULL,'0','202210210300456525.jpg',0),(220,NULL,'0','202210210303472191.jpg',0),(221,NULL,'0','202210210305519506.jpg',0),(222,NULL,'0','202210210309177669.jpg',0),(223,NULL,'0','202210210313179569.jpg',0),(224,NULL,'0','20221021031447299.jpg',0),(225,NULL,'0','202210210315085577.jpg',0),(226,NULL,'0','202210210324483444.jpg',0),(227,NULL,'0','202210210326227221.jpg',0),(228,NULL,'0','202210210328507871.jpg',0),(229,NULL,'0','202210210329277160.jpg',0),(230,NULL,'0','202210210330491899.jpg',0),(231,NULL,'0','202210210349252601.jpg',0),(232,NULL,'0','202210210353089929.jpg',0),(233,NULL,'0','202210210418429520.jpg',0),(234,NULL,'0','202210210423086579.jpg',0),(235,NULL,'0','202210210741002943.jpg',0),(236,NULL,'0','202210210747079999.jpg',0),(237,NULL,'0','202210210752193782.jpg',0),(238,NULL,'0','202210210755123221.jpg',0),(239,NULL,'0','202210210757503756.jpg',0),(240,NULL,'0','202210210758334546.jpg',0),(241,NULL,'0','202210210759573436.jpg',0),(242,NULL,'0','202210210806284475.jpg',0),(243,NULL,'0','202210210821344627.jpg',0),(244,NULL,'0','202210210856575504.jpg',0),(245,NULL,'0','202210210907315077.jpg',0),(246,NULL,'0','202210210908352580.jpg',0),(247,NULL,'0','202210210919211984.jpg',0),(248,NULL,'0','202210210919382619.jpg',0),(249,NULL,'0','202210210923347760.jpg',0),(250,NULL,'0','202210210942173496.jpg',0),(251,NULL,'0','202210211054008978.jpg',0),(252,NULL,'0','202210211054458822.jpg',0),(253,NULL,'0','202210211100113821.jpg',0),(254,NULL,'0','20221021110339217.jpg',0),(255,NULL,'0','202210211107493670.jpg',0),(256,NULL,'0','202210211119293324.jpg',0),(257,NULL,'0','202211030852273359.jpeg',0),(258,NULL,'0','202211161011544776.png',0),(259,NULL,'0','202211160611375308.jpg',0),(260,NULL,'1665341245481137153','202211230154105322.png',0),(261,NULL,'1665341245481137153','202211230154219233.png',0),(262,NULL,'0','202212140814233362.jpeg',0),(263,NULL,'0','202212261027034221.jpeg',0),(264,NULL,'0','202212270650096191.jpg',0),(265,NULL,'0','202212270651115901.jpg',0),(266,NULL,'0','202212270651534630.jpg',0),(267,NULL,'0','202212270652428144.jpg',0),(268,NULL,'0','202212280142204135.jpg',0),(269,NULL,'0','202301110831011339.png',0),(270,NULL,'167344931899612992','202301110831594928.png',0),(271,NULL,'1673520638976164173','20230112042039961.png',0),(272,NULL,'0','202301190746583190.jpg',0),(273,NULL,'1674094647824149220','202301190747271017.jpg',0),(274,NULL,'0','202301240603533589.jpg',0),(275,NULL,'1674732737864193146','202301260502188643.png',0),(276,NULL,'16763188240375199','202302140137042348.jpeg',0),(277,NULL,'16763188240375199','202302140138051160.png',0),(278,NULL,'167678074972714190','202302190955076992.png',0),(279,NULL,'0','202302240423409043.png',0),(280,NULL,'16771930518927177','202302240427342176.jpeg',0),(281,NULL,'1677193314336108242','202302240431544884.jpg',0),(282,NULL,'1677193314336108242','20230224043530650.jpg',0),(283,0,'167756773484714464','202302281231232941.png',0),(284,0,'0','202303090146505252.jpg',0),(288,1,'167756773484714464','',0),(289,0,'167756773484714464','202303140102507887.png',0),(290,0,'16788523662526768','202303150922463920.png',0),(291,0,'16788523662526768','202303150302595127.png',0),(292,0,'1679044603499177178','202303170246447792.png',0),(293,0,'1679044603499177178','202303170248321514.png',0),(294,0,'1679402633842860','202303210613545974.png',0),(295,0,'1679402633842860','202303210614308976.png',0),(296,0,'0','202303290740184714.png',0),(297,0,'0','202303290743464926.png',0),(298,0,'0','20230329074532478.png',0),(299,0,'0','202303290747079707.png',0),(301,0,'1679044603499177178','202304030845278506.png',0),(303,0,'1679044603499177178','202304030846533197.png',0),(304,0,'1679044603499177178','20230403084859525.png',0),(305,0,'1679044603499177178','202304030849116012.jpeg',0),(306,0,'1679044603499177178','202304030849167804.png',0),(307,0,'1679044603499177178','202304030908491686.png',0),(308,0,'0','202305161044455598.png',0),(309,0,'0','202305161048521521.svg',0),(310,0,'0','202305161049324839.png',0),(311,0,'0','20230516104943613.png',0),(312,0,'0','202305241255047330.jpeg',0),(313,0,'0','202306011048018155.jpeg',0),(314,0,'0','202306051123287131.jpeg',0),(315,0,'0','202306051138154252.jpeg',0),(316,0,'168598852310513213','202306051138431831.jpeg',0),(317,0,'168598852310513213','202306051140499354.jpeg',0),(318,0,'168598852310513213','202306051141266154.jpeg',0),(319,0,'16860462308917645','202306060340312637.png',0),(320,0,'16861939435278655','202306080842246759.jpeg',0),(321,0,'16870025813377225','202306170519411682.png',0),(322,0,'168701657774060181','202306170912574376.png',0),(323,0,'1687813074588131172','202306270227541032.png',0),(324,0,'0','202307090321011487.jpeg',0),(325,0,'168914079745022268','202307121116378608.png',0),(326,0,'0','202307130624088756.png',0),(327,0,'0','202307130631323322.png',0),(328,0,'0','202307130632074895.png',0),(329,0,'0','202307130632328336.png',0),(330,0,'0','20230713063300756.png',0),(331,0,'168934594598424387','202307140815431182.jpg',0),(332,0,'168934594598424387','202307140816306332.jpg',0),(333,0,'168934594598424387','202307140817004107.jpg',0),(334,0,'168934594598424387','202307140817401041.jpg',0),(335,0,'168934594598424387','20230714081821894.jpg',0),(336,0,'168934594598424387','202307140819445875.jpg',0),(337,0,'168934594598424387','20230714082148315.jpg',0),(338,0,'1687813074588131172','202307170945024357.png',0),(339,1,'168914079745022268','202307311100419271.jpg',0),(340,0,'0','202308051150347947.png',0),(341,0,'169135324203221470','202308070150411330.png',0),(342,0,'169202803421452206','202308140917138339.jpg',0),(343,0,'1692906333888122184','202308250115342477.jpeg',0),(344,0,'16933578049339954','20230830064005902.jpeg',0),(345,1,'0','202308301046047938.jpg',0),(346,0,'169337755272021448','202308301209129811.jpeg',0),(347,0,'169348546606417134','202308310607462439.png',0),(348,0,'16934857777197793','202308310612578707.png',0),(349,0,'169350703034220786','202309011207102498.jpeg',0),(350,0,'169350703034220786','202309020435313651.png',0),(351,0,'16938129849107260','202309040106259783.png',0),(352,0,'16938129849107260','202309051146453605.png',0),(353,0,'16938129849107260','20230905114703891.png',0),(354,0,'16938129849107260','202309051148541556.png',0),(355,0,'16938129849107260','20230905114905528.png',0),(356,0,'16938129849107260','20230905113611790.png',0),(357,0,'169507823375221061','202309190433543662.jpeg',0),(358,1,'0','202309200336495881.svg',0),(359,1,'0','202309200337594961.svg',0),(360,1,'0','202309200338025732.svg',0),(361,1,'0','202309200338238069.svg',0),(362,1,'0','202309200341158676.svg',0),(363,1,'0','202309200342216441.svg',0),(364,1,'0','202309200347028772.svg',0),(366,1,'0','202309200352592157.svg',0),(367,0,'169516210181411794','202309200355042485.jpg',0),(368,1,'0','202309200357581918.svg',0),(369,1,'0','202309200358088746.svg',0),(370,0,'169516210181411794','20230920053043132.svg',0),(371,1,'169516210181411794','202309200540372651.svg',0),(372,0,'169517563215724228','202309200737116250.png',0),(373,0,'169517563215724228','202309200737437237.png',0),(374,0,'169517563215724228','202309200919498826.png',0),(375,0,'169525921816977230','202309210650195591.jpeg',0),(376,0,'169525921816977230','202309210651302652.jpeg',0),(377,0,'16953404669193154','202309220524278293.png',0),(378,0,'16953404669193154','202309240937453758.png',0),(379,0,'16955288052794183','20230924094325324.png',0),(380,1,'0','202309251119464782.png',0),(381,1,'0','202309261212299966.png',0),(382,0,'1695717597573587','202309260209589256.png',0),(383,0,'1695727136881195120','202309260449046619.png',0),(384,0,'1695727136881195120','202309260449501055.png',0),(385,0,'1695727136881195120','202309260450113289.png',0),(386,0,'1695727136881195120','202309260451515676.png',0),(387,0,'1695727136881195120','202309260452129493.png',0),(388,0,'1695727136881195120','202309260501262372.png',0),(389,6663501807813,'169516210181411794','202310040725476227.jpg',0),(390,6663501807813,'169516210181411794','202310040748452528.svg',0),(391,6663501807813,'169516210181411794','202310040912141788.svg',0),(392,0,'169645461551254225','202310050253355256.png',0),(393,0,'169645461551254225','202310050253474543.png',0),(394,0,'169646471857144121','202310050541583723.jpeg',0),(395,0,'169646536118669201','202310050552424214.jpeg',0),(396,0,'169646536118669201','202310050552577452.jpg',0),(397,0,'169646536118669201','202310050553073539.jpg',0),(398,6663501807813,'169516210181411794','202310050835049327.svg',0),(399,1,'0','202310071111539639.png',0),(400,1,'0','202310071112231767.png',0),(401,1,'0','202310071112514695.png',0),(402,0,'1696663987883196124','202310070103063281.png',0),(403,0,'169680776524417106','202310090402052768.jpg',0),(404,0,'1696934116136197206','202310100405163449.png',0),(405,0,'1696934116136197206','202310100405431493.png',0),(406,0,'1696934116136197206','202310100407532234.png',0),(407,0,'1696934116136197206','202310100408286691.png',0),(408,0,'1696934116136197206','202310100409142428.png',0),(409,0,'1696934116136197206','202310100412244830.png',0),(410,0,'1696934116136197206','202310100419017048.png',0),(412,0,'1696964467911157123','202310111238225876.png',0),(413,0,'169698273483329141','202310110535354734.png',0),(414,0,'169698273483329141','20231011081431377.png',0),(415,0,'169698273483329141','202310110822043852.png',0),(416,0,'169712083012923850','20231012075804498.png',0),(417,0,'1697124194542158240','202310120853152073.png',0),(418,0,'169727491405967105','202310140245148584.jpeg',0),(419,0,'169750653279118841','202310170705341127.png',0),(420,0,'1697710092062135220','20231019033819954.png',0),(421,0,'1697710092062135220','202310190338254228.png',0),(422,1,'1697710092062135220','202310190415189106.png',0),(423,0,'1697710092062135220','202310190415457754.png',0),(424,1,'169796253579312586','202310220145387595.png',0),(425,0,'169516210181411794','202310230443092925.jpg',0),(426,1,'169815123390234246','202310240610372467.png',0),(427,1,'169815123390234246','202310240612332369.png',0),(428,1,'169815123390234246','202310240612456700.png',0),(429,1,'169815123390234246','202310240616542958.jpeg',0),(430,1,'169815123390234246','202310240617029213.png',0),(431,1,'169815123390234246','202310240619437260.png',0),(432,1,'169815123390234246','202310240620128293.png',0),(433,1,'1698204872779126227','202310250904337589.png',0),(434,1,'1698204872779126227','202310250905323622.png',0),(435,1,'1698457267205131157','202310280711071902.jpeg',0),(436,1,'1698457267205131157','202310280711411397.jpeg',0),(437,0,'169879689292663176','20231101053133335.jpeg',0),(438,1,'169879689292663176','202311010802506731.jpeg',0),(439,0,'1698921156283132243','202311020402363250.png',0),(440,0,'169879689292663176','202311050440554072.png',0),(441,1,'169879689292663176','202311050442073391.png',0),(442,1,'169516210181411794','20231128095559396.png',0),(443,1,'169516210181411794','202311280956125890.svg',0),(444,1,'17018303514895344','20231206080911277.jpeg',0),(445,0,'1698921156283132243','202312110454191081.png',0),(446,1,'169516210181411794','202312190912146586.png',0),(447,1,'169516210181411794','202312190914158634.svg',0),(448,1,'169516210181411794','202312190920328058.svg',0),(449,6663501807813,'169516210181411794','20231219092811338.svg',0),(450,1,'0','20231220120718908.jpg',0),(451,1,'0','202312201208585827.jpg',0),(452,1,'0','202312201211166691.svg',0),(453,1,'0','202312201217155104.svg',0),(454,1,'170346464401492142','20231225060724458.png',0),(455,0,'170418506922116861','202401020214297857.jpg',0),(456,1,'17042507030764620','202401030828243300.jpeg',0),(457,1,'17042507030764620','202401030913076136.jpeg',0),(458,1,'170431848905722777','202401040318098510.jpeg',0),(459,1,'17042507030764620','202401101035424997.jpeg',0),(460,1,'1705420207264174179','20240116092007493.png',0),(461,1,'1705420207264174179','202401160920522743.png',0),(462,1,'1705420207264174179','202401160921253776.png',0),(463,1,'1705807013025167234','202401210846524778.png',0),(464,1,'1705807013025167234','202401210847345823.png',0),(465,1,'1705807013025167234','202401210849008123.png',0),(466,0,'1706154867898113108','202401250924289239.png',0),(467,0,'1706154867898113108','202401250946496511.png',0),(468,1,'1706320259453138188','202401270721005400.jpeg',0),(469,1,'1706320259453138188','202401270721549501.jpeg',0),(470,1,'0','202401270957301625.png',0),(471,1,'1706565835272221222','202401300333586690.jpg',0),(472,1,'1706650084149233179','202401310258045447.jpeg',0),(473,1,'1706650084149233179','202401310302379375.jpeg',0),(474,1,'17067296283542342','202402010103506448.jpeg',0),(475,1,'170673289420516261','202402010158161732.png',0),(476,1,'170675578429312730','202402010819443359.jpeg',0),(477,1,'170675578429312730','20240201081956282.jpeg',0),(478,1,'170675578429312730','202402010820164722.jpeg',0),(479,1,'170675578429312730','202402010820252811.jpeg',0),(480,1,'17070021594782106','202402040445598583.jpeg',0),(481,1,'1707025841939174152','202402041120427060.jpg',0),(482,1,'170717628494719051','202402060508051273.png',0),(483,0,'1707193593650481','202402060956358976.jpg',0),(484,0,'170742842434015492','202402090310247620.png',0),(485,6663501807813,'169516210181411794','202402220905471474.svg',0),(486,6663501807813,'169516210181411794','202402220908214940.svg',0),(487,1,'170944861653615152','202403031220169260.jpeg',0),(488,1,'170944861653615152','202403031222525605.jpeg',0),(489,0,'171010134777368175','202403110139088783.png',0),(490,0,'171010134777368175','202403110144399407.png',0),(491,0,'171010134777368175','202403110146333628.jpg',0),(492,1,'17102084415974109','202403120724022498.png',0),(493,1,'17102084415974109','202403120728579677.jpeg',0),(495,0,'171027935991567218','202403130306394769.png',0),(496,1,'171036113011619475','202403140148504703.jpeg',0),(497,1,'171036113011619475','202403140152059333.jpeg',0),(498,1,'171036113011619475','202403140154051047.jpeg',0),(499,1,'171036113011619475','20240314015424944.jpeg',0),(500,1,'171048800478259119','',0),(501,1,'1710669383092192130','202403170326246822.jpg',0),(502,1,'1710669383092192130','20240317034104868.jpg',0),(503,1,'171067944028665153','20240317061410572.jpg',0),(504,1,'171067944028665153','202403170620217934.jpg',0),(506,0,'1711035864690136117','202403210914245165.jpg',0),(507,1,'171131538934989244','202403250253107635.jpeg',0),(508,1,'171133295335351123','202403250745533289.jpg',0),(509,1,'171138089327676134','202403250904532343.jpeg',0),(510,1,'171138089327676134','202403250912126709.jpeg',0),(511,1,'171138089327676134','20240325091600517.jpeg',0),(512,1,'171138089327676134','202403250916242249.jpeg',0),(513,1,'171139952123914271','202403260215216102.png',0),(514,1,'171139952123914271','202403260218336093.png',0),(515,0,'1711401847411152150','202403260254076443.svg',0),(516,1,'171138089327676134','202403260322057440.jpeg',0),(517,1,'17114123888621536','202403260549536812.jpeg',0),(518,1,'17114123888621536','202403260552229686.png',0),(519,1,'17114123888621536','202403260552396529.png',0),(520,1,'17114123888621536','202403260555232598.png',0),(521,1,'17114140335007575','202403260617137058.jpeg',0),(522,1,'1711478800290124229','202403271216407636.jpeg',0),(523,1,'1711478800290124229','202403271222158603.png',0),(524,1,'1711478800290124229','202403271223016897.png',0),(525,1,'1711478800290124229','202403271224021982.png',0),(526,1,'1711478800290124229','202403271225316458.png',0),(527,1,'1711487313137243234','202403270238344493.jpeg',0),(528,1,'1711487313137243234','202403270242005084.jpeg',0),(529,0,'171158279735018684','202403280509577709.jpeg',0),(530,1,'171202448064522212','202404020751213677.jpeg',0),(531,1,'1712031123921119131','202404020942041866.jpeg',0),(532,1,'1712031123921119131','202404020949255150.jpeg',0),(533,1,'171205398043622552','202404020403059793.png',0),(534,0,'1712055535949121160','202404020428564517.png',0),(535,1,'171208726950617385','202404030117517153.jpeg',0),(536,1,'17121271249973202','202404031222061761.jpeg',0),(537,1,'0','202404031032112651.png',0),(538,1,'1712179761206154133','202404040259217902.png',0),(539,1,'1712179761206154133','202404040300051751.png',0),(540,1,'1712179761206154133','202404040300248249.png',0),(541,1,'1712179761206154133','202404040306371413.png',0),(542,1,'1712179761206154133','202404040310555736.png',0),(543,1,'1712031123921119131','202404040423521724.jpeg',0),(544,1,'1712031123921119131','202404040536453105.jpeg',0),(545,1,'17042507030764620','202404070732179205.jpeg',0),(546,1,'17136329272288272','202404201038471697.jpeg',0),(547,1,'17136329272288272','202404201039461514.jpeg',0),(548,1,'1715064580892149188','202405071219464698.png',0),(549,1,'1715151284106134134','202405081224454489.png',0),(550,1,'0','202405091207033671.jpg',0),(551,1,'17042507030764620','202405140222327993.png',0),(553,1,'171563378644419288','202405140239512900.png',0),(554,1,'17042507030764620','202405140242033587.jpeg',0),(555,1,'172274063385616975','202408040833556277.jpg',0),(556,1,'172274063385616975','202408040843548879.jpg',0),(557,1,'172274063385616975','202408040913074664.jpg',0),(558,1,'172291588327123417','202408060914444517.png',0),(559,1,'172316698018660253','202408090659401612.PNG',0),(560,1,'172316698018660253','202408090703028235.PNG',0),(561,1,'172316698018660253','202408090708005656.PNG',0),(562,1,'1723527650630174138','202408131121029083.jpg',0),(563,1,'1723527650630174138','20240813112443168.png',0),(564,1,'1723527975425216195','202408131126277752.png',0),(565,1,'1723607844817025','202408140927258246.jpg',0);

--
-- Table structure for table `capture_images`
--

CREATE TABLE `capture_images` (
  `xe_id` int NOT NULL AUTO_INCREMENT,
  `ref_id` int NOT NULL,
  `side_index` int NOT NULL,
  `file_name` varchar(50) COLLATE utf8mb3_unicode_ci NOT NULL,
  PRIMARY KEY (`xe_id`)
) ENGINE=InnoDB DEFAULT CHARSET=utf8mb3 COLLATE=utf8mb3_unicode_ci;

--
-- Dumping data for table `capture_images`
--


--
-- Table structure for table `catalog_order_rel`
--

CREATE TABLE `catalog_order_rel` (
  `catalog_code` int NOT NULL,
  `order_id` varchar(50) DEFAULT NULL,
  `catalog_order_id` varchar(50) DEFAULT NULL,
  `created_date` datetime NOT NULL,
  `report` varchar(200) DEFAULT NULL,
  `shipping` text,
  `status` tinyint(1) NOT NULL
) ENGINE=InnoDB DEFAULT CHARSET=utf8mb3;

--
-- Dumping data for table `catalog_order_rel`
--


--
-- Table structure for table `catalog_product_rel`
--

CREATE TABLE `catalog_product_rel` (
  `product_id` varchar(50) COLLATE utf8mb3_unicode_ci NOT NULL,
  `catalog_product_id` varchar(250) COLLATE utf8mb3_unicode_ci NOT NULL,
  `last_updated` datetime DEFAULT NULL COMMENT 'Last updated time',
  `catalog_code` int NOT NULL,
  `margin_type` varchar(20) COLLATE utf8mb3_unicode_ci DEFAULT NULL COMMENT 'percentage/flat',
  `margin_value` decimal(10,2) DEFAULT '0.00'
) ENGINE=InnoDB DEFAULT CHARSET=utf8mb3 COLLATE=utf8mb3_unicode_ci;

--
-- Dumping data for table `catalog_product_rel`
--


--
-- Table structure for table `categories`
--

CREATE TABLE `categories` (
  `xe_id` bigint NOT NULL AUTO_INCREMENT,
  `asset_type_id` int NOT NULL,
  `parent_id` bigint DEFAULT NULL,
  `name` varchar(60) COLLATE utf8mb3_unicode_ci DEFAULT NULL,
  `sort_order` bigint DEFAULT '0',
  `is_disable` tinyint(1) NOT NULL DEFAULT '0',
  `is_default` tinyint(1) NOT NULL DEFAULT '0',
  `store_id` int DEFAULT NULL,
  `created_at` datetime NOT NULL DEFAULT CURRENT_TIMESTAMP,
  `updated_at` datetime NOT NULL DEFAULT CURRENT_TIMESTAMP,
  `is_defined` tinyint(1) DEFAULT '1' COMMENT '0-delete, 1- not delete',
  `file_name` varchar(60) COLLATE utf8mb3_unicode_ci DEFAULT NULL,
  `cloud_storage` tinyint(1) NOT NULL DEFAULT '0',
  `asset_available_flag` tinyint(1) NOT NULL DEFAULT '1',
  `import_id` int NOT NULL DEFAULT '0',
  PRIMARY KEY (`xe_id`),
  KEY `categories_index_001` (`name`,`asset_type_id`,`parent_id`,`store_id`)
) ENGINE=InnoDB AUTO_INCREMENT=159 DEFAULT CHARSET=utf8mb3 COLLATE=utf8mb3_unicode_ci;

--
-- Dumping data for table `categories`
--

INSERT INTO `categories` VALUES (1,3,0,'CMYK',1,0,0,1,'2020-03-06 12:26:34','2021-03-03 04:34:04',1,NULL,0,1,0),(2,3,0,'RGB',5,0,0,1,'2020-03-06 12:26:34','2021-03-03 04:34:04',1,NULL,0,1,0),(3,3,0,'Pantone',9,0,0,1,'2020-03-06 12:26:34','2021-03-03 04:34:04',1,NULL,0,1,0),(4,3,0,'Pattern',15,0,0,1,'2020-03-06 12:26:34','2021-03-03 04:34:04',1,NULL,0,1,0),(5,3,0,'Embroidery Thread',18,0,0,1,'2020-03-06 12:26:34','2021-03-03 04:34:04',1,NULL,0,1,0),(19,1,0,'Premium Texture',19,0,0,1,'2020-03-06 19:21:32','2021-03-03 04:34:04',1,NULL,0,1,0),(20,9,0,'Solid objects',20,0,0,1,'2020-03-06 19:24:29','2021-03-03 04:34:04',1,NULL,0,1,0),(21,5,0,'Black n white',21,0,0,1,'2020-03-06 19:28:49','2021-03-03 04:34:04',1,NULL,0,1,0),(22,6,0,'Action',22,1,0,1,'2020-03-06 19:29:50','2021-03-03 04:34:04',1,NULL,0,1,0),(23,6,0,'Military',23,1,0,1,'2020-03-06 19:30:05','2021-03-03 04:34:04',1,NULL,0,1,0),(24,6,0,'Fun',24,1,0,1,'2020-03-06 19:30:09','2021-03-03 04:34:04',1,NULL,0,1,0),(25,6,0,'Love',25,1,0,1,'2020-03-06 19:30:13','2021-03-03 04:34:04',1,NULL,0,1,0),(26,10,0,'Birds',26,0,0,1,'2020-03-06 19:43:10','2021-03-03 04:34:04',1,NULL,0,1,0),(27,10,0,'Love',27,0,0,1,'2020-03-06 19:44:10','2021-03-03 04:34:04',1,NULL,0,1,0),(28,3,1,'Light',2,0,0,1,'2020-03-06 19:47:16','2021-03-03 04:34:04',1,NULL,0,1,0),(29,3,1,'Dark',3,0,0,1,'2020-03-06 19:47:20','2021-03-03 04:34:04',1,NULL,0,1,0),(30,3,1,'B/W',4,0,0,1,'2020-03-06 19:47:24','2021-03-03 04:34:04',1,NULL,0,1,0),(31,3,2,'Green',6,0,0,1,'2020-03-06 19:47:34','2021-03-03 04:34:04',1,NULL,0,1,0),(32,3,2,'Yellow',7,0,0,1,'2020-03-06 19:47:39','2021-03-03 04:34:04',1,NULL,0,1,0),(33,3,2,'Red',8,0,0,1,'2020-03-06 19:47:46','2021-03-03 04:34:04',1,NULL,0,1,0),(34,3,3,'Violet brown',10,0,0,1,'2020-03-06 19:47:59','2021-03-03 04:34:04',1,NULL,0,1,0),(35,3,3,'Green Grass',11,0,0,1,'2020-03-06 19:48:05','2021-03-03 04:34:04',1,NULL,0,1,0),(36,3,3,'Sand Brown',12,0,0,1,'2020-03-06 19:48:11','2021-03-03 04:34:04',1,NULL,0,1,0),(37,3,4,'Glitter',16,0,0,1,'2020-03-06 19:48:26','2021-03-03 04:34:04',1,NULL,0,1,0),(38,3,4,'Foil',17,0,0,1,'2020-03-06 19:48:31','2021-03-03 04:34:04',1,NULL,0,1,0),(40,3,5,'Thread',19,0,0,1,'2020-03-06 19:48:50','2021-03-03 04:34:04',1,NULL,0,1,0),(41,3,5,'Orange',20,0,0,1,'2020-03-06 19:48:58','2021-03-03 04:34:04',1,NULL,0,1,0),(42,3,5,'Pink',21,0,0,1,'2020-03-06 19:49:03','2021-03-03 04:34:04',1,NULL,0,1,0),(43,11,0,'Edit Template',43,0,0,1,'2020-03-07 12:03:05','2021-03-03 04:34:04',1,NULL,0,1,0),(45,6,0,'Premium font',45,1,0,1,'2020-03-07 14:16:43','2021-03-03 04:34:04',1,NULL,0,1,0),(48,6,45,'Sans Serif',47,1,0,1,'2020-03-12 10:33:15','2021-03-03 04:34:04',1,NULL,0,1,0),(49,6,45,'Serif',48,1,0,1,'2020-03-12 10:50:25','2021-03-03 04:34:04',1,NULL,0,1,0),(50,6,45,'Comic',49,1,0,1,'2020-03-12 11:18:34','2021-03-03 04:34:04',1,NULL,0,1,0),(51,6,45,'Calligraphy',50,1,0,1,'2020-03-12 11:50:37','2021-03-03 04:34:04',1,NULL,0,1,0),(53,2,52,'Baseball',52,0,0,1,'2020-03-30 12:33:16','2021-03-03 04:34:04',1,NULL,0,1,0),(54,2,52,'Billiards',53,0,0,1,'2020-03-30 12:33:40','2021-03-03 04:34:04',1,NULL,0,1,0),(55,2,52,'Golf',54,0,0,1,'2020-03-30 12:33:54','2021-03-03 04:34:04',1,NULL,0,1,0),(63,3,3,'Light Color',13,0,0,1,'2020-03-31 06:13:04','2021-03-03 04:34:04',1,NULL,0,1,0),(64,3,3,'Dark Color',14,0,0,1,'2020-03-31 06:22:20','2021-03-03 04:34:04',1,NULL,0,1,0),(66,6,0,'Western',63,1,0,1,'2020-03-31 09:23:54','2021-03-03 04:34:04',1,NULL,0,1,0),(67,6,0,'Typewrite',64,1,0,1,'2020-03-31 09:32:20','2021-03-03 04:34:04',1,NULL,0,1,0),(68,10,0,'Solid Shapes',65,0,1,1,'2020-03-31 10:16:36','2021-03-03 04:34:04',1,NULL,0,1,0),(70,6,0,'My Fonts',67,0,1,1,'2021-06-26 20:55:53','2023-07-03 05:16:53',1,NULL,0,1,0),(71,2,0,'Sports',68,0,0,1,'2021-06-29 01:43:09','2021-06-29 01:43:09',1,NULL,0,1,0),(78,11,0,'Recreate Template',75,0,0,1,'2021-07-02 09:31:08','2021-07-02 09:31:08',1,NULL,0,1,0),(82,6,0,'Script',78,0,0,1,'2021-07-06 11:13:02','2021-07-06 11:13:02',1,NULL,0,1,0),(88,6,0,'NBA',84,0,0,1,'2021-08-29 05:41:29','2021-08-29 05:41:29',1,NULL,0,1,0),(89,6,0,'Athletic',85,0,0,1,'2021-08-29 05:43:33','2023-07-03 05:16:53',1,NULL,0,1,0),(90,6,89,'Soccer',86,0,0,1,'2021-08-31 07:57:53','2023-07-03 05:16:53',1,NULL,0,1,0),(91,6,89,'Basketball',87,0,0,1,'2021-08-31 07:58:03','2023-07-03 05:16:53',1,NULL,0,1,0),(93,2,0,'L & D',89,0,0,1,'2022-06-30 23:40:18','2022-06-30 23:40:18',1,NULL,0,1,0),(94,2,0,'Caduceus',90,0,0,1,'2022-07-01 04:27:40','2022-07-01 04:27:40',1,NULL,0,1,0),(96,2,94,'Caduceus Black',91,0,0,1,'2022-07-01 04:28:33','2022-07-01 04:28:33',1,NULL,0,1,0),(97,2,94,'Caduceus White',92,0,0,1,'2022-07-01 04:28:42','2022-07-01 04:28:42',1,NULL,0,1,0),(98,2,94,'Caduceus Navy',93,0,0,1,'2022-07-01 04:29:09','2022-07-01 04:29:09',1,NULL,0,1,0),(99,2,94,'Caduceus Gray',94,0,0,1,'2022-07-01 04:29:17','2022-07-01 04:29:17',1,NULL,0,1,0),(100,2,94,'Caduceus Charcoal',95,0,0,1,'2022-07-01 04:29:32','2022-07-01 04:29:32',1,NULL,0,1,0),(101,2,0,'Text Stethescope',96,0,0,1,'2022-07-02 23:26:19','2022-07-02 23:26:19',1,NULL,0,1,0),(102,2,0,'Heart Stethescope',97,0,0,1,'2022-07-02 23:27:41','2022-07-02 23:27:41',1,NULL,0,1,0),(103,2,0,'ER Back',98,0,0,1,'2022-07-02 23:29:50','2022-07-02 23:29:50',1,NULL,0,1,0),(104,2,0,'Neuroscience Back',99,0,0,1,'2022-07-16 09:02:51','2022-07-16 09:02:51',1,NULL,0,1,0),(106,2,0,'ER Sleeve',100,0,0,1,'2022-07-20 02:18:01','2022-07-20 02:18:01',1,NULL,0,1,0),(107,2,0,'Man Utd',101,0,0,1,'2022-07-20 07:44:50','2022-07-20 07:44:50',1,NULL,0,1,0),(108,2,0,'United',102,0,0,1,'2022-07-20 07:46:04','2022-07-20 07:46:04',1,NULL,0,1,0),(109,2,0,'PBT Back',103,0,0,1,'2022-07-24 12:05:36','2022-07-24 12:05:36',1,NULL,0,1,0),(110,2,0,'Neuroscience Sleeve',104,0,0,1,'2022-07-30 11:37:22','2022-07-30 11:37:22',1,NULL,0,1,0),(112,2,0,'PBT Sleeve',106,0,0,1,'2022-07-30 11:46:35','2022-07-30 11:46:35',1,NULL,0,1,0),(113,2,0,'PBT',107,0,0,1,'2022-08-01 12:50:29','2022-08-01 12:50:29',1,NULL,0,1,0),(114,2,0,'ER',108,0,0,1,'2022-08-01 12:50:41','2022-08-01 12:50:41',1,NULL,0,1,0),(115,2,0,'PBT Heart',109,0,0,1,'2022-08-03 11:59:11','2022-08-03 11:59:11',1,NULL,0,1,0),(116,2,0,'Neuroscience front',110,0,0,1,'2022-08-07 11:00:23','2022-08-07 11:00:23',1,NULL,0,1,0),(117,2,0,'Neuroscience text',111,0,0,1,'2022-08-08 15:39:10','2022-08-08 15:39:10',1,NULL,0,1,0),(118,2,0,'Respiratory Back',112,0,0,1,'2022-08-16 07:53:02','2022-08-16 07:53:02',1,NULL,0,1,0),(119,2,0,'Respiratory Lungs 1',113,0,0,1,'2022-08-16 07:53:33','2022-08-16 07:53:33',1,NULL,0,1,0),(120,2,0,'Respiratory Lungs 2',114,0,0,1,'2022-08-16 07:54:09','2022-08-16 07:54:09',1,NULL,0,1,0),(121,2,0,'Respiratory Sleeve',115,0,0,1,'2022-08-16 11:15:25','2022-08-16 11:15:25',1,NULL,0,1,0),(122,2,0,'Split Text Design',116,0,0,1,'2022-09-05 16:14:33','2022-09-05 16:14:33',1,NULL,0,1,0),(123,2,0,'Dallas',117,0,0,1,'2022-10-02 07:54:51','2022-10-02 07:54:51',1,NULL,0,1,0),(124,2,0,'ERHS Shirts',118,0,0,1,'2022-11-15 20:27:06','2022-11-15 20:27:06',1,NULL,0,1,0),(127,6,0,'High School',121,1,0,1,'2022-11-15 23:44:38','2022-11-15 23:44:38',1,NULL,0,1,0),(129,2,0,'Punch Out Design',123,0,0,1,'2023-02-15 07:14:44','2023-02-15 07:14:44',1,NULL,0,1,0),(130,3,0,'Print Colors',22,0,0,1,'2023-02-16 07:05:24','2023-02-16 07:05:24',0,NULL,0,1,0),(131,3,130,'Colors',23,0,0,1,'2023-02-16 07:07:04','2023-02-16 07:07:04',1,NULL,0,1,0),(132,2,0,'Best Dad By Par',126,0,0,1,'2023-05-01 03:14:36','2023-05-01 03:14:36',1,'',0,1,0),(133,2,0,'Villa Park',127,0,0,1,'2023-05-25 08:18:49','2023-05-25 08:18:49',1,'',0,1,0),(134,2,94,'Caduceus Silver',128,0,0,1,'2023-06-11 14:39:05','2023-06-11 14:39:05',1,'',0,1,0),(135,3,0,'B/W',24,0,0,1,'2023-06-18 05:10:47','2023-06-18 05:10:47',0,'',0,0,0),(136,3,135,'White',25,0,0,1,'2023-06-18 05:11:14','2023-06-18 05:11:14',1,'',0,0,0),(138,3,135,'Black',129,1,0,1,'2023-06-18 05:13:44','2023-06-18 05:13:44',1,'',0,0,0),(139,2,0,'Smith\'s Marketplace',130,0,0,1,'2023-06-18 05:16:08','2023-06-18 05:16:08',1,'',0,1,0),(140,2,0,'Vipers',131,0,0,1,'2023-06-21 07:12:50','2023-06-21 07:12:50',1,'',0,1,0),(141,2,0,'Dallas Baby',132,0,0,1,'2023-06-21 20:28:53','2023-06-21 20:28:53',1,'',0,1,0),(142,6,0,'Academic',133,0,0,1,'2023-07-02 23:46:17','2023-07-03 05:16:53',1,'',0,1,0),(143,2,0,'Larchmont',134,0,0,1,'2023-07-06 08:03:03','2023-07-06 08:03:03',1,'',0,1,0),(144,2,0,'Grub Hub',135,0,0,1,'2023-07-13 11:28:47','2023-07-13 11:28:47',1,'',0,1,0),(145,2,0,'AYSO',136,0,0,1,'2023-08-08 07:01:22','2023-08-08 07:01:22',1,'',0,1,0),(147,6,0,'Soccer Fonts',138,0,0,1,'2023-08-08 10:57:06','2023-08-08 10:57:06',1,'',0,1,0),(148,2,0,'All American Party',139,0,0,1,'2023-08-25 12:15:01','2023-08-25 12:15:01',1,'',0,1,0),(149,2,0,'La Esperanza',140,0,0,1,'2023-08-30 19:01:30','2023-08-30 19:01:30',1,'',0,1,0),(150,2,0,'FTBL Academy',141,0,0,1,'2023-09-03 15:58:57','2023-09-03 15:58:57',1,'',0,1,0),(151,2,0,'FC Warriors',142,0,0,1,'2023-10-01 09:12:14','2023-10-01 09:12:14',1,'',0,1,0),(152,2,0,'ERHS Logo',143,0,0,1,'2023-10-29 09:16:30','2023-10-29 09:16:30',1,'',0,1,0),(153,2,0,'Bruno Hauling',144,0,0,1,'2023-12-28 14:23:02','2023-12-28 14:23:02',1,'',0,1,0),(154,2,0,'Fire Nation',145,0,0,1,'2024-01-12 22:13:18','2024-01-12 22:13:18',1,'',0,1,0),(155,3,0,'Tonal Colors',146,0,0,1,'2024-01-25 07:23:17','2024-01-25 07:23:17',0,'',0,0,0),(156,3,155,'Tone',147,0,0,1,'2024-01-25 07:39:19','2024-01-25 07:39:19',1,'',0,0,0),(157,3,0,'Print Color',148,0,0,1,'2024-03-06 07:18:26','2024-03-06 07:18:26',0,'',0,0,0),(158,3,157,'Color',149,0,0,1,'2024-03-06 07:21:16','2024-03-06 07:21:16',1,'',0,0,0);

--
-- Table structure for table `clipart_category_rel`
--

CREATE TABLE `clipart_category_rel` (
  `clipart_id` bigint DEFAULT NULL,
  `category_id` bigint DEFAULT NULL,
  KEY `clipart_category_rel_index_001` (`clipart_id`,`category_id`)
) ENGINE=InnoDB DEFAULT CHARSET=utf8mb3 COLLATE=utf8mb3_unicode_ci;

--
-- Dumping data for table `clipart_category_rel`
--

INSERT INTO `clipart_category_rel` VALUES (1,53),(2,53),(3,53),(4,53),(5,53),(6,53),(7,53),(8,53),(9,53),(10,53),(11,53),(12,53),(13,53),(14,54),(15,54),(16,54),(17,54),(18,54),(19,54),(20,54),(21,54),(22,54),(23,54),(24,54),(25,54),(26,54),(27,54),(28,54),(29,54),(30,57),(30,58),(30,59),(31,57),(31,58),(31,59),(32,57),(32,58),(32,59),(33,57),(33,58),(33,59),(34,57),(34,58),(34,59),(35,57),(35,58),(35,59),(36,57),(36,58),(36,59),(37,57),(37,58),(37,59),(38,57),(38,58),(38,59),(39,57),(39,58),(39,59),(40,57),(40,58),(40,59),(41,57),(41,58),(41,59),(42,57),(42,58),(42,59),(43,57),(43,58),(43,59),(44,57),(44,58),(44,59),(45,57),(45,58),(45,59),(46,57),(46,58),(46,59),(47,57),(47,58),(47,59),(48,57),(48,58),(48,59),(49,57),(49,58),(49,59),(50,57),(50,58),(50,59),(51,57),(51,58),(51,59),(52,58),(53,58),(54,58),(55,58),(56,58),(57,58),(58,58),(59,58),(60,58),(61,58),(62,59),(63,59),(64,59),(65,59),(66,59),(67,59),(68,59),(69,59),(70,59),(71,59),(72,59),(73,59),(74,59),(75,59),(135,96),(136,96),(137,93),(138,93),(139,103),(140,96),(141,96),(142,102),(143,71),(149,99),(151,99),(153,99),(155,99),(157,99),(158,99),(160,98),(161,98),(162,98),(163,98),(164,98),(165,98),(166,98),(170,99),(171,103),(172,99),(173,98),(174,97),(176,86),(177,102),(178,97),(179,97),(180,97),(181,97),(182,97),(183,97),(184,97),(185,97),(186,97),(187,102),(188,102),(189,102),(190,102),(191,102),(192,101),(193,101),(194,101),(195,93),(196,93),(197,93),(198,93),(199,104),(200,104),(201,104),(202,104),(203,104),(204,104),(205,103),(206,103),(207,103),(208,103),(209,103),(210,103),(211,103),(212,103),(213,103),(214,103),(215,106),(216,106),(217,106),(218,106),(219,106),(220,106),(221,106),(225,109),(226,109),(227,109),(228,109),(229,109),(230,109),(231,109),(232,103),(233,110),(234,110),(235,110),(236,110),(237,110),(238,110),(239,112),(240,112),(241,112),(242,112),(243,112),(244,112),(245,115),(246,115),(247,115),(248,115),(249,115),(250,115),(251,115),(252,117),(253,117),(254,117),(255,117),(256,117),(257,116),(258,116),(259,116),(260,116),(261,116),(262,116),(263,116),(264,118),(265,118),(266,118),(267,118),(268,118),(269,118),(270,119),(271,119),(272,119),(273,119),(274,119),(275,119),(276,120),(277,120),(278,120),(279,120),(280,120),(281,120),(282,121),(283,121),(284,121),(285,121),(286,121),(287,121),(288,122),(289,123),(290,123),(291,123),(292,123),(293,123),(294,123),(295,123),(296,123),(300,152),(301,129),(302,129),(303,129),(304,129),(305,129),(306,129),(307,129),(308,129),(309,129),(310,129),(311,132),(312,132),(313,132),(314,132),(315,132),(316,133),(317,134),(318,139),(319,139),(320,141),(321,141),(322,140),(323,140),(324,140),(325,140),(326,140),(327,140),(328,143),(329,144),(330,144),(333,143),(334,143),(335,143),(336,143),(337,145),(338,145),(342,145),(343,145),(345,145),(346,145),(347,145),(348,148),(349,148),(350,149),(351,150),(352,150),(353,151),(359,151),(361,107),(361,108),(362,108),(363,108),(366,150),(368,107),(369,153),(370,153),(371,153),(372,153),(373,153),(374,153),(375,153),(377,154),(378,93),(379,93),(380,139),(381,124),(384,124),(385,124);

--
-- Table structure for table `clipart_tag_rel`
--

CREATE TABLE `clipart_tag_rel` (
  `clipart_id` bigint DEFAULT NULL,
  `tag_id` bigint DEFAULT NULL,
  KEY `clipart_tag_rel_index_001` (`clipart_id`,`tag_id`)
) ENGINE=InnoDB DEFAULT CHARSET=utf8mb3 COLLATE=utf8mb3_unicode_ci;

--
-- Dumping data for table `clipart_tag_rel`
--

INSERT INTO `clipart_tag_rel` VALUES (40,3),(41,3),(42,3),(43,3),(44,3),(45,3),(46,3),(47,3),(48,3),(49,3),(50,3),(51,3),(52,4),(53,4),(54,4),(55,4),(56,4),(57,4),(58,4),(59,4),(60,4),(61,4),(72,5),(73,5),(74,5),(75,5),(132,10),(132,11),(133,11);

--
-- Table structure for table `cliparts`
--

CREATE TABLE `cliparts` (
  `xe_id` bigint NOT NULL AUTO_INCREMENT,
  `name` varchar(60) COLLATE utf8mb3_unicode_ci DEFAULT NULL,
  `price` decimal(20,8) DEFAULT NULL,
  `width` float(5,2) DEFAULT NULL,
  `height` float(5,2) DEFAULT NULL,
  `file_name` varchar(60) COLLATE utf8mb3_unicode_ci DEFAULT NULL,
  `is_scaling` tinyint(1) DEFAULT '0',
  `total_used` int DEFAULT '0',
  `store_id` int NOT NULL,
  `created_at` datetime DEFAULT CURRENT_TIMESTAMP,
  `is_imported` enum('0','1') COLLATE utf8mb3_unicode_ci NOT NULL DEFAULT '0',
  `cloud_storage` tinyint(1) NOT NULL DEFAULT '0',
  PRIMARY KEY (`xe_id`),
  KEY `cliparts_index_key_01` (`name`,`price`,`store_id`)
) ENGINE=InnoDB AUTO_INCREMENT=386 DEFAULT CHARSET=utf8mb3 COLLATE=utf8mb3_unicode_ci;

--
-- Dumping data for table `cliparts`
--

INSERT INTO `cliparts` VALUES (135,'MA.png',0.00000000,0.00,0.00,'202106260858055106.png',0,0,1,'2021-06-26 15:28:05','0',0),(136,'RN.png',0.00000000,0.00,0.00,'202106260858221504.png',0,1,1,'2021-06-26 15:28:22','0',0),(137,'labor.png',0.00000000,0.00,0.00,'202106270600001677.png',0,0,1,'2021-06-27 12:30:00','0',0),(138,'labor2.png',0.00000000,0.00,0.00,'202106270600192848.png',0,0,1,'2021-06-27 12:30:20','0',0),(139,'ER.png',0.00000000,0.00,0.00,'202106270847511257.png',0,0,1,'2021-06-27 15:17:51','0',0),(140,'Lpn.png',0.00000000,0.00,0.00,'202106270850213245.png',0,0,1,'2021-06-27 15:20:21','0',0),(141,'np.png',0.00000000,0.00,0.00,'202106270850525293.png',0,0,1,'2021-06-27 15:20:52','0',0),(142,'heart ekg.png',0.00000000,0.00,0.00,'202106281026248693.png',0,1,1,'2021-06-28 04:56:24','0',0),(149,'lpn gray.png',0.00000000,0.00,0.00,'202107010604355511.png',0,0,1,'2021-07-01 12:34:35','0',0),(151,'MA gray.png',0.00000000,0.00,0.00,'202107010605281847.png',0,0,1,'2021-07-01 12:35:28','0',0),(153,'msn gray.png',0.00000000,0.00,0.00,'202107010605569393.png',0,0,1,'2021-07-01 12:35:56','0',0),(155,'NP gray.png',0.00000000,0.00,0.00,'202107010606297482.png',0,0,1,'2021-07-01 12:36:29','0',0),(157,'Rn gray.png',0.00000000,0.00,0.00,'202107010607015043.png',0,0,1,'2021-07-01 12:37:01','0',0),(158,'Rnc gray.png',0.00000000,0.00,0.00,'202107010607231902.png',0,0,1,'2021-07-01 12:37:23','0',0),(160,'RN Navy.png',0.00000000,0.00,0.00,'202107060433585438.png',0,0,1,'2021-07-06 11:03:58','0',0),(161,'NP Navy.png',0.00000000,0.00,0.00,'202107060527007348.png',0,0,1,'2021-07-06 11:57:00','0',0),(162,'MSN Navy.png',0.00000000,0.00,0.00,'202107060527279128.png',0,0,1,'2021-07-06 11:57:27','0',0),(163,'APRN Navy.png',0.00000000,0.00,0.00,'202107060527514674.png',0,0,1,'2021-07-06 11:57:51','0',0),(164,'MA Navy.png',0.00000000,0.00,0.00,'202107060528272087.png',0,0,1,'2021-07-06 11:58:27','0',0),(165,'LPN Navy.png',0.00000000,0.00,0.00,'202107060528527523.png',0,0,1,'2021-07-06 11:58:52','0',0),(166,'RNC Navy.png',0.00000000,0.00,0.00,'202107060529183583.png',0,0,1,'2021-07-06 11:59:18','0',0),(167,'APRN black.png',0.00000000,0.00,0.00,'202107060532056898.png',0,0,1,'2021-07-06 12:02:05','0',0),(168,'MSN black.png',0.00000000,0.00,0.00,'202107060533243939.png',0,0,1,'2021-07-06 12:03:24','0',0),(169,'APRN black.png',0.00000000,0.00,0.00,'202107060534462371.png',0,0,1,'2021-07-06 12:04:46','0',0),(170,'APRN gray.png',0.00000000,0.00,0.00,'202107060535599382.png',0,0,1,'2021-07-06 12:05:59','0',0),(172,'nurse symbol gray.png',0.00000000,0.00,0.00,'202107270257585195.png',0,0,1,'2021-07-27 09:27:58','0',0),(173,'nurse symbol navy.png',0.00000000,0.00,0.00,'202107270258209478.png',0,0,1,'2021-07-27 09:28:20','0',0),(174,'nurse symbol white.png',0.00000000,0.00,0.00,'202107270259373200.png',0,0,1,'2021-07-27 09:29:38','0',0),(175,'nurse symbol black.png',0.00000000,0.00,0.00,'202107270259522822.png',0,0,1,'2021-07-27 09:29:52','0',0),(177,'Heart Stethescope.png',0.00000000,0.00,0.00,'202107300555308844.png',0,0,1,'2021-07-30 12:25:30','0',0),(178,'caduceus white.png',0.00000000,0.00,0.00,'202107300856209871.png',0,0,1,'2021-07-30 15:26:20','0',0),(179,'LPN white.png',0.00000000,0.00,0.00,'202107300857305175.png',0,0,1,'2021-07-30 15:27:30','0',0),(180,'FNP white.png',0.00000000,0.00,0.00,'202107300858304200.png',0,0,1,'2021-07-30 15:28:30','0',0),(181,'APRN-CNP white.png',0.00000000,0.00,0.00,'20210730090954222.png',0,0,1,'2021-07-30 15:39:54','0',0),(182,'MSN white.png',0.00000000,0.00,0.00,'202107300910342844.png',0,0,1,'2021-07-30 15:40:34','0',0),(183,'RNC-NIC white.png',0.00000000,0.00,0.00,'20210730091118124.png',0,1,1,'2021-07-30 15:41:18','0',0),(184,'RN white.png',0.00000000,0.00,0.00,'202107300911584366.png',0,4,1,'2021-07-30 15:41:58','0',0),(185,'MA white.png',0.00000000,0.00,0.00,'202107300912395655.png',0,0,1,'2021-07-30 15:42:39','0',0),(186,'NP white.png',0.00000000,0.00,0.00,'202107300913194341.png',0,1,1,'2021-07-30 15:43:19','0',0),(187,'Heart Black.png',0.00000000,0.00,0.00,'202108170607357356.png',0,0,1,'2021-08-17 12:37:35','0',0),(188,'Heart Navy.png',0.00000000,0.00,0.00,'202108170610166001.png',0,0,1,'2021-08-17 12:40:16','0',0),(189,'Heart Pink.png',0.00000000,0.00,0.00,'20210817061040620.png',0,0,1,'2021-08-17 12:40:40','0',0),(190,'Heart Red.png',0.00000000,0.00,0.00,'202108170611093626.png',0,0,1,'2021-08-17 12:41:09','0',0),(191,'Heart White.png',0.00000000,0.00,0.00,'202108170611301147.png',0,0,1,'2021-08-17 12:41:30','0',0),(192,'Text Stethoscope Red',0.00000000,0.00,0.00,'202109060641497383.png',0,0,1,'2021-09-06 01:11:49','0',0),(193,'Text Stethoscope Black',0.00000000,0.00,0.00,'202109060700261804.png',0,0,1,'2021-09-06 01:30:26','0',0),(194,'Text Stethoscope Gray',0.00000000,0.00,0.00,'202109060702037890.png',0,0,1,'2021-09-06 01:32:03','0',0),(195,'L&D-2',0.00000000,0.00,0.00,'202207010456505779.png',0,2,1,'2022-06-30 23:26:50','0',0),(196,'L&D-3',0.00000000,0.00,0.00,'202207010457273738.png',0,1,1,'2022-06-30 23:27:27','0',0),(197,'mother',0.00000000,0.00,0.00,'202207010637225670.png',0,0,1,'2022-07-01 01:07:22','0',0),(198,'mother & baby 2',0.00000000,0.00,0.00,'202207010637467253.png',0,0,1,'2022-07-01 01:07:46','0',0),(199,'brain black',0.00000000,0.00,0.00,'202207160233166978.png',0,0,1,'2022-07-16 09:03:17','0',0),(200,'brain baby blue',0.00000000,0.00,0.00,'20220716023514204.png',0,0,1,'2022-07-16 09:05:14','0',0),(201,'brain charcoal',0.00000000,0.00,0.00,'202207160235255611.png',0,0,1,'2022-07-16 09:05:25','0',0),(202,'brain navy',0.00000000,0.00,0.00,'202207160235484384.png',0,0,1,'2022-07-16 09:05:48','0',0),(203,'brain white',0.00000000,0.00,0.00,'202207160236026967.png',0,0,1,'2022-07-16 09:06:02','0',0),(204,'brain pink',0.00000000,0.00,0.00,'202207160236155687.png',0,0,1,'2022-07-16 09:06:15','0',0),(205,'ER babyblue',0.00000000,0.00,0.00,'202207190951386660.png',0,0,1,'2022-07-19 16:21:38','0',0),(206,'ER navy',0.00000000,0.00,0.00,'202207190951511822.png',0,0,1,'2022-07-19 16:21:51','0',0),(207,'ER pink',0.00000000,0.00,0.00,'202207190952023876.png',0,0,1,'2022-07-19 16:22:02','0',0),(208,'ER charcoal',0.00000000,0.00,0.00,'20220719095303650.png',0,0,1,'2022-07-19 16:23:04','0',0),(215,'ER BabyBlue-2',0.00000000,0.00,0.00,'202207200749134884.png',0,0,1,'2022-07-20 02:19:14','0',0),(216,'ER Black-2',0.00000000,0.00,0.00,'202207200749465429.png',0,0,1,'2022-07-20 02:19:46','0',0),(217,'ER Charcoal-2',0.00000000,0.00,0.00,'202207200750025151.png',0,0,1,'2022-07-20 02:20:02','0',0),(218,'ER Pink-2',0.00000000,0.00,0.00,'202207200750169079.png',0,0,1,'2022-07-20 02:20:16','0',0),(219,'ER Navy-2',0.00000000,0.00,0.00,'202207200750321289.png',0,0,1,'2022-07-20 02:20:32','0',0),(220,'ER Red',0.00000000,0.00,0.00,'202207200750443034.png',0,0,1,'2022-07-20 02:20:44','0',0),(221,'ER White-2',0.00000000,0.00,0.00,'202207200750585646.png',0,0,1,'2022-07-20 02:20:58','0',0),(225,'PBT white',0.00000000,0.00,0.00,'20220724053610894.png',0,0,1,'2022-07-24 12:06:10','0',0),(227,'PBT black',0.00000000,0.00,0.00,'202207240553575535.png',0,0,1,'2022-07-24 12:23:57','0',0),(228,'PBT charcoal',0.00000000,0.00,0.00,'202207240554101769.png',0,0,1,'2022-07-24 12:24:11','0',0),(229,'PBT navy',0.00000000,0.00,0.00,'202207240554231865.png',0,0,1,'2022-07-24 12:24:23','0',0),(230,'PBT pink',0.00000000,0.00,0.00,'202207240554366213.png',0,0,1,'2022-07-24 12:24:36','0',0),(231,'PBT baby blue white',0.00000000,0.00,0.00,'202207240557417222.png',0,0,1,'2022-07-24 12:27:41','0',0),(232,'ER red-2',0.00000000,0.00,0.00,'202207300457046139.png',0,0,1,'2022-07-30 11:27:04','0',0),(233,'Neuro sleeve baby blue',0.00000000,0.00,0.00,'20220730050510712.png',0,0,1,'2022-07-30 11:35:10','0',0),(234,'Neuro sleeve black',0.00000000,0.00,0.00,'202207300505233463.png',0,0,1,'2022-07-30 11:35:23','0',0),(235,'Neuro sleeve charcoal',0.00000000,0.00,0.00,'202207300505363981.png',0,0,1,'2022-07-30 11:35:36','0',0),(236,'Neuro sleeve white',0.00000000,0.00,0.00,'202207300514086564.png',0,0,1,'2022-07-30 11:44:08','0',0),(237,'Neuro sleeve pink',0.00000000,0.00,0.00,'202207300514216035.png',0,0,1,'2022-07-30 11:44:21','0',0),(238,'Neuro sleeve navy',0.00000000,0.00,0.00,'202207300514398244.png',0,0,1,'2022-07-30 11:44:39','0',0),(239,'PBT white sleeve',0.00000000,0.00,0.00,'202207300517206097.png',0,0,1,'2022-07-30 11:47:20','0',0),(240,'PBT pink sleeve',0.00000000,0.00,0.00,'202207300517317327.png',0,0,1,'2022-07-30 11:47:31','0',0),(241,'PBT navy sleeve',0.00000000,0.00,0.00,'202207300517493983.png',0,0,1,'2022-07-30 11:47:49','0',0),(242,'PBT charcoal sleeve',0.00000000,0.00,0.00,'202207300518042336.png',0,0,1,'2022-07-30 11:48:05','0',0),(243,'PBT baby blue sleeve',0.00000000,0.00,0.00,'202207300518263141.png',0,0,1,'2022-07-30 11:48:26','0',0),(244,'PBT black sleeve',0.00000000,0.00,0.00,'202207300518368262.png',0,0,1,'2022-07-30 11:48:37','0',0),(245,'PBT heart baby blue',0.00000000,0.00,0.00,'202208030529321336.png',0,0,1,'2022-08-03 11:59:32','0',0),(246,'PBT heart black',0.00000000,0.00,0.00,'202208030529436877.png',0,0,1,'2022-08-03 11:59:43','0',0),(247,'PBT heart charcoal',0.00000000,0.00,0.00,'202208030529559867.png',0,0,1,'2022-08-03 11:59:55','0',0),(248,'PBT heart white',0.00000000,0.00,0.00,'202208030530087702.png',0,2,1,'2022-08-03 12:00:08','0',0),(249,'PBT heart navy',0.00000000,0.00,0.00,'202208030530224718.png',0,0,1,'2022-08-03 12:00:22','0',0),(250,'PBT heart pink',0.00000000,0.00,0.00,'202208030530356446.png',0,0,1,'2022-08-03 12:00:35','0',0),(251,'PBT heart red',0.00000000,0.00,0.00,'202208030530455553.png',0,0,1,'2022-08-03 12:00:45','0',0),(252,'neuro text baby blue',0.00000000,0.00,0.00,'202208070430553516.png',0,0,1,'2022-08-07 11:00:55','0',0),(253,'neuro text black',0.00000000,0.00,0.00,'202208070431053469.png',0,0,1,'2022-08-07 11:01:05','0',0),(254,'neuro text charcoal',0.00000000,0.00,0.00,'202208070431164431.jpeg',0,0,1,'2022-08-07 11:01:16','0',0),(255,'neuro text pink',0.00000000,0.00,0.00,'202208070431315612.jpeg',0,0,1,'2022-08-07 11:01:31','0',0),(256,'neuro text white',0.00000000,0.00,0.00,'202208070431425267.png',0,0,1,'2022-08-07 11:01:42','0',0),(258,'neuro brain 2 white',0.00000000,0.00,0.00,'202208070443208233.png',0,0,1,'2022-08-07 11:13:20','0',0),(259,'neuro brain 2 black',0.00000000,0.00,0.00,'20220807044331414.png',0,0,1,'2022-08-07 11:13:31','0',0),(260,'neuro brain 2 charcoal',0.00000000,0.00,0.00,'202208070444144999.png',0,0,1,'2022-08-07 11:14:14','0',0),(261,'neuro brain 2 navy',0.00000000,0.00,0.00,'202208070444266834.png',0,0,1,'2022-08-07 11:14:26','0',0),(262,'neuro brain 2 pink',0.00000000,0.00,0.00,'202208070444525471.png',0,0,1,'2022-08-07 11:14:52','0',0),(263,'neuro brain 2 baby blue',0.00000000,0.00,0.00,'202208080907598195.png',0,0,1,'2022-08-08 15:37:59','0',0),(264,'lungs baby blue',0.00000000,0.00,0.00,'202208160126528408.png',0,1,1,'2022-08-16 07:56:52','0',0),(265,'lungs baby navy',0.00000000,0.00,0.00,'202208160127053713.png',0,0,1,'2022-08-16 07:57:05','0',0),(266,'lungs black',0.00000000,0.00,0.00,'202208160127249950.png',0,0,1,'2022-08-16 07:57:24','0',0),(267,'lungs charcoal',0.00000000,0.00,0.00,'202208160127485498.png',0,0,1,'2022-08-16 07:57:48','0',0),(268,'lungs pink',0.00000000,0.00,0.00,'202208160128005942.png',0,0,1,'2022-08-16 07:58:00','0',0),(269,'lungs white',0.00000000,0.00,0.00,'202208160128147517.png',0,0,1,'2022-08-16 07:58:14','0',0),(270,'lungs caud baby blue',0.00000000,0.00,0.00,'202208160436123952.png',0,0,1,'2022-08-16 11:06:12','0',0),(271,'lungs caud black',0.00000000,0.00,0.00,'202208160436265510.png',0,0,1,'2022-08-16 11:06:27','0',0),(272,'lungs caud charcoal',0.00000000,0.00,0.00,'20220816043643941.png',0,0,1,'2022-08-16 11:06:43','0',0),(273,'lungs caud navy',0.00000000,0.00,0.00,'202208160437016958.png',0,0,1,'2022-08-16 11:07:01','0',0),(274,'lungs caud pink',0.00000000,0.00,0.00,'202208160437138647.png',0,0,1,'2022-08-16 11:07:13','0',0),(275,'lungs caud white',0.00000000,0.00,0.00,'202208160437415213.png',0,0,1,'2022-08-16 11:07:41','0',0),(276,'lungs caud baby blue 2',0.00000000,0.00,0.00,'202208160437579547.png',0,0,1,'2022-08-16 11:07:57','0',0),(277,'lungs caud black 2',0.00000000,0.00,0.00,'202208160438093069.jpeg',0,0,1,'2022-08-16 11:08:09','0',0),(278,'lungs caud charcoal 2',0.00000000,0.00,0.00,'202208160438185656.png',0,0,1,'2022-08-16 11:08:18','0',0),(279,'lungs caud navy 2',0.00000000,0.00,0.00,'202208160438284340.png',0,0,1,'2022-08-16 11:08:28','0',0),(280,'lungs caud pink 2',0.00000000,0.00,0.00,'202208160438405643.png',0,0,1,'2022-08-16 11:08:41','0',0),(281,'lungs caud white 2',0.00000000,0.00,0.00,'202208160438564848.png',0,0,1,'2022-08-16 11:08:56','0',0),(282,'Resp sleeve baby blue',0.00000000,0.00,0.00,'202208160445511761.png',0,0,1,'2022-08-16 11:15:51','0',0),(283,'Resp sleeve black',0.00000000,0.00,0.00,'20220816044604467.png',0,0,1,'2022-08-16 11:16:04','0',0),(284,'Resp sleeve charcoal',0.00000000,0.00,0.00,'202208160446171579.png',0,0,1,'2022-08-16 11:16:17','0',0),(285,'Resp sleeve pink',0.00000000,0.00,0.00,'202208160446292522.png',0,0,1,'2022-08-16 11:16:29','0',0),(286,'Resp sleeve navy',0.00000000,0.00,0.00,'202208160446417739.png',0,0,1,'2022-08-16 11:16:42','0',0),(287,'Resp sleeve white',0.00000000,0.00,0.00,'202208160446539519.png',0,0,1,'2022-08-16 11:16:53','0',0),(288,'team name gold white',0.00000000,0.00,0.00,'202209050946062290.png',0,0,1,'2022-09-05 16:16:07','0',0),(290,'Dallas star white',0.00000000,0.00,0.00,'20221002012528438.jpeg',0,0,1,'2022-10-02 07:55:28','0',0),(291,'star status navy',0.00000000,0.00,0.00,'202210020125449583.png',0,0,1,'2022-10-02 07:55:44','0',0),(292,'star status white',0.00000000,0.00,0.00,'202210020126001726.jpeg',0,0,1,'2022-10-02 07:56:00','0',0),(293,'Dallas star NAVY',0.00000000,0.00,0.00,'20221002094459832.png',0,0,1,'2022-10-02 16:14:59','0',0),(295,'STAR STATUS BLUE',0.00000000,0.00,0.00,'20221002095340999.png',0,0,1,'2022-10-02 16:23:40','0',0),(296,'STAR STATUS BLUE-2',0.00000000,0.00,0.00,'202210020954416230.png',0,0,1,'2022-10-02 16:24:41','0',0),(300,'ERHS logo',0.00000000,0.00,0.00,'202211200255205510.png',0,96,1,'2022-11-20 09:25:21','0',0),(301,'team name black',0.00000000,0.00,0.00,'202302151245099259.png',0,0,1,'2023-02-15 07:15:09','0',0),(303,'team name navy',0.00000000,0.00,0.00,'202302151245354895.png',0,0,1,'2023-02-15 07:15:35','0',0),(304,'team name orange',0.00000000,0.00,0.00,'202302151245508882.png',0,0,1,'2023-02-15 07:15:50','0',0),(306,'team name royal',0.00000000,0.00,0.00,'202302151246213123.png',0,0,1,'2023-02-15 07:16:21','0',0),(307,'team name white',0.00000000,0.00,0.00,'202302151246339937.png',0,0,1,'2023-02-15 07:16:33','0',0),(308,'team name yellow',0.00000000,0.00,0.00,'202302151246444143.png',0,0,1,'2023-02-15 07:16:44','0',0),(309,'team name red',0.00000000,0.00,0.00,'202302150323073656.png',0,0,1,'2023-02-15 09:53:07','0',0),(310,'team name gold',0.00000000,0.00,0.00,'202302150324351237.png',0,0,1,'2023-02-15 09:54:35','0',0),(311,'best dad by par',0.00000000,0.00,0.00,'202305010845021463.png',0,4,1,'2023-05-01 03:15:02','0',0),(312,'best grandpa by par',0.00000000,0.00,0.00,'202305010845197444.png',0,0,1,'2023-05-01 03:15:19','0',0),(313,'best opa by par',0.00000000,0.00,0.00,'202305010845396216.png',0,0,1,'2023-05-01 03:15:39','0',0),(314,'best pap by par',0.00000000,0.00,0.00,'20230501084555257.png',0,0,1,'2023-05-01 03:15:55','0',0),(315,'best papi by par',0.00000000,0.00,0.00,'202305010846106348.png',0,0,1,'2023-05-01 03:16:10','0',0),(316,'villa park logo',0.00000000,0.00,0.00,'202305250149148040.png',0,0,1,'2023-05-25 08:19:14','0',0),(317,'RN Silver',0.00000000,0.00,0.00,'202306110806505540.png',0,1,1,'2023-06-11 14:36:51','0',0),(318,'EOTM',0.00000000,0.00,0.00,'20230618111413628.png',0,4,1,'2023-06-18 05:44:13','0',0),(319,'smiths',0.00000000,0.00,0.00,'202306181153222809.png',0,0,1,'2023-06-18 06:23:22','0',0),(320,'americas baby navy',0.00000000,0.00,0.00,'202306180200473580.png',0,0,1,'2023-06-18 08:30:47','0',0),(321,'americas baby white',0.00000000,0.00,0.00,'202306180201456244.png',0,0,1,'2023-06-18 08:31:45','0',0),(322,'viper black',0.00000000,0.00,0.00,'202306211247423644.png',0,0,1,'2023-06-21 07:17:42','0',0),(323,'viper name black',0.00000000,0.00,0.00,'202306211247577071.png',0,0,1,'2023-06-21 07:17:57','0',0),(324,'viper name red',0.00000000,0.00,0.00,'202306211248131382.png',0,0,1,'2023-06-21 07:18:13','0',0),(325,'viper red',0.00000000,0.00,0.00,'20230621124829255.png',0,0,1,'2023-06-21 07:18:29','0',0),(326,'viper name white',0.00000000,0.00,0.00,'202306211248509808.png',0,0,1,'2023-06-21 07:18:50','0',0),(327,'viper white',0.00000000,0.00,0.00,'202306211249174524.png',0,0,1,'2023-06-21 07:19:17','0',0),(328,'volleyball white',0.00000000,0.00,0.00,'202307060133441944.png',0,0,1,'2023-07-06 08:03:44','0',0),(329,'grub hub',0.00000000,0.00,0.00,'202307130459195651.png',0,0,1,'2023-07-13 11:29:19','0',0),(330,'michellin',0.00000000,0.00,0.00,'202307130459563948.png',0,0,1,'2023-07-13 11:29:56','0',0),(333,'Larchmont wolf',0.00000000,0.00,0.00,'202308080209141907.png',0,0,1,'2023-08-08 08:39:14','0',0),(334,'Larchmont basketball logo black',0.00000000,0.00,0.00,'202308080342434390.png',0,0,1,'2023-08-08 10:12:43','0',0),(335,'Larchmont basketball logo white',0.00000000,0.00,0.00,'202308080342589402.png',0,0,1,'2023-08-08 10:12:58','0',0),(336,'Larchmont wolf white',0.00000000,0.00,0.00,'202308080343273931.png',0,0,1,'2023-08-08 10:13:27','0',0),(337,'AYSO dark green',0.00000000,0.00,0.00,'202308100102039510.png',0,0,1,'2023-08-10 07:32:04','0',0),(338,'AYSO white',0.00000000,0.00,0.00,'202308100106536821.png',0,0,1,'2023-08-10 07:36:53','0',0),(342,'ayso xtra contour',0.00000000,0.00,0.00,'202308130907421612.jpg',0,0,1,'2023-08-13 03:37:42','0',0),(343,'ayso logo white green',0.00000000,0.00,0.00,'202308130908037853.png',0,0,1,'2023-08-13 03:38:03','0',0),(345,'microsoft teams logo',0.00000000,0.00,0.00,'202308181222115272.png',0,0,1,'2023-08-18 06:52:11','0',0),(346,'Microsoft teams all black',0.00000000,0.00,0.00,'202308230634495344.png',0,0,1,'2023-08-23 01:04:49','0',0),(347,'Microsoft teams all white',0.00000000,0.00,0.00,'202308230635022708.png',0,0,1,'2023-08-23 01:05:02','0',0),(348,'all American party black',0.00000000,0.00,0.00,'20230825054526321.png',0,0,1,'2023-08-25 12:15:26','0',0),(349,'all American party white',0.00000000,0.00,0.00,'202308250546098495.png',0,0,1,'2023-08-25 12:16:09','0',0),(350,'la esperanza',0.00000000,0.00,0.00,'202308311234245114.png',0,0,1,'2023-08-30 19:04:24','0',0),(351,'Ftbl academy black',0.00000000,0.00,0.00,'202309030932515274.png',0,0,1,'2023-09-03 16:02:51','0',0),(352,'Ftbl academy white',0.00000000,0.00,0.00,'202309030933145967.png',0,3,1,'2023-09-03 16:03:14','0',0),(353,'warriors logo',0.00000000,0.00,0.00,'202310010307205012.png',0,0,1,'2023-10-01 09:37:20','0',0),(359,'wall gold white',0.00000000,0.00,0.00,'202310020214253133.png',0,0,1,'2023-10-02 08:44:25','0',0),(361,'United red-2',0.00000000,0.00,0.00,'202310030750466873.png',0,0,1,'2023-10-03 14:20:46','0',0),(362,'United black-2',0.00000000,0.00,0.00,'202310030751291747.png',0,0,1,'2023-10-03 14:21:29','0',0),(363,'Man Utd Devil',0.00000000,0.00,0.00,'202310030751512856.png',0,0,1,'2023-10-03 14:21:51','0',0),(366,'FTBL crewneck white',0.00000000,0.00,0.00,'202311020116511130.png',0,4,1,'2023-11-02 07:46:51','0',0),(368,'man united graphic',0.00000000,0.00,0.00,'202312020803442027.png',0,2,1,'2023-12-02 14:33:44','0',0),(369,'Bruno Dent Black',0.00000000,0.00,0.00,'202312280753457088.png',0,0,1,'2023-12-28 14:23:45','0',0),(370,'Bruno Dent County Black',0.00000000,0.00,0.00,'202312280753588585.png',0,0,1,'2023-12-28 14:23:58','0',0),(371,'Bruno Dent County White',0.00000000,0.00,0.00,'202312280754149513.png',0,0,1,'2023-12-28 14:24:14','0',0),(372,'Bruno Dent White',0.00000000,0.00,0.00,'202312280754317816.png',0,0,1,'2023-12-28 14:24:31','0',0),(373,'Bruno Hauling White',0.00000000,0.00,0.00,'202312280754495680.png',0,0,1,'2023-12-28 14:24:49','0',0),(374,'Bruno Salem Black',0.00000000,0.00,0.00,'202312280755061025.png',0,0,1,'2023-12-28 14:25:07','0',0),(375,'Bruno Salem White',0.00000000,0.00,0.00,'202312280755199354.png',0,0,1,'2023-12-28 14:25:19','0',0),(377,'firenation',0.00000000,0.00,0.00,'202401130344025353.png',0,8,1,'2024-01-12 22:14:02','0',0),(378,'L&D Black',0.00000000,0.00,0.00,'202404220210186491.png',0,0,1,'2024-04-21 20:40:18','0',0),(379,'L&D Navy',0.00000000,0.00,0.00,'202404220210398736.png',0,0,1,'2024-04-21 20:40:39','0',0),(380,'money services',0.00000000,0.00,0.00,'202407011226092624.png',0,0,1,'2024-07-01 06:56:09','0',0),(381,'ERHS shirt design',0.00000000,0.00,0.00,'202408190626045747.png',0,0,1,'2024-08-19 00:56:05','0',0),(384,'ERHS black shirt design',0.00000000,0.00,0.00,'20240819114044981.png',0,0,1,'2024-08-19 06:10:44','0',0),(385,'ERHS hoodie design',0.00000000,0.00,0.00,'202408241152063461.png',0,0,1,'2024-08-24 06:22:06','0',0);

--
-- Table structure for table `color_palettes`
--

CREATE TABLE `color_palettes` (
  `xe_id` bigint NOT NULL AUTO_INCREMENT,
  `category_id` bigint NOT NULL,
  `subcategory_id` bigint NOT NULL,
  `name` varchar(60) COLLATE utf8mb3_unicode_ci NOT NULL,
  `price` decimal(20,8) DEFAULT NULL,
  `value` varchar(100) COLLATE utf8mb3_unicode_ci DEFAULT NULL,
  `hex_value` varchar(30) COLLATE utf8mb3_unicode_ci DEFAULT NULL,
  `store_id` int DEFAULT NULL,
  `created_at` datetime NOT NULL DEFAULT CURRENT_TIMESTAMP,
  `cloud_storage` tinyint(1) NOT NULL DEFAULT '0',
  PRIMARY KEY (`xe_id`)
) ENGINE=InnoDB AUTO_INCREMENT=229 DEFAULT CHARSET=utf8mb3 COLLATE=utf8mb3_unicode_ci;

--
-- Dumping data for table `color_palettes`
--

INSERT INTO `color_palettes` VALUES (1,1,28,'Light Grey',0.00000000,'0,6,6,9','#e7d8d8',1,'2020-03-30 15:00:27',0),(2,1,28,'Pink',0.00000000,'0,47,47,10','#e67b7b',1,'2020-03-30 16:11:45',0),(3,1,28,'Yellow',0.00000000,'0,3,62,4','#f6ee5e',1,'2020-03-30 16:13:10',0),(4,1,28,'Light Red',0.00000000,'0,31,31,1','#fdaeae',1,'2020-03-30 16:13:34',0),(5,1,28,'Light Blue',0.00000000,'35,6,0,3','#a0e7f7',1,'2020-03-30 16:15:24',0),(6,1,28,'Lime Green',0.00000000,'47,0,35,2','#85f9a1',1,'2020-03-30 16:15:49',0),(7,1,28,'Red',0.00000000,'0,26,26,1','#fdbaba',1,'2020-03-30 16:45:26',0),(8,1,28,'Red',0.00000000,'0,16,16,0','#ffd5d5',1,'2020-03-30 16:48:00',0),(9,1,28,'Pink',0.00000000,'0,50,2,0','#ff7ff9',1,'2020-03-30 16:48:23',0),(10,1,28,'Pink',0.00000000,'9,36,0,0','#e8a2ff',1,'2020-03-30 16:48:46',0),(11,1,28,'Pink',0.00000000,'2,16,0,0','#fad7ff',1,'2020-03-30 16:50:03',0),(12,1,28,'Pink',0.00000000,'21,39,0,3','#c296f7',1,'2020-03-30 16:50:21',0),(13,1,28,'Light Purple',0.00000000,'54,51,0,0','#757dff',1,'2020-03-30 16:51:13',0),(14,1,28,'Purple',0.00000000,'29,29,0,0','#b6b4ff',1,'2020-03-30 16:51:51',0),(15,1,28,'Greyish Blue',0.00000000,'35,22,0,2','#a3c2f9',1,'2020-03-30 16:52:35',0),(16,1,28,'Light Blue',0.00000000,'42,18,0,0','#94d2ff',1,'2020-03-30 16:53:32',0),(17,1,28,'Grey Blue',0.00000000,'34,9,0,0','#a8e9ff',1,'2020-03-30 16:54:01',0),(18,1,28,'Sea Green',0.00000000,'60,0,3,0','#65fff7',1,'2020-03-30 16:54:34',0),(19,1,28,'Light Blue',0.00000000,'42,0,0,0','#94fffe',1,'2020-03-30 16:55:09',0),(20,1,28,'Bluish White',0.00000000,'21,0,3,2','#c6fbf4',1,'2020-03-30 16:55:46',0),(21,1,28,'Bluish Green',0.00000000,'36,0,22,0','#a3ffc7',1,'2020-03-30 16:56:17',0),(22,1,28,'Green',0.00000000,'54,0,51,0','#76ff7c',1,'2020-03-30 16:56:49',0),(23,1,28,'Green',0.00000000,'31,0,25,0','#b1ffbf',1,'2020-03-30 16:57:27',0),(24,1,28,'Green',0.00000000,'19,0,19,0','#cfffcf',1,'2020-03-30 16:58:08',0),(25,1,28,'Dark Lime',0.00000000,'35,0,60,0','#a6ff66',1,'2020-03-30 16:58:34',0),(26,1,28,'Lime',0.00000000,'18,0,48,0','#d2ff84',1,'2020-03-30 16:58:58',0),(27,1,28,'Pista',0.00000000,'9,0,22,1','#e6fdc5',1,'2020-03-30 16:59:25',0),(28,1,28,'Light Yellow',0.00000000,'0,1,34,1','#fdfba8',1,'2020-03-30 16:59:51',0),(29,1,28,'Light Yellow',0.00000000,'0,7,45,4','#f5e587',1,'2020-03-30 17:01:24',0),(30,1,28,'Orange Light',0.00000000,'0,28,48,4','#f5b17f',1,'2020-03-30 17:03:39',0),(31,1,28,'Cream',0.00000000,'0,10,21,0','#ffe5ca',1,'2020-03-30 17:04:05',0),(32,1,29,'Dark',0.00000000,'0,100,100,98','#040000',1,'2020-03-30 17:04:36',0),(33,1,29,'Pink',0.00000000,'0,100,13,55','#720063',1,'2020-03-30 17:04:59',0),(34,1,29,'Pink',0.00000000,'0,100,13,35','#a5008f',1,'2020-03-30 17:05:24',0),(35,1,29,'Pink',0.00000000,'0,100,13,8','#eb00cc',1,'2020-03-30 17:06:01',0),(36,1,29,'Pink',0.00000000,'0,86,12,0','#ff23e1',1,'2020-03-30 17:06:22',0),(37,1,29,'Pink',0.00000000,'0,70,9,0','#ff4ce7',1,'2020-03-30 17:06:47',0),(38,1,29,'Purple',0.00000000,'51,100,0,54','#3a0076',1,'2020-03-30 17:07:13',0),(39,1,29,'Purple',0.00000000,'51,100,0,30','#5800b3',1,'2020-03-30 17:07:40',0),(40,1,29,'Purple',0.00000000,'51,100,0,0','#7d00ff',1,'2020-03-30 17:08:08',0),(41,1,29,'Purple',0.00000000,'43,84,0,0','#9228ff',1,'2020-03-30 17:08:38',0),(42,1,29,'Purple',0.00000000,'36,71,0,0','#a34aff',1,'2020-03-30 17:09:04',0),(43,1,29,'Blue',0.00000000,'100,80,0,66','#001156',1,'2020-03-30 17:09:31',0),(44,1,29,'Blue',0.00000000,'100,81,0,37','#001fa1',1,'2020-03-30 17:09:53',0),(45,1,29,'Blue',0.00000000,'100,81,0,18','#0028d2',1,'2020-03-30 17:10:19',0),(46,1,29,'Blue',0.00000000,'90,73,0,0','#1a46ff',1,'2020-03-30 17:10:52',0),(47,1,29,'Blue',0.00000000,'72,58,0,0','#486bff',1,'2020-03-30 17:11:17',0),(48,1,29,'Blue',0.00000000,'100,29,0,42','#006a95',1,'2020-03-30 17:11:46',0),(49,1,29,'Blue',0.00000000,'100,29,0,22','#008cc6',1,'2020-03-30 17:12:13',0),(50,1,29,'Blue',0.00000000,'100,29,0,0','#00b5ff',1,'2020-03-30 17:14:58',0),(51,1,29,'Blue',0.00000000,'78,23,0,0','#38c5ff',1,'2020-03-30 17:15:23',0),(52,1,29,'Green',0.00000000,'100,0,31,31','#00af79',1,'2020-03-30 17:15:48',0),(53,1,29,'Green',0.00000000,'100,0,31,13','#00de9a',1,'2020-03-30 17:16:13',0),(54,1,29,'Darkish Blue Green',0.00000000,'96,0,29,0','#09ffb4',1,'2020-03-30 17:16:54',0),(55,1,29,'Green',0.00000000,'74,0,23,0','#42ffc5',1,'2020-03-30 17:17:20',0),(56,1,29,'Green',0.00000000,'58,0,100,32','#49ad00',1,'2020-03-30 17:19:23',0),(57,1,29,'Green',0.00000000,'58,0,100,15','#5bd800',1,'2020-03-30 17:19:49',0),(58,1,29,'Green',0.00000000,'51,0,88,0','#7dff1e',1,'2020-03-30 17:20:16',0),(59,1,29,'Green',0.00000000,'42,0,73,0','#94ff46',1,'2020-03-30 17:20:41',0),(60,1,29,'Yellow',0.00000000,'0,15,100,31','#af9500',1,'2020-03-30 17:21:03',0),(61,1,29,'Yellow',0.00000000,'0,15,100,14','#dcbb00',1,'2020-03-30 17:21:29',0),(62,1,29,'Blood Red',0.00000000,'0,100,100,55','#720000',1,'2020-03-30 17:21:56',0),(63,1,29,'Deep Red',0.00000000,'0,100,100,28','#b80000',1,'2020-03-30 17:22:27',0),(64,1,29,'Blood Red',0.00000000,'0,100,100,0','#ff0000',1,'2020-03-30 17:22:55',0),(65,1,30,'Black ',0.00000000,'0,2,2,67','#535151',1,'2020-03-30 17:23:27',0),(66,1,30,'Grey',0.00000000,'0,2,2,67','#535151',1,'2020-03-30 17:55:53',0),(67,1,30,'Black',0.00000000,'0,30,30,92','#140e0e',1,'2020-03-30 17:56:21',0),(68,1,30,'White',0.00000000,'0,2,2,0','#fffbfb',1,'2020-03-30 17:56:53',0),(69,1,30,'Black',0.00000000,'0,2,2,75','#3f3e3e',1,'2020-03-30 17:57:48',0),(70,1,30,'Grey',0.00000000,'0,3,3,38','#9f9b9b',1,'2020-03-30 17:58:13',0),(71,1,30,'Black',0.00000000,'0,0,0,92','#141414',1,'2020-03-30 17:58:37',0),(72,1,30,'Grey',0.00000000,'0,0,0,53','#787878',1,'2020-03-30 17:59:27',0),(73,1,30,'Black',0.00000000,'0,16,16,83','#2b2424',1,'2020-03-30 18:00:29',0),(74,1,30,'Grey',0.00000000,'0,3,3,55','#726f6f',1,'2020-03-30 18:00:51',0),(75,1,30,'Light Grey',0.00000000,'0,1,1,15','#d8d6d6',1,'2020-03-30 18:01:14',0),(76,1,30,'Black',0.00000000,'0,81,81,94','#100303',1,'2020-03-30 18:01:36',0),(77,1,30,'Grey',0.00000000,'0,3,3,38','#9d9999',1,'2020-03-30 18:01:57',0),(78,1,30,'Grey',0.00000000,'0,3,3,53','#787575',1,'2020-03-30 18:02:26',0),(79,1,30,'Black',0.00000000,'0,80,80,96','#0a0202',1,'2020-03-30 18:02:49',0),(80,1,30,'Black',0.00000000,'0,40,40,96','#0a0606',1,'2020-03-30 18:03:21',0),(81,1,30,'Grey',0.00000000,'0,1,1,15','#d8d6d6',1,'2020-03-30 18:03:44',0),(82,1,30,'Grey',0.00000000,'0,2,2,50','#807e7e',1,'2020-03-30 18:04:13',0),(83,1,30,'Black',0.00000000,'0,0,0,96','#0a0a0a',1,'2020-03-30 18:04:35',0),(84,1,30,'Dark Grey',0.00000000,'0,4,4,73','#454242',1,'2020-03-30 18:05:01',0),(85,1,30,'Grey',0.00000000,'0,2,2,54','#767474',1,'2020-03-30 18:05:24',0),(86,1,30,'Grey',0.00000000,'0,0,0,15','#d9d9d9',1,'2020-03-30 18:05:47',0),(87,1,30,'White',0.00000000,'0,2,2,3','#f7f3f3',1,'2020-03-30 18:06:58',0),(88,1,30,'Black',0.00000000,'0,0,0,100','#000000',1,'2020-03-30 18:07:38',0),(89,1,30,'Grey',0.00000000,'0,0,0,75','#3f3f3f',1,'2020-03-30 18:08:02',0),(90,1,30,'Grey',0.00000000,'0,0,0,63','#5e5e5e',1,'2020-03-30 18:08:37',0),(91,1,30,'Grey',0.00000000,'0,0,0,42','#959595',1,'2020-03-30 18:09:04',0),(92,1,30,'Grey',0.00000000,'0,0,0,31','#b1b1b1',1,'2020-03-30 18:09:37',0),(95,4,37,'Pattern',0.00000000,'202003300618024393.png','',1,'2020-03-30 18:18:02',0),(96,4,37,'Pattern',0.00000000,'202003300618251382.png','',1,'2020-03-30 18:18:25',0),(97,4,37,'Blue',0.00000000,'202003300620213083.png','',1,'2020-03-30 18:20:21',0),(98,4,37,'Blue',0.00000000,'202003300623353057.png','',1,'2020-03-30 18:23:35',0),(99,4,37,'Green',0.00000000,'202003300624135511.png','',1,'2020-03-30 18:24:13',0),(100,4,37,'Red',0.00000000,'202003300624334685.png','',1,'2020-03-30 18:24:34',0),(101,4,37,'Pattern',0.00000000,'202003300633506148.png','',1,'2020-03-30 18:33:50',0),(102,4,37,'Pettern',0.00000000,'202003300634123769.png','',1,'2020-03-30 18:34:12',0),(103,4,37,'Blue',0.00000000,'202003300634329671.png','',1,'2020-03-30 18:34:32',0),(104,4,37,'Pattern',0.00000000,'202003300634559920.png','',1,'2020-03-30 18:34:55',0),(105,4,37,'Pattern',0.00000000,'202003300636033283.png','',1,'2020-03-30 18:36:03',0),(106,4,37,'Pattern',0.00000000,'202003300636249333.png','',1,'2020-03-30 18:36:24',0),(107,4,37,'Pattern',0.00000000,'20200330063648204.png','',1,'2020-03-30 18:36:48',0),(108,4,37,'Pattern',0.00000000,'20200330063725900.png','',1,'2020-03-30 18:37:25',0),(109,4,37,'Pattern',0.00000000,'20200330063753383.png','',1,'2020-03-30 18:37:53',0),(110,4,37,'Blue',0.00000000,'202003300638168877.png','',1,'2020-03-30 18:38:16',0),(111,4,37,'Pattern',0.00000000,'202003300638368049.png','',1,'2020-03-30 18:38:36',0),(112,4,37,'Red',0.00000000,'202003300638514686.png','',1,'2020-03-30 18:38:51',0),(113,4,38,'Pink',0.00000000,'202003300639098502.png','',1,'2020-03-30 18:39:09',0),(114,4,38,'Grey',0.00000000,'202003300639358806.png','',1,'2020-03-30 18:39:35',0),(115,4,38,'Blue',0.00000000,'20200330063950994.png','',1,'2020-03-30 18:39:50',0),(116,4,38,'Pink',0.00000000,'202003300640029356.png','',1,'2020-03-30 18:40:02',0),(117,4,38,'Blue',0.00000000,'202003300640168084.png','',1,'2020-03-30 18:40:16',0),(118,4,38,'Blue',0.00000000,'202003300640346077.png','',1,'2020-03-30 18:40:34',0),(119,4,38,'Green',0.00000000,'202003300640539398.png','',1,'2020-03-30 18:40:53',0),(120,4,38,'Orange',0.00000000,'202003300641086031.png','',1,'2020-03-30 18:41:08',0),(121,4,38,'Blue',0.00000000,'20200330064214459.png','',1,'2020-03-30 18:42:14',0),(122,4,38,'Green',0.00000000,'202003300642301201.png','',1,'2020-03-30 18:42:30',0),(123,4,38,'Grey',0.00000000,'202003300642464780.png','',1,'2020-03-30 18:42:46',0),(124,4,38,'Pink',0.00000000,'202003300643032494.png','',1,'2020-03-30 18:43:03',0),(125,4,38,'Pink',0.00000000,'202003300643322820.png','',1,'2020-03-30 18:43:32',0),(126,4,38,'Pink',0.00000000,'202003300643518467.png','',1,'2020-03-30 18:43:51',0),(127,2,31,'Sea Green',0.00000000,'46,139,87','#2e8b57',1,'2020-03-30 19:39:31',0),(128,2,31,'Dark Sea Green',0.00000000,'143,188,143','#8fbc8f',1,'2020-03-30 19:40:01',0),(129,2,31,'Pale Green',0.00000000,'152,251,152','#98fb98',1,'2020-03-30 19:40:27',0),(130,2,31,'Light Green',0.00000000,'144,238,144','#90ee90',1,'2020-03-30 19:41:02',0),(131,2,31,'Spring Green',0.00000000,'0,255,127','#00ff7f',1,'2020-03-30 19:41:28',0),(132,2,31,'Yellow Green',0.00000000,'154,205,50','#9acd32',1,'2020-03-30 19:41:54',0),(133,2,31,'Green Yellow',0.00000000,'173,255,47','#adff2f',1,'2020-03-30 19:42:25',0),(134,2,31,'Green',0.00000000,'0,128,0','#008000',1,'2020-03-30 19:43:30',0),(135,2,31,'Dark Green',0.00000000,'34,139,34','#228b22',1,'2020-03-30 19:43:55',0),(136,2,31,'Green',0.00000000,'0,255,0','#00ff00',1,'2020-03-30 19:44:43',0),(137,2,31,'Green',0.00000000,'44,143,96','#2c8f60',1,'2020-03-30 19:55:08',0),(138,2,31,'Light Green',0.00000000,'132,230,106','#84e66a',1,'2020-03-30 19:55:40',0),(139,2,31,'Green',0.00000000,'64,129,81','#408151',1,'2020-03-30 19:56:00',0),(140,2,31,'Green',0.00000000,'53,116,64','#357440',1,'2020-03-30 19:56:26',0),(141,2,32,'Dark Yellow',0.00000000,'204,204,0','#cccc00',1,'2020-03-30 19:56:58',0),(142,2,32,'Light Yellow',0.00000000,'255,255,51','#ffff33',1,'2020-03-30 19:57:23',0),(143,2,32,'Light Yellow',0.00000000,'255,255,102','#ffff66',1,'2020-03-30 19:57:59',0),(144,2,32,'Yellow',0.00000000,'255,255,0','#ffff00',1,'2020-03-30 19:58:22',0),(145,2,33,'Maroon',0.00000000,'128,0,0','#800000',1,'2020-03-30 19:58:48',0),(146,2,33,'Dark Red',0.00000000,'139,0,0','#8b0000',1,'2020-03-30 19:59:15',0),(147,2,33,'Indian Red',0.00000000,'205,92,92','#cd5c5c',1,'2020-03-30 19:59:39',0),(148,2,33,'Crimson',0.00000000,'220,20,60','#dc143c',1,'2020-03-30 20:00:04',0),(149,2,33,'Red',0.00000000,'178,34,34','#b22222',1,'2020-03-30 20:00:28',0),(150,2,33,'Red',0.00000000,'255,0,0','#ff0000',1,'2020-03-30 20:00:51',0),(151,5,40,'Blue',0.00000000,'#2f54a1','#2f54a1',1,'2020-03-31 03:57:08',0),(152,5,40,'Maroon',0.00000000,'#da3b3b','#da3b3b',1,'2020-03-31 03:57:32',0),(153,5,40,'Green',0.00000000,'#0c9937','#0c9937',1,'2020-03-31 03:58:02',0),(154,5,40,'Yellow',0.00000000,'#d8e612','#d8e612',1,'2020-03-31 03:58:34',0),(155,5,40,'Violet',0.00000000,'#7735e9','#7735e9',1,'2020-03-31 03:59:10',0),(156,5,40,'Brown',0.00000000,'#501818','#501818',1,'2020-03-31 03:59:46',0),(157,5,40,'Orange',0.00000000,'#d23636','#d23636',1,'2020-03-31 04:00:23',0),(158,5,40,'Grey',0.00000000,'#250505','#250505',1,'2020-03-31 04:00:42',0),(159,5,40,'Black',0.00000000,'#141313','#141313',1,'2020-03-31 04:01:00',0),(160,5,40,'Red',0.00000000,'#b40f0f','#b40f0f',1,'2020-03-31 04:01:33',0),(161,5,40,'Blue',0.00000000,'#3430fd','#3430fd',1,'2020-03-31 04:02:22',0),(163,3,63,'270 C',0.00000000,'#B4B5DF','#B4B5DF',1,'2020-03-31 06:14:02',0),(164,3,63,'7444 C',0.00000000,'#B6B8DC','#B6B8DC',1,'2020-03-31 06:14:27',0),(165,3,63,'543 C',0.00000000,'#A4C8E1','#A4C8E1',1,'2020-03-31 06:14:58',0),(166,3,63,'5493 C',0.00000000,'#7FA9AE','#7FA9AE',1,'2020-03-31 06:15:22',0),(167,3,63,'7590 C',0.00000000,'#D4B59E','#D4B59E',1,'2020-03-31 06:16:01',0),(168,3,63,'700 C',0.00000000,'#F2ACB9','#F2ACB9',1,'2020-03-31 06:16:15',0),(169,3,63,'7437 C',0.00000000,'#CCAED0','#CCAED0',1,'2020-03-31 06:16:32',0),(170,3,63,'7513 C',0.00000000,'#E1B7A7','#E1B7A7',1,'2020-03-31 06:16:50',0),(171,3,63,'421 C',0.00000000,'#B2B4B2','#B2B4B2',1,'2020-03-31 06:17:11',0),(172,3,63,'7471 C',0.00000000,'#7EDDD3','#7EDDD3',1,'2020-03-31 06:17:42',0),(173,3,63,'558 C',0.00000000,'#9ABEAA','#9ABEAA',1,'2020-03-31 06:18:04',0),(174,3,63,'580 C',0.00000000,'#C4D6A4','#C4D6A4',1,'2020-03-31 06:18:20',0),(175,3,63,'7403 C',0.00000000,'#EED484','#EED484',1,'2020-03-31 06:18:45',0),(176,3,63,'379 C',0.00000000,'#E2E868','#E2E868',1,'2020-03-31 06:19:21',0),(177,3,63,'656 C',0.00000000,'#DDE5ED','#DDE5ED',1,'2020-03-31 06:20:09',0),(178,3,64,'7566 C',0.00000000,'#AD6433','#AD6433',1,'2020-03-31 06:25:26',0),(179,3,64,'874 C',0.00000000,'#8B6F4E','#8B6F4E',1,'2020-03-31 06:26:27',0),(180,3,64,'1788 C',0.00000000,'#EE2737','#EE2737',1,'2020-03-31 06:26:50',0),(181,3,64,'7579 C',0.00000000,'#DC582A','#DC582A',1,'2020-03-31 06:27:07',0),(182,3,64,'7488 C',0.00000000,'#78D64B','#78D64B',1,'2020-03-31 06:27:28',0),(183,3,64,'2727 C',0.00000000,'#307FE2','#307FE2',1,'2020-03-31 06:27:49',0),(184,3,64,'807 C',0.00000000,'#EA27C2','#EA27C2',1,'2020-03-31 06:28:20',0),(185,3,64,'653 C',0.00000000,'#326295','#326295',1,'2020-03-31 06:28:44',0),(186,3,64,'7651 C',0.00000000,'#6A2A5B','#6A2A5B',1,'2020-03-31 06:29:04',0),(187,3,64,'267 C',0.00000000,'#5F259F','#5F259F',1,'2020-03-31 06:29:23',0),(188,3,64,'2623 C',0.00000000,'#5F2167','#5F2167',1,'2020-03-31 06:29:41',0),(189,3,64,'5605 C',0.00000000,'#22372B','#22372B',1,'2020-03-31 06:30:12',0),(190,3,64,'5605 C',0.00000000,'#22372B','#22372B',1,'2020-03-31 06:30:42',0),(191,3,64,'504 C',0.00000000,'#572932','#572932',1,'2020-03-31 06:31:13',0),(192,3,64,'213 C',0.00000000,'#E31C79','#E31C79',1,'2020-03-31 06:31:56',0),(193,130,131,'Royal',0.00000000,'65,105,225','#4169e1',1,'2023-02-16 07:08:43',0),(194,130,131,'Kelly',0.00000000,'76,187,23','#4cbb17',1,'2023-02-16 07:09:16',0),(195,130,131,'Pink',0.00000000,'255,192,203','#ffc0cb',1,'2023-02-16 07:09:43',0),(196,130,131,'Black',0.00000000,'0,0,0','#000',1,'2023-02-16 07:09:58',0),(197,130,131,'White',0.00000000,',,','#ffff',1,'2023-02-16 07:10:11',0),(198,130,131,'Red',0.00000000,'255,0,0','#ff0000',1,'2023-02-16 07:10:30',0),(199,130,131,'Baby Blue',0.00000000,'137,207,240','#89cff0',1,'2023-02-16 07:10:59',0),(200,130,131,'Navy',0.00000000,'0,0,128','#000080',1,'2023-02-16 07:11:22',0),(201,130,131,'Dark Green',0.00000000,'2,48,32','#023020',1,'2023-02-16 07:12:04',0),(202,130,131,'Hot Pink',0.00000000,'255,105,180','#ff69b4',1,'2023-02-16 07:12:42',0),(203,130,131,'Orange',0.00000000,'255,102,0','#ff6600',1,'2023-02-16 07:13:33',0),(204,130,131,'Neon Orange',0.00000000,'255,165,0','#ffa500',1,'2023-02-16 07:14:23',0),(205,130,131,'Neon Green',0.00000000,'57,255,20','#39ff14',1,'2023-02-16 07:14:52',0),(206,130,131,'Neon Blue',0.00000000,'33,150,243','#2196f3',1,'2023-02-16 07:16:17',0),(207,130,131,'Lime Green',0.00000000,'50,205,50','#32cd32',1,'2023-02-16 07:16:48',0),(208,130,131,'Neon Pink',0.00000000,'255,16,240','#ff10f0',1,'2023-02-16 07:17:32',0),(209,130,131,'Charcoal',0.00000000,'54,69,79','#36454f',1,'2023-02-16 07:18:13',0),(210,130,131,'Gray',0.00000000,'128,128,128','#808080',1,'2023-02-16 07:18:32',0),(211,130,131,'Teal',0.00000000,'0,128,128','#008080',1,'2023-02-16 07:19:04',0),(212,130,131,'Silver',0.00000000,'192,192,192','#c0c0c0',1,'2023-02-16 07:19:39',0),(213,130,131,'Vegas Gold',0.00000000,'197,179,88','#c5b358',1,'2023-02-18 22:09:58',0),(214,130,131,'Athletic Gold',0.00000000,'235,160,6','#EBA006',1,'2023-02-18 22:10:36',0),(215,130,131,'Purple',0.00000000,'160,32,240','#a020f0',1,'2023-02-18 22:11:59',0),(216,130,131,'Burgundy',0.00000000,'128,2,0','#800200',1,'2023-02-18 22:12:28',0),(217,130,131,'Maroon',0.00000000,'83,12,12','#530c0c',1,'2023-02-18 22:13:15',0),(218,5,40,'White',0.00000000,'#ffffff','#ffffff',1,'2023-12-11 11:31:03',0),(219,130,131,'Navy',0.00000000,'0,0,128','#000080',1,'2024-01-25 07:19:25',0),(220,130,131,'Royal',0.00000000,'65,105,225','#4169e1',1,'2024-01-25 07:21:29',0),(221,130,131,'Kelly',0.00000000,'76,187,23','#4cbb17',1,'2024-01-25 07:22:06',0),(223,155,156,'Black',0.00000000,'0,0,0','#000',1,'2024-01-25 07:41:25',0),(224,155,156,'Charcoal',0.00000000,'54,69,79','#36454f',1,'2024-01-25 07:43:05',0),(225,155,156,'White',0.00000000,'255,255,255','#ffffff',1,'2024-01-25 08:55:26',0),(227,155,156,'dark navy',0.00000000,'34,33,44','#22212c',1,'2024-03-01 09:14:29',0),(228,157,158,'Black',0.00000000,'0,0,0','#000000',1,'2024-03-06 07:25:43',0);

--
-- Table structure for table `color_swatches`
--

CREATE TABLE `color_swatches` (
  `xe_id` int NOT NULL AUTO_INCREMENT,
  `attribute_id` varchar(50) COLLATE utf8mb3_unicode_ci NOT NULL,
  `hex_code` varchar(15) COLLATE utf8mb3_unicode_ci DEFAULT NULL,
  `file_name` varchar(50) COLLATE utf8mb3_unicode_ci DEFAULT NULL,
  `color_type` int DEFAULT NULL,
  `cloud_storage` tinyint(1) NOT NULL DEFAULT '0',
  PRIMARY KEY (`xe_id`)
) ENGINE=InnoDB AUTO_INCREMENT=90 DEFAULT CHARSET=utf8mb3 COLLATE=utf8mb3_unicode_ci;

--
-- Dumping data for table `color_swatches`
--

INSERT INTO `color_swatches` VALUES (1,'White','#ffffff',NULL,4,0),(2,'Black','#000',NULL,5,0),(3,'Red','#ee0000',NULL,5,0),(4,'Green','#21e842',NULL,6,0),(5,'Blue','#021ddd',NULL,5,0),(6,'Blueprint','#35637c',NULL,5,0),(7,'Maroon','#800000',NULL,5,0),(8,'ElectricBlue','#0000ff',NULL,5,0),(9,'gray','#808080',NULL,6,0),(10,'navy','#000080',NULL,5,0),(11,'royal','#4169e1',NULL,5,0),(12,'HeatheredBerry','#630a0a',NULL,5,0),(13,'HeatheredSteel','#b7adad',NULL,6,0),(14,'Charcoal','#575656',NULL,5,0),(15,'HeatheredTeal','#008080',NULL,5,0),(16,'PoseidonBlue','#212b4b',NULL,5,0),(17,'MaritimeBlue','#27293d',NULL,5,0),(18,'HeatheredForest','#164816',NULL,5,0),(19,'Teal','#008080',NULL,5,0),(20,'Espresso','#3c2218',NULL,5,0),(21,'HeatheredNavy','#000080',NULL,5,0),(22,'Denim','#6f8faf',NULL,6,0),(23,'Fuchsia','#ff00ff',NULL,6,0),(24,'BrightTurquoise','#30d5c8',NULL,6,0),(25,'NewNavy','#000080',NULL,5,0),(26,'Berry','#8d4e85',NULL,5,0),(27,'ForestGreen','#0f420f',NULL,5,0),(28,'Latte','#bdab98',NULL,6,0),(29,'LightGreen','#90ee90',NULL,6,0),(30,'Yellow','#ffff00',NULL,6,0),(31,'Orange','#ffa500',NULL,6,0),(32,'LightGray','#d3d3d3',NULL,6,0),(33,'DarkGreen','#023020',NULL,5,0),(34,'DarkNavy','#02075d',NULL,5,0),(35,'Tan','#d2b48c',NULL,6,0),(36,'TacticalGreen','#4b5320',NULL,5,0),(37,'graycarolina','#4b9cd3',NULL,6,0),(38,'brown','#964b00',NULL,5,0),(39,'blackgold','#efb21e',NULL,6,0),(40,'blackroyal','#4169e1',NULL,5,0),(41,'blackorange','#ffa500',NULL,5,0),(42,'graylime','#32cd32',NULL,6,0),(43,'graymaroon','#800',NULL,5,0),(44,'graynavy','#000080',NULL,5,0),(45,'graphite','#251607',NULL,5,0),(46,'blackgray','#808080',NULL,6,0),(47,'blackheather','#000',NULL,5,0),(48,'royalheather','#4169e1',NULL,5,0),(49,'blacktwist','#000',NULL,5,0),(50,'GraphiteBlack','#000',NULL,5,0),(51,'GraphiteRed','#ff0000',NULL,5,0),(52,'GrayRoyal','#4169e1',NULL,5,0),(53,'GrayBlack','#000',NULL,5,0),(54,'BlackRed','#ff0000',NULL,5,0),(55,'GraphiteBlue','#4169e1',NULL,5,0),(56,'Camo Black','#000',NULL,5,0),(57,'Silver','#c0c0c0',NULL,6,0),(58,'Carolina','#4b9cd3',NULL,6,0),(59,'DarkGray','#5a5a5a',NULL,5,0),(60,'Pink','#ffc0cb','',4,0),(61,'Purple','#800080','',6,0),(62,'Olive','#808010','',6,0),(63,'basil','#879f84','',4,0),(64,'surprise','#c9936f','',4,0),(65,'coral','#ff7f50','',4,0),(66,'tarmac','#5a5348','',6,0),(67,'forest','#0b5509','',6,0),(68,'ecru','#c2b280','',4,0),(69,'Grey','#808080','',6,0),(70,'Crimson','#8c000f','',6,0),(71,'Gold','#ffd700','',4,0),(72,'Volt','#ceff00','',4,0),(73,'Turquoise','#06c2ac','',4,0),(74,'Lime','#aaff32','',4,0),(75,'Scarlet','#ff2400','',4,0),(76,'Ash','#bebaa7','',4,0),(77,'Cardinal','#c41e3a','',6,0),(78,'graypurple','#826d8c',NULL,4,0),(79,'grayforest','#646967',NULL,6,0),(80,'Lilac','#cea2fd','',4,0),(81,'Maize','#f4d054','',4,0),(82,'starlight','#bcc0cc','',4,0),(83,'carbon','#333333','',5,0),(84,'lavender','#b56edc','',4,0),(85,'beige','#e6daa6','',4,0),(86,'desert','#ccad60','',4,0),(87,'moss','#009051','',6,0),(88,'cobalt','#030aa7','',5,0),(89,'sahara','#b79826','',4,0);

--
-- Table structure for table `color_types`
--

CREATE TABLE `color_types` (
  `xe_id` int NOT NULL AUTO_INCREMENT,
  `name` varchar(30) COLLATE utf8mb3_unicode_ci DEFAULT NULL,
  PRIMARY KEY (`xe_id`)
) ENGINE=InnoDB AUTO_INCREMENT=7 DEFAULT CHARSET=utf8mb3 COLLATE=utf8mb3_unicode_ci;

--
-- Dumping data for table `color_types`
--

INSERT INTO `color_types` VALUES (4,'White'),(5,'Dark'),(6,'Light');

--
-- Table structure for table `customer_additional_info`
--

CREATE TABLE `customer_additional_info` (
  `xe_id` int NOT NULL AUTO_INCREMENT,
  `store_id` int NOT NULL,
  `customer_id` varchar(50) DEFAULT NULL,
  `customer_email` varchar(255) DEFAULT NULL,
  `stripe_customer_id` varchar(255) DEFAULT NULL,
  PRIMARY KEY (`xe_id`)
) ENGINE=InnoDB DEFAULT CHARSET=latin1;

--
-- Dumping data for table `customer_additional_info`
--


--
-- Table structure for table `customer_group_assets_category_rel`
--

CREATE TABLE `customer_group_assets_category_rel` (
  `customer_group_id` varchar(50) NOT NULL,
  `asset_type_id` int NOT NULL,
  `category_id` int NOT NULL
) ENGINE=InnoDB DEFAULT CHARSET=utf8mb3;

--
-- Dumping data for table `customer_group_assets_category_rel`
--


--
-- Table structure for table `customer_group_relation`
--

CREATE TABLE `customer_group_relation` (
  `customer_id` varchar(50) NOT NULL,
  `customer_group_id` varchar(50) NOT NULL
) ENGINE=InnoDB DEFAULT CHARSET=utf8mb3;

--
-- Dumping data for table `customer_group_relation`
--


--
-- Table structure for table `customer_group_tier_discount`
--

CREATE TABLE `customer_group_tier_discount` (
  `xe_id` int NOT NULL AUTO_INCREMENT,
  `customer_group_id` varchar(50) NOT NULL,
  `qty_from` int NOT NULL,
  `qty_to` int NOT NULL,
  `discount_rate` float NOT NULL,
  PRIMARY KEY (`xe_id`)
) ENGINE=InnoDB DEFAULT CHARSET=utf8mb3;

--
-- Dumping data for table `customer_group_tier_discount`
--


--
-- Table structure for table `customer_groups`
--

CREATE TABLE `customer_groups` (
  `xe_id` int NOT NULL AUTO_INCREMENT,
  `name` varchar(45) NOT NULL,
  `discount_enable` tinyint NOT NULL,
  `discount_type` enum('flat','tier') DEFAULT NULL,
  `tier_price_enable` tinyint(1) NOT NULL,
  `flat_discount` float DEFAULT NULL,
  `group_url` varchar(45) DEFAULT NULL,
  `group_address` text,
  `group_img` text,
  `group_primary_email` varchar(45) DEFAULT NULL,
  `group_secondary_email` varchar(45) DEFAULT NULL,
  `group_primary_number` varchar(45) DEFAULT NULL,
  `group_alt_number` varchar(45) DEFAULT NULL,
  `group_fax` varchar(45) DEFAULT NULL,
  `slug` varchar(45) DEFAULT NULL,
  `store_id` int NOT NULL,
  `store_ref_id` varchar(50) DEFAULT NULL,
  `created_at` date DEFAULT NULL,
  PRIMARY KEY (`xe_id`)
) ENGINE=InnoDB DEFAULT CHARSET=utf8mb3;

--
-- Dumping data for table `customer_groups`
--


--
-- Table structure for table `customer_internal_note_files`
--

CREATE TABLE `customer_internal_note_files` (
  `xe_id` int NOT NULL AUTO_INCREMENT,
  `note_id` int NOT NULL,
  `file` varchar(255) COLLATE utf8mb3_unicode_ci NOT NULL,
  PRIMARY KEY (`xe_id`)
) ENGINE=InnoDB DEFAULT CHARSET=utf8mb3 COLLATE=utf8mb3_unicode_ci;

--
-- Dumping data for table `customer_internal_note_files`
--


--
-- Table structure for table `customer_internal_notes`
--

CREATE TABLE `customer_internal_notes` (
  `xe_id` int NOT NULL AUTO_INCREMENT,
  `store_id` int NOT NULL,
  `customer_id` int NOT NULL,
  `title` varchar(255) COLLATE utf8mb3_unicode_ci NOT NULL,
  `note` text COLLATE utf8mb3_unicode_ci NOT NULL,
  `user_type` varchar(50) COLLATE utf8mb3_unicode_ci NOT NULL COMMENT 'admin, agent',
  `user_id` int NOT NULL,
  `seen_flag` tinyint(1) NOT NULL DEFAULT '0',
  `created_date` datetime NOT NULL,
  PRIMARY KEY (`xe_id`),
  KEY `customer_internal_notes` (`customer_id`,`created_date`)
) ENGINE=InnoDB DEFAULT CHARSET=utf8mb3 COLLATE=utf8mb3_unicode_ci;

--
-- Dumping data for table `customer_internal_notes`
--


--
-- Table structure for table `decoration_objects`
--

CREATE TABLE `decoration_objects` (
  `xe_id` int NOT NULL AUTO_INCREMENT,
  `product_id` varchar(50) COLLATE utf8mb3_unicode_ci NOT NULL,
  `3d_object_file` varchar(60) COLLATE utf8mb3_unicode_ci DEFAULT NULL,
  `uv_file` varchar(60) COLLATE utf8mb3_unicode_ci DEFAULT NULL,
  `cloud_storage` tinyint(1) NOT NULL DEFAULT '0',
  PRIMARY KEY (`xe_id`)
) ENGINE=InnoDB DEFAULT CHARSET=utf8mb3 COLLATE=utf8mb3_unicode_ci;

--
-- Dumping data for table `decoration_objects`
--


--
-- Table structure for table `design_states`
--

CREATE TABLE `design_states` (
  `xe_id` int NOT NULL AUTO_INCREMENT,
  `product_setting_id` int DEFAULT NULL,
  `product_id` varchar(50) COLLATE utf8mb3_unicode_ci DEFAULT NULL,
  `product_variant_id` varchar(50) COLLATE utf8mb3_unicode_ci DEFAULT NULL,
  `type` varchar(20) COLLATE utf8mb3_unicode_ci NOT NULL DEFAULT 'cart',
  `custom_price` float DEFAULT NULL,
  `store_id` int DEFAULT NULL,
  `created_at` datetime NOT NULL DEFAULT CURRENT_TIMESTAMP,
  `selected_category_id` varchar(50) COLLATE utf8mb3_unicode_ci DEFAULT NULL,
  `cloud_storage` tinyint(1) NOT NULL DEFAULT '0',
  PRIMARY KEY (`xe_id`)
) ENGINE=InnoDB AUTO_INCREMENT=1603 DEFAULT CHARSET=utf8mb3 COLLATE=utf8mb3_unicode_ci;

--
-- Dumping data for table `design_states`
--

INSERT INTO `design_states` VALUES (1,NULL,'6731095834821',NULL,'cart',0,1,'2021-06-25 11:27:59',NULL,0),(18,1,'6700516442309','40033715650757','template',12,1,'2021-06-30 06:35:36',NULL,0),(22,NULL,'6740606320837','40064157647045','template',12,1,'2021-07-03 06:02:07','null',0),(23,1,'6700517130437','39889629937861','template',12,1,'2021-07-05 23:58:10',NULL,0),(24,NULL,'6746035060933',NULL,'cart',0,1,'2021-07-06 00:21:16',NULL,0),(25,NULL,'6743262396613','40076599427269','template',12,1,'2021-07-06 12:21:54','null',0),(26,NULL,'6740356366533','40063282184389','template',12,1,'2021-07-06 21:13:24','null',0),(27,NULL,'6740356366533','40063282184389','template',12,1,'2021-07-06 21:30:47','null',0),(28,NULL,'6746935066821','40094382981317','template',12,1,'2021-07-07 01:50:21','null',0),(29,NULL,'6700521423045','40143827271877','template',12,1,'2021-07-14 10:39:18','null',0),(30,NULL,'6759894646981','40144689955013','template',12,1,'2021-07-16 02:17:53','null',0),(31,NULL,'6700519456965','40167555268805','template',12,1,'2021-07-17 12:34:55','null',0),(32,NULL,'6700518473925','40168525201605','template',12,1,'2021-07-17 14:51:38','null',0),(33,NULL,'6700518473925','40168525267141','template',12,1,'2021-07-17 15:10:46','null',0),(34,NULL,'6753185497285','40168781840581','template',12,1,'2021-07-17 15:54:00','null',0),(35,NULL,'6700515754181','40172971786437','template',12,1,'2021-07-18 13:20:05','null',0),(36,NULL,'6700517359813','40173131235525','template',12,1,'2021-07-18 14:45:10','null',0),(37,NULL,'6700517916869','40173209682117','template',12,1,'2021-07-18 14:57:26','null',0),(38,NULL,'6759894646981','40174163099845','template',12,1,'2021-07-18 17:53:31','null',0),(39,NULL,'6700515754181','40172971786437','template',12,1,'2021-07-25 15:49:03','null',0),(40,NULL,'6700519456965','40167555268805','template',12,1,'2021-07-29 23:52:22','null',0),(41,NULL,'6700518473925','40168525201605','template',12,1,'2021-07-30 12:46:56','null',0),(42,NULL,'6768829071557','40173462945989','template',12,1,'2021-08-03 05:14:14','null',0),(43,NULL,'6700520964293','40184119951557','template',12,1,'2021-08-12 05:50:51','null',0),(44,NULL,'6852695163077','40443967471813','template',12,1,'2021-08-26 13:03:24','null',0),(45,NULL,'6852695163077','40443967471813','template',12,1,'2021-08-26 13:10:02','null',0),(46,NULL,'6795088429253','40265144926405','template',12,1,'2021-08-29 12:43:37','null',0),(47,NULL,'6858898636997','40460421267653','template',12,1,'2021-08-30 06:28:10','null',0),(48,NULL,'6858898636997',NULL,'cart',0,1,'2021-08-30 06:31:32',NULL,0),(49,NULL,'6861452968133','40468020789445','template',12,1,'2021-08-31 01:09:50','null',0),(50,NULL,'6861452968133','40468020789445','template',12,1,'2021-08-31 22:12:12','null',0),(51,NULL,'6861452968133','40468020789445','template',12,1,'2021-09-01 06:07:29','null',0),(52,NULL,'6737592451269','40053078884549','template',12,1,'2021-09-01 07:56:34','null',0),(53,NULL,'6866052972741','40496319987909','template',12,1,'2021-09-02 08:34:38','null',0),(54,NULL,'6866052972741','40496319987909','template',12,1,'2021-09-04 06:31:21','null',0),(55,NULL,'6866214879429','40497522671813','template',12,1,'2021-09-05 04:34:54','null',0),(56,NULL,'6866214879429','40497522671813','template',12,1,'2021-09-05 14:24:53','null',0),(57,NULL,'6767287369925','40167980171461','template',12,1,'2021-09-06 03:58:49','null',0),(58,NULL,'6767287369925','40167980171461','template',12,1,'2021-09-06 05:20:32','null',0),(59,NULL,'6876137226437',NULL,'cart',0,1,'2021-09-07 12:10:08',NULL,0),(60,NULL,'6767287369925','40167980171461','template',12,1,'2021-09-16 12:56:25','null',0),(61,NULL,'6893458522309',NULL,'cart',0,1,'2021-09-19 17:42:47',NULL,0),(62,NULL,'6918487081157',NULL,'cart',0,1,'2021-10-04 04:03:33',NULL,0),(63,NULL,'6866214879429',NULL,'cart',0,1,'2021-10-10 14:43:07',NULL,0),(64,NULL,'6817794556101',NULL,'cart',0,1,'2021-10-17 13:17:10',NULL,0),(65,NULL,'6768795549893',NULL,'cart',0,1,'2021-11-15 09:17:49',NULL,0),(66,NULL,'6768795549893',NULL,'cart',0,1,'2021-11-15 10:44:32',NULL,0),(67,NULL,'6768795549893',NULL,'cart',0,1,'2021-11-15 10:46:13',NULL,0),(68,NULL,'6768795549893',NULL,'cart',0,1,'2021-11-15 11:15:26',NULL,0),(69,NULL,'6852738482373',NULL,'cart',0,1,'2021-11-15 14:52:19',NULL,0),(70,NULL,'6852738482373',NULL,'cart',0,1,'2021-11-16 20:11:19',NULL,0),(71,NULL,'6976948601029','40857533481157','template',12,1,'2021-11-21 14:50:15','null',0),(72,NULL,'6976948601029',NULL,'cart',0,1,'2021-11-24 02:53:53',NULL,0),(73,NULL,'6700519686341','39889660346565','template',12,1,'2021-11-26 08:25:59','null',0),(74,NULL,'6700519686341','39889660346565','template',12,1,'2021-11-26 08:33:09','null',0),(75,NULL,'6764509167813',NULL,'cart',0,1,'2021-11-26 23:21:41',NULL,0),(76,NULL,'6976948601029',NULL,'cart',0,1,'2021-11-28 23:04:18',NULL,0),(77,NULL,'7031275913413','40939658215621','template',12,1,'2021-11-29 02:14:14','null',0),(78,NULL,'7031275913413','40939658215621','template',12,1,'2021-11-29 02:16:10','null',0),(79,NULL,'7031284695237','40939680530629','template',12,1,'2021-11-29 02:54:18','null',0),(80,NULL,'6700515754181',NULL,'cart',0,1,'2021-11-29 06:01:28',NULL,0),(81,NULL,'6700515754181',NULL,'cart',0,1,'2021-11-29 14:19:56',NULL,0),(82,NULL,'6976948601029',NULL,'cart',0,1,'2021-11-29 21:27:38',NULL,0),(83,NULL,'7033906593989','40945845600453','template',12,1,'2021-12-01 06:33:56','null',0),(84,NULL,'7031366287557',NULL,'cart',0,1,'2021-12-01 20:47:33',NULL,0),(85,NULL,'6768795549893',NULL,'cart',0,1,'2021-12-07 06:34:17',NULL,0),(86,NULL,'6893458522309',NULL,'cart',0,1,'2021-12-25 13:49:09',NULL,0),(87,NULL,'7066155024581','41038251917509','template',12,1,'2022-01-01 14:55:42','null',0),(88,NULL,'7031366287557','40939842339013','template',12,1,'2022-01-25 03:47:34','null',0),(89,NULL,'6817794556101','40330108928197','template',12,1,'2022-01-25 04:02:30','null',0),(90,NULL,'7096377016517','41155844145349','template',12,1,'2022-02-11 06:45:02','null',0),(91,NULL,'7096378753221','41155864297669','template',12,1,'2022-03-07 07:40:25','282041843909',0),(92,NULL,'7096378753221','41155864297669','template',12,1,'2022-03-15 06:07:40','null',0),(93,NULL,'7104911442117','41188914528453','template',12,1,'2022-03-15 07:21:01','null',0),(94,NULL,'7104911442117','41188914528453','template',12,1,'2022-03-15 07:41:23','null',0),(95,NULL,'7066155024581','41038251917509','template',12,1,'2022-05-08 01:23:41','null',0),(96,NULL,'7066155024581','41038251917509','template',12,1,'2022-05-08 01:40:50','null',0),(97,NULL,'7104911442117','41188914528453','template',12,1,'2022-05-10 09:09:23','null',0),(98,NULL,'7066155024581','41038251917509','template',12,1,'2022-05-10 09:17:26','null',0),(99,NULL,'7066155024581','41038251917509','template',12,1,'2022-05-10 09:33:46','null',0),(100,NULL,'7185557029061','41455109177541','template',12,1,'2022-06-11 06:37:02','null',0),(101,NULL,'7185557029061','41455109177541','template',12,1,'2022-06-11 07:07:17','null',0),(102,NULL,'6893458522309',NULL,'cart',0,1,'2022-06-11 14:37:29',NULL,0),(103,NULL,'6893458522309',NULL,'cart',0,1,'2022-06-11 14:40:44',NULL,0),(104,NULL,'6817794556101',NULL,'cart',0,1,'2022-06-14 02:24:50',NULL,0),(105,NULL,'7185557029061',NULL,'cart',0,1,'2022-06-15 11:40:07',NULL,0),(106,NULL,'7185557029061',NULL,'cart',0,1,'2022-06-15 11:47:48',NULL,0),(107,NULL,'7074727854277',NULL,'cart',0,1,'2022-06-17 05:15:33',NULL,0),(108,NULL,'6768962961605','40174232240325','template',12,1,'2022-06-27 04:22:51','null',0),(109,NULL,'7196193718469','41489914659013','template',12,1,'2022-06-27 08:06:40','null',0),(110,NULL,'7104911442117',NULL,'cart',0,1,'2022-06-27 19:52:01',NULL,0),(111,NULL,'6893458522309',NULL,'cart',0,1,'2022-06-27 19:55:47',NULL,0),(112,NULL,'7104894042309','41188877959365','template',12,1,'2022-06-29 01:40:07','null',0),(113,NULL,'6893458522309','40593715822789','template',12,1,'2022-06-30 23:08:23','null',0),(114,NULL,'6893458522309','40593715822789','template',12,1,'2022-07-01 00:48:18','null',0),(115,NULL,'6893458522309','40593715822789','template',12,1,'2022-07-01 01:13:34','null',0),(116,NULL,'7198405918917','41498311917765','template',12,1,'2022-07-01 10:05:05','null',0),(117,NULL,'7199516000453','41502611374277','template',12,1,'2022-07-03 23:47:25','null',0),(118,NULL,'7199291736261','41501120659653','template',12,1,'2022-07-04 14:57:01','null',0),(119,NULL,'6976948601029','40857533481157','template',12,1,'2022-07-05 22:55:19','null',0),(120,NULL,'7200318161093','41506018001093','template',12,1,'2022-07-06 19:35:35','null',0),(121,NULL,'7200318095557','41506017575109','template',12,1,'2022-07-06 19:43:57','null',0),(122,NULL,'7200318095557','41506017575109','template',12,1,'2022-07-07 08:09:40','null',0),(123,NULL,'7200318161093','41506018001093','template',12,1,'2022-07-07 13:32:02','null',0),(124,NULL,'6893458522309',NULL,'cart',0,1,'2022-07-08 11:27:54',NULL,0),(125,NULL,'7201557840069','41510532710597','template',12,1,'2022-07-08 14:18:16','null',0),(126,NULL,'7104911442117','41188914528453','template',12,1,'2022-07-09 02:43:06','null',0),(127,NULL,'7074727854277','41072299573445','template',12,1,'2022-07-10 03:49:57','null',0),(128,NULL,'7202673688773','41514895737029','template',12,1,'2022-07-11 11:17:54','null',0),(129,NULL,'7202347811013',NULL,'cart',0,1,'2022-07-11 19:32:50',NULL,0),(130,NULL,'7203021029573','41516926959813','template',12,1,'2022-07-12 04:22:52','null',0),(131,NULL,'7203027255493','41516957302981','template',12,1,'2022-07-12 11:02:32','null',0),(132,NULL,'7204020486341','41519328821445','template',12,1,'2022-07-13 04:31:54','null',0),(133,NULL,'7204022747333',NULL,'cart',0,1,'2022-07-13 04:48:40',NULL,0),(134,NULL,'7201535557829','41510471303365','template',12,1,'2022-07-13 13:01:28','null',0),(135,NULL,'7200460898501','41506760261829','template',12,1,'2022-07-13 13:56:58','null',0),(136,NULL,'7204483596485','41521224089797','template',12,1,'2022-07-14 05:11:47','null',0),(137,NULL,'7204483596485','41521224089797','template',12,1,'2022-07-14 05:21:03','null',0),(138,NULL,'7204213817541','41520019210437','template',12,1,'2022-07-14 07:23:43','null',0),(139,NULL,'7204213817541','41520019210437','template',12,1,'2022-07-15 03:32:34','null',0),(140,NULL,'7204484153541','41521225302213','template',12,1,'2022-07-15 06:47:07','null',0),(141,NULL,'7204483596485','41521224122565','template',12,1,'2022-07-15 07:02:34','null',0),(142,NULL,'7200318095557','41506017575109','template',12,1,'2022-07-15 09:50:33','null',0),(143,NULL,'7204036542661','41519350939845','template',12,1,'2022-07-15 12:02:46','null',0),(144,NULL,'7200150585541','41505397866693','template',12,1,'2022-07-15 13:19:06','null',0),(145,NULL,'7203132211397','41517352321221','template',12,1,'2022-07-15 15:55:27','null',0),(146,NULL,'7204199563461','41519954657477','template',12,1,'2022-07-15 16:25:14','null',0),(147,NULL,'7200318161093','41506018001093','template',12,1,'2022-07-15 23:36:25','null',0),(148,NULL,'7202676375749','41514912710853','template',12,1,'2022-07-16 05:56:06','null',0),(149,NULL,'7202265661637','41513104998597','template',12,1,'2022-07-16 07:51:32','null',0),(150,NULL,'6700515754181','40172971720901','template',12,1,'2022-07-17 09:59:36','null',0),(151,NULL,'7104866779333','41188840865989','template',12,1,'2022-07-17 10:08:05','null',0),(152,NULL,'6764509167813','40157986521285','template',12,1,'2022-07-17 12:26:59','null',0),(153,NULL,'7202347811013','41513255862469','template',12,1,'2022-07-17 22:43:10','null',0),(154,NULL,'6767534375109','40168804843717','template',12,1,'2022-07-17 23:12:34','null',0),(155,NULL,'6767487549637','40168686190789','template',12,1,'2022-07-18 00:10:13','null',0),(156,NULL,'7197013115077','41493745860805','template',12,1,'2022-07-18 02:18:19','null',0),(157,NULL,'6817794556101','40330108928197','template',12,1,'2022-07-18 08:10:02','null',0),(158,NULL,'7031320838341','40939725816005','template',12,1,'2022-07-18 08:35:54','null',0),(159,NULL,'7031366287557','40939842339013','template',12,1,'2022-07-18 09:41:39','null',0),(160,NULL,'7104911442117','41188914528453','template',12,1,'2022-07-18 11:30:37','null',0),(161,NULL,'7096378753221','41155864297669','template',12,1,'2022-07-18 12:39:00','null',0),(162,NULL,'7196318073029','41490258526405','template',12,1,'2022-07-18 23:38:56','null',0),(163,NULL,'7066155024581','41038251917509','template',12,1,'2022-07-19 00:26:05','null',0),(164,NULL,'7199991890117','41504552353989','template',12,1,'2022-07-19 05:50:08','null',0),(165,NULL,'7066155024581','41038251917509','template',12,1,'2022-07-19 07:12:31','null',0),(166,NULL,'7040578420933','40961982005445','template',12,1,'2022-07-19 07:18:19','null',0),(167,NULL,'7198545084613','41498586513605','template',12,1,'2022-07-19 07:34:33','null',0),(168,NULL,'7209295675589','41532404302021','template',12,1,'2022-07-19 11:06:22','null',0),(169,NULL,'7209367371973','41532707373253','template',12,1,'2022-07-19 14:33:11','null',0),(170,NULL,'7209696460997','41534296522949','template',12,1,'2022-07-20 01:24:27','null',0),(171,NULL,'7209961947333','41535313346757','template',12,1,'2022-07-20 08:05:54','null',0),(172,NULL,'7210822402245','41538150203589','template',12,1,'2022-07-21 16:25:10','null',0),(173,NULL,'7210910875845','41538370994373','template',12,1,'2022-07-22 14:19:09','null',0),(174,NULL,'7211956568261','41540616749253','template',12,1,'2022-07-23 06:11:08','null',0),(175,NULL,'7211955355845','41540613406917','template',12,1,'2022-07-23 06:29:10','null',0),(176,NULL,'7213228130501','41543249985733','template',12,1,'2022-07-23 08:54:23','null',0),(177,NULL,'7215004418245','41547064246469','template',12,1,'2022-07-25 12:55:16','null',0),(178,NULL,'7215082569925','41547565859013','template',12,1,'2022-07-25 15:33:20','null',0),(179,NULL,'7215109439685','41547632672965','template',12,1,'2022-07-25 15:59:07','null',0),(180,NULL,'7216199532741','41551174009029','template',12,1,'2022-07-27 06:36:58','null',0),(181,NULL,'7216200581317','41551178563781','template',12,1,'2022-07-27 06:47:51','null',0),(182,NULL,'7216781426885','41553459019973','template',12,1,'2022-07-28 06:30:56','null',0),(183,NULL,'7216786571461','41553472487621','template',12,1,'2022-07-28 06:37:59','null',0),(184,NULL,'7217000644805','41554388811973','template',12,1,'2022-07-28 13:24:10','null',0),(185,NULL,'7217015259333','41554453790917','template',12,1,'2022-07-28 13:43:28','null',0),(186,NULL,'7217072275653','41554582012101','template',12,1,'2022-07-28 14:16:18','null',0),(187,NULL,'7217124245701','41554677104837','template',12,1,'2022-07-28 14:36:36','null',0),(188,NULL,'7217149870277','41554722750661','template',12,1,'2022-07-28 14:45:59','null',0),(189,NULL,'7217155899589','41554734809285','template',12,1,'2022-07-28 14:51:55','null',0),(190,NULL,'7217157308613','41554738053317','template',12,1,'2022-07-28 14:59:56','null',0),(191,NULL,'7218756124869','41559036985541','template',12,1,'2022-07-30 10:49:28','null',0),(192,NULL,'7219299025093','41561818890437','template',12,1,'2022-08-01 12:35:53','null',0),(193,NULL,'7219737297093','41565516529861','template',12,1,'2022-08-02 12:19:21','null',0),(194,NULL,'7219741229253','41565537206469','template',12,1,'2022-08-02 12:42:10','null',0),(195,NULL,'7219832225989','41565921214661','template',12,1,'2022-08-02 16:51:45','null',0),(196,NULL,'7220647755973','41568769376453','template',12,1,'2022-08-03 15:56:44','null',0),(197,NULL,'7223697834181','41575905984709','template',12,1,'2022-08-05 15:29:15','null',0),(198,NULL,'7224146919621','41577130459333','template',12,1,'2022-08-06 00:43:23','null',0),(199,NULL,'7223737417925',NULL,'cart',0,1,'2022-08-06 14:10:46',NULL,0),(200,NULL,'7226603307205','41581024510149','template',12,1,'2022-08-07 11:16:43','null',0),(201,NULL,'7226929643717','41582229160133','template',12,1,'2022-08-08 11:18:12','null',0),(202,NULL,'7227004354757','41582576107717','template',12,1,'2022-08-08 15:45:42','null',0),(203,NULL,'7230969381061','41599137415365','template',12,1,'2022-08-13 12:36:47','null',0),(204,NULL,'7234186379461','41607057277125','template',12,1,'2022-08-16 11:19:20','null',0),(205,NULL,'7234247000261','41607207321797','template',12,1,'2022-08-17 09:46:26','null',0),(206,NULL,'7207575191749',NULL,'cart',0,1,'2022-08-18 18:11:36',NULL,0),(207,NULL,'7240488124613','41634323333317','template',12,1,'2022-08-21 07:36:27','null',0),(208,NULL,'7202122662085','41512362213573','template',12,1,'2022-08-21 10:46:58','null',0),(209,NULL,'7241095086277','41637083152581','template',12,1,'2022-08-22 03:14:58','null',0),(210,NULL,'7242067673285','41643059282117','template',12,1,'2022-08-22 12:46:16','null',0),(211,NULL,'7243925586117','41653717008581','template',12,1,'2022-08-23 14:00:17','null',0),(212,NULL,'7199520817349',NULL,'cart',0,1,'2022-08-25 21:19:20',NULL,0),(213,NULL,'7223737417925',NULL,'cart',0,1,'2022-08-25 21:23:19',NULL,0),(214,NULL,'7244675743941','41658342244549','template',12,1,'2022-08-26 04:16:53','null',0),(215,NULL,'7245970735301','41663479840965','template',12,1,'2022-08-27 13:13:32','null',0),(216,NULL,'7245995704517','41663613993157','template',12,1,'2022-08-28 07:09:44','null',0),(217,NULL,'7247258452165','41670267338949','template',12,1,'2022-08-31 06:00:05','null',0),(218,NULL,'7247423471813','41670981124293','template',12,1,'2022-08-31 10:18:13','null',0),(219,NULL,'7208042201285',NULL,'cart',0,1,'2022-08-31 15:10:13',NULL,0),(220,NULL,'7247934914757','41673302245573','template',12,1,'2022-09-01 04:49:44','null',0),(221,NULL,'7241150595269',NULL,'cart',0,1,'2022-09-02 16:05:58',NULL,0),(222,NULL,'7250015125701','41679162572997','template',12,1,'2022-09-03 09:58:20','null',0),(223,NULL,'6893458522309',NULL,'cart',0,1,'2022-09-04 09:05:34',NULL,0),(224,NULL,'7251418316997','41681638883525','template',12,1,'2022-09-04 16:19:29','null',0),(225,NULL,'7251751862469','41682803294405','template',12,1,'2022-09-04 23:31:33','null',0),(226,NULL,'7250083840197',NULL,'cart',0,1,'2022-09-05 10:00:58',NULL,0),(227,NULL,'7251768639685',NULL,'cart',0,1,'2022-09-05 11:34:44',NULL,0),(228,NULL,'7272664957125','41762284077253','template',12,1,'2022-09-27 01:56:50','null',0),(229,NULL,'7207625490629',NULL,'cart',0,1,'2022-09-30 06:59:03',NULL,0),(230,NULL,'7277271351493','41773598867653','template',12,1,'2022-10-01 22:13:51','null',0),(231,NULL,'7277561315525','41775074050245','template',12,1,'2022-10-02 16:20:57','null',0),(232,NULL,'7277561315525','41775074050245','template',12,1,'2022-10-02 16:28:05','null',0),(233,NULL,'7277570556101',NULL,'cart',0,1,'2022-10-08 16:23:46',NULL,0),(234,NULL,'7272800354501',NULL,'cart',0,1,'2022-10-09 18:55:51',NULL,0),(235,NULL,'7204997857477',NULL,'cart',0,1,'2022-10-09 19:05:46',NULL,0),(236,NULL,'7209369206981',NULL,'cart',0,1,'2022-10-10 12:58:36',NULL,0),(237,NULL,'7215097872581',NULL,'cart',0,1,'2022-10-11 05:30:49',NULL,0),(238,NULL,'7234833875141',NULL,'cart',0,1,'2022-10-11 06:55:31',NULL,0),(239,NULL,'7240500641989',NULL,'cart',0,1,'2022-10-11 07:04:47',NULL,0),(240,NULL,'7277400621253',NULL,'cart',0,1,'2022-10-11 07:35:15',NULL,0),(241,NULL,'7277400621253',NULL,'cart',0,1,'2022-10-11 07:40:23',NULL,0),(242,NULL,'7277400621253',NULL,'cart',0,1,'2022-10-11 12:12:41',NULL,0),(243,NULL,'7240500641989',NULL,'cart',0,1,'2022-10-14 05:16:05',NULL,0),(244,NULL,'7277400621253',NULL,'cart',0,1,'2022-10-14 05:27:41',NULL,0),(245,NULL,'7251768639685',NULL,'cart',0,1,'2022-10-14 05:31:37',NULL,0),(246,NULL,'7247303311557',NULL,'cart',0,1,'2022-10-14 07:33:51',NULL,0),(247,NULL,'7246086734021',NULL,'cart',0,1,'2022-10-18 05:47:45',NULL,0),(248,NULL,'7292220670149','41816070258885','template',12,1,'2022-10-18 22:08:28','null',0),(249,NULL,'7292296528069','41816225808581','template',12,1,'2022-10-18 22:38:39','null',0),(250,NULL,'7292315500741',NULL,'cart',0,1,'2022-10-20 21:16:43',NULL,0),(251,NULL,'7292315500741',NULL,'cart',0,1,'2022-10-20 21:17:47',NULL,0),(252,NULL,'7292315500741',NULL,'cart',0,1,'2022-10-20 21:20:13',NULL,0),(253,NULL,'7292315500741',NULL,'cart',0,1,'2022-10-20 21:21:19',NULL,0),(254,NULL,'7292315500741',NULL,'cart',0,1,'2022-10-20 21:22:15',NULL,0),(255,NULL,'7292315500741',NULL,'cart',0,1,'2022-10-20 21:23:21',NULL,0),(256,NULL,'7292315500741',NULL,'cart',0,1,'2022-10-20 21:29:19',NULL,0),(257,NULL,'7292315500741',NULL,'cart',0,1,'2022-10-20 21:30:59',NULL,0),(258,NULL,'7292315500741',NULL,'cart',0,1,'2022-10-20 21:33:55',NULL,0),(259,NULL,'7292315500741',NULL,'cart',0,1,'2022-10-20 21:39:25',NULL,0),(260,NULL,'7292315500741',NULL,'cart',0,1,'2022-10-20 21:43:26',NULL,0),(261,NULL,'7292315500741',NULL,'cart',0,1,'2022-10-20 21:45:23',NULL,0),(262,NULL,'7292315500741',NULL,'cart',0,1,'2022-10-20 21:55:02',NULL,0),(263,NULL,'7292315500741',NULL,'cart',0,1,'2022-10-20 22:00:57',NULL,0),(264,NULL,'7292315500741',NULL,'cart',0,1,'2022-10-20 22:23:44',NULL,0),(265,NULL,'7292315500741',NULL,'cart',0,1,'2022-10-20 22:48:51',NULL,0),(266,NULL,'7292315500741',NULL,'cart',0,1,'2022-10-20 22:53:17',NULL,0),(267,NULL,'7292315500741',NULL,'cart',0,1,'2022-10-21 14:11:07',NULL,0),(268,NULL,'7292315500741',NULL,'cart',0,1,'2022-10-21 14:23:53',NULL,0),(269,NULL,'7292315500741',NULL,'cart',0,1,'2022-10-21 15:27:52',NULL,0),(270,NULL,'7292315500741',NULL,'cart',0,1,'2022-10-21 15:39:00',NULL,0),(271,NULL,'7292315500741',NULL,'cart',0,1,'2022-10-21 15:53:45',NULL,0),(272,NULL,'7292315500741',NULL,'cart',0,1,'2022-10-21 16:12:26',NULL,0),(273,NULL,'7292315500741',NULL,'cart',0,1,'2022-10-21 17:34:02',NULL,0),(274,NULL,'7292315500741',NULL,'cart',0,1,'2022-10-26 20:10:22',NULL,0),(275,NULL,'7292315500741',NULL,'cart',0,1,'2022-10-26 20:10:59',NULL,0),(276,NULL,'7292315500741',NULL,'cart',0,1,'2022-10-26 20:11:31',NULL,0),(277,NULL,'7292315500741',NULL,'cart',0,1,'2022-10-26 20:12:27',NULL,0),(278,NULL,'7292315500741',NULL,'cart',0,1,'2022-10-26 20:13:42',NULL,0),(279,NULL,'7292315500741',NULL,'cart',0,1,'2022-10-26 20:15:20',NULL,0),(280,NULL,'7292315500741',NULL,'cart',0,1,'2022-10-26 20:18:44',NULL,0),(281,NULL,'7292315500741',NULL,'cart',0,1,'2022-10-27 00:21:56',NULL,0),(282,NULL,'7292315500741',NULL,'cart',0,1,'2022-10-27 00:22:33',NULL,0),(283,NULL,'7292315500741',NULL,'cart',0,1,'2022-10-27 00:23:33',NULL,0),(284,NULL,'7292315500741',NULL,'cart',0,1,'2022-10-27 00:24:31',NULL,0),(285,NULL,'7324058222789','41885385523397','template',12,1,'2022-11-15 20:32:41','null',0),(286,NULL,'7324057927877','41885384835269','template',12,1,'2022-11-15 20:49:44','null',0),(287,NULL,'7324058222789','41885385523397','template',12,1,'2022-11-15 20:55:50','null',0),(288,NULL,'7324062023877','41885394763973','template',12,1,'2022-11-16 01:07:21','null',0),(289,NULL,'7324107571397','41885746397381','template',12,1,'2022-11-16 01:21:34','null',0),(290,NULL,'7324108292293','41885763633349','template',12,1,'2022-11-16 01:31:56','null',0),(291,NULL,'7277400621253',NULL,'cart',0,1,'2022-11-16 12:21:25',NULL,0),(292,NULL,'7292315500741',NULL,'cart',0,1,'2022-11-16 12:42:18',NULL,0),(293,NULL,'7326934401221','41894822019269','template',12,1,'2022-11-20 09:33:01','null',0),(294,NULL,'7272800354501',NULL,'cart',0,1,'2022-11-23 02:54:00',NULL,0),(295,NULL,'7272800354501',NULL,'cart',0,1,'2022-11-23 08:24:43',NULL,0),(296,NULL,'7218765332677',NULL,'cart',0,1,'2022-11-24 08:29:59',NULL,0),(297,NULL,'7247428419781',NULL,'cart',0,1,'2022-12-06 02:30:57',NULL,0),(298,NULL,'7209369206981',NULL,'cart',0,1,'2022-12-06 20:28:11',NULL,0),(299,NULL,'7292315500741',NULL,'cart',0,1,'2022-12-07 23:42:16',NULL,0),(300,NULL,'7220657619141',NULL,'cart',0,1,'2022-12-12 06:52:54',NULL,0),(301,NULL,'7292315500741',NULL,'cart',0,1,'2022-12-13 10:44:16',NULL,0),(302,NULL,'7292315500741',NULL,'cart',0,1,'2022-12-22 09:15:31',NULL,0),(303,NULL,'7104866779333',NULL,'cart',0,1,'2022-12-22 11:15:17',NULL,0),(304,NULL,'7292315500741',NULL,'cart',0,1,'2022-12-27 20:12:28',NULL,0),(305,NULL,'7242107879621',NULL,'cart',0,1,'2023-01-11 15:03:00',NULL,0),(306,NULL,'7250083840197',NULL,'cart',0,1,'2023-01-18 21:37:23',NULL,0),(307,NULL,'7215113109701',NULL,'cart',0,1,'2023-01-26 11:32:23',NULL,0),(308,NULL,'7226933313733',NULL,'cart',0,1,'2023-01-26 22:20:07',NULL,0),(309,NULL,'7292315500741',NULL,'cart',0,1,'2023-01-27 15:35:11',NULL,0),(310,NULL,'7247428419781',NULL,'cart',0,1,'2023-01-30 23:47:19',NULL,0),(311,NULL,'7277400621253',NULL,'cart',0,1,'2023-01-30 23:48:46',NULL,0),(312,NULL,'7277400621253',NULL,'cart',0,1,'2023-01-30 23:56:08',NULL,0),(313,NULL,'7277400621253',NULL,'cart',0,1,'2023-01-30 23:58:29',NULL,0),(314,NULL,'7272800354501',NULL,'cart',0,1,'2023-01-31 01:52:16',NULL,0),(315,NULL,'7204022747333',NULL,'cart',0,1,'2023-01-31 03:49:28',NULL,0),(316,NULL,'7204022747333',NULL,'cart',0,1,'2023-01-31 18:18:20',NULL,0),(317,NULL,'7066155024581',NULL,'cart',0,1,'2023-02-12 14:05:17',NULL,0),(318,NULL,'7378562384069','42049880522949','template',12,1,'2023-02-13 20:09:58','null',0),(319,NULL,'7379947585733','42053860688069','template',12,1,'2023-02-14 10:03:36','null',0),(320,NULL,'7380067811525','42054215499973','template',12,1,'2023-02-14 13:51:34','null',0),(321,NULL,'7380812988613','42055850361029','template',12,1,'2023-02-15 07:47:03','null',0),(322,NULL,'7380812988613','42055850361029','template',12,1,'2023-02-15 09:58:14','null',0),(323,NULL,'7252108705989','41684259832005','template',12,1,'2023-02-15 13:40:39','null',0),(324,NULL,'7242107879621',NULL,'cart',0,1,'2023-02-16 17:34:02',NULL,0),(325,NULL,'7381851734213','42059839078597','template',12,1,'2023-02-17 20:59:25','null',0),(326,NULL,'7382241804485','42061006012613','template',12,1,'2023-02-18 09:44:05','null',0),(327,NULL,'7382902309061','42062624424133','template',12,1,'2023-02-19 04:27:42','null',0),(328,NULL,'7382908862661','42062666006725','template',12,1,'2023-02-19 06:12:20','null',0),(329,NULL,'7382918332613','42062732820677','template',12,1,'2023-02-19 07:56:23','null',0),(330,NULL,'7383571366085','42063879340229','template',12,1,'2023-02-20 10:37:42','null',0),(331,NULL,'7384621220037','42068079214789','template',12,1,'2023-02-22 09:55:01','null',0),(332,NULL,'7205124374725',NULL,'cart',0,1,'2023-02-23 23:00:49',NULL,0),(333,NULL,'7385708167365','42071659446469','template',12,1,'2023-02-24 11:53:03','null',0),(334,NULL,'7277400621253',NULL,'cart',0,1,'2023-02-27 06:44:09',NULL,0),(335,NULL,'7386370867397','42074207224005','template',12,1,'2023-02-27 09:54:26','null',0),(336,NULL,'7387268612293','42076595683525','template',12,1,'2023-02-28 07:03:40','null',0),(337,NULL,'7250083840197',NULL,'cart',0,1,'2023-03-08 20:18:04',NULL,0),(338,NULL,'7394417737925','42095133098181','template',12,1,'2023-03-10 04:12:35','null',0),(339,NULL,'7397520474309','42100898365637','template',12,1,'2023-03-12 04:33:31','null',0),(340,NULL,'7397531975877','42100929331397','template',12,1,'2023-03-12 05:08:58','null',0),(341,NULL,'7397905957061','42101943009477','template',12,1,'2023-03-13 05:16:20','null',0),(342,NULL,'7398451282117','42103834509509','template',12,1,'2023-03-14 05:59:53','null',0),(343,NULL,'7398475333829','42103913480389','template',12,1,'2023-03-14 07:20:46','null',0),(344,NULL,'7398500270277','42103968104645','template',12,1,'2023-03-14 08:58:51','null',0),(345,NULL,'7398531170501','42104033935557','template',12,1,'2023-03-14 10:04:15','null',0),(346,NULL,'7398563446981','42104189714629','template',12,1,'2023-03-14 11:59:46','null',0),(347,NULL,'7398693863621','42104584405189','template',12,1,'2023-03-14 16:38:52','null',0),(348,NULL,'7398992150725','42105835880645','template',12,1,'2023-03-15 03:53:37','null',0),(349,NULL,'7398697566405',NULL,'cart',0,1,'2023-03-15 04:57:23',NULL,0),(350,NULL,'7399184859333','42107282620613','template',12,1,'2023-03-15 09:33:41','null',0),(351,NULL,'7399574601925','42109043835077','template',12,1,'2023-03-16 13:06:37','null',0),(352,NULL,'7399735787717','42109462216901','template',12,1,'2023-03-16 13:24:16','null',0),(353,NULL,'7400669380805','42111199084741','template',12,1,'2023-03-17 05:36:25','null',0),(354,NULL,'7400960426181','42111655116997','template',12,1,'2023-03-17 09:20:51','null',0),(355,NULL,'7401229353157','42112182321349','template',12,1,'2023-03-17 13:28:07','null',0),(356,NULL,'7401531506885','42113256161477','template',12,1,'2023-03-18 07:18:29','null',0),(357,NULL,'7247428419781',NULL,'cart',0,1,'2023-03-19 04:05:59',NULL,0),(358,NULL,'7066155024581',NULL,'cart',0,1,'2023-03-19 04:07:15',NULL,0),(359,NULL,'7247428419781',NULL,'cart',0,1,'2023-03-19 04:08:59',NULL,0),(360,NULL,'7379958988997',NULL,'cart',0,1,'2023-03-19 04:11:12',NULL,0),(361,NULL,'7247428419781',NULL,'cart',0,1,'2023-03-19 17:08:23',NULL,0),(362,NULL,'7402244538565','42115397353669','template',12,1,'2023-03-20 09:41:10','null',0),(363,NULL,'7402697392325','42116493181125','template',12,1,'2023-03-21 03:53:15','null',0),(364,NULL,'7402730979525',NULL,'cart',0,1,'2023-03-21 04:59:24',NULL,0),(365,NULL,'7402823483589','42116877091013','template',12,1,'2023-03-21 11:09:55','null',0),(366,NULL,'7402850910405','42116975034565','template',12,1,'2023-03-21 12:04:38','null',0),(367,NULL,'7402857332933','42117032280261','template',12,1,'2023-03-21 12:45:02','null',0),(368,NULL,'7401531736261',NULL,'cart',0,1,'2023-03-21 14:42:20',NULL,0),(369,NULL,'7247303311557',NULL,'cart',0,1,'2023-03-21 19:05:23',NULL,0),(370,NULL,'7247303311557',NULL,'cart',0,1,'2023-03-21 19:07:00',NULL,0),(371,NULL,'7234833875141',NULL,'cart',0,1,'2023-03-21 19:08:27',NULL,0),(372,NULL,'7234833875141',NULL,'cart',0,1,'2023-03-21 19:11:17',NULL,0),(373,NULL,'7292315500741',NULL,'cart',0,1,'2023-03-21 19:13:34',NULL,0),(374,NULL,'7250083840197',NULL,'cart',0,1,'2023-03-21 19:15:20',NULL,0),(375,NULL,'7402840162501',NULL,'cart',0,1,'2023-03-21 19:20:01',NULL,0),(376,NULL,'7209369206981',NULL,'cart',0,1,'2023-03-21 19:21:05',NULL,0),(377,NULL,'7398504235205',NULL,'cart',0,1,'2023-03-21 19:22:51',NULL,0),(378,NULL,'7385709674693',NULL,'cart',0,1,'2023-03-21 19:23:52',NULL,0),(379,NULL,'7240500641989',NULL,'cart',0,1,'2023-03-21 19:24:59',NULL,0),(380,NULL,'7226933313733',NULL,'cart',0,1,'2023-03-21 19:28:00',NULL,0),(381,NULL,'7240500641989',NULL,'cart',0,1,'2023-03-21 19:29:39',NULL,0),(382,NULL,'7397524570309',NULL,'cart',0,1,'2023-03-21 19:34:17',NULL,0),(383,NULL,'7403044700357','42117941461189','template',12,1,'2023-03-22 00:09:24','null',0),(384,NULL,'7401531736261',NULL,'cart',0,1,'2023-03-22 00:37:49',NULL,0),(385,NULL,'7402855137477',NULL,'cart',0,1,'2023-03-22 00:40:12',NULL,0),(386,NULL,'7234833875141',NULL,'cart',0,1,'2023-03-22 00:43:47',NULL,0),(387,NULL,'7234833875141',NULL,'cart',0,1,'2023-03-22 00:45:25',NULL,0),(388,NULL,'7219739918533',NULL,'cart',0,1,'2023-03-22 01:48:42',NULL,0),(389,NULL,'7223737417925',NULL,'cart',0,1,'2023-03-22 01:49:54',NULL,0),(390,NULL,'7247428419781',NULL,'cart',0,1,'2023-03-22 02:08:58',NULL,0),(391,NULL,'7401531736261',NULL,'cart',0,1,'2023-03-22 02:10:55',NULL,0),(392,NULL,'7402252042437',NULL,'cart',0,1,'2023-03-22 02:30:01',NULL,0),(393,NULL,'7219739918533',NULL,'cart',0,1,'2023-03-22 02:31:26',NULL,0),(394,NULL,'7219739918533',NULL,'cart',0,1,'2023-03-22 02:33:29',NULL,0),(395,NULL,'7401531736261',NULL,'cart',0,1,'2023-03-22 02:34:57',NULL,0),(396,NULL,'7401531736261',NULL,'cart',0,1,'2023-03-22 02:35:35',NULL,0),(397,NULL,'7401531736261',NULL,'cart',0,1,'2023-03-22 02:39:09',NULL,0),(398,NULL,'7401531736261',NULL,'cart',0,1,'2023-03-22 02:41:47',NULL,0),(399,NULL,'7401531736261',NULL,'cart',0,1,'2023-03-22 02:44:28',NULL,0),(400,NULL,'7401531736261',NULL,'cart',0,1,'2023-03-22 02:46:50',NULL,0),(401,NULL,'7401531736261',NULL,'cart',0,1,'2023-03-22 02:52:43',NULL,0),(402,NULL,'7403045486789',NULL,'cart',0,1,'2023-03-22 05:28:17',NULL,0),(403,NULL,'7403045486789',NULL,'cart',0,1,'2023-03-22 05:31:49',NULL,0),(404,NULL,'7403045486789',NULL,'cart',0,1,'2023-03-22 05:34:32',NULL,0),(405,NULL,'7403045486789',NULL,'cart',0,1,'2023-03-22 05:41:25',NULL,0),(406,NULL,'7403045486789',NULL,'cart',0,1,'2023-03-22 05:44:52',NULL,0),(407,NULL,'7402861494469',NULL,'cart',0,1,'2023-03-22 06:20:29',NULL,0),(408,NULL,'7401531736261',NULL,'cart',0,1,'2023-03-22 09:34:43',NULL,0),(409,NULL,'7394440052933',NULL,'cart',0,1,'2023-03-22 09:38:49',NULL,0),(410,NULL,'7401531736261',NULL,'cart',0,1,'2023-03-22 10:33:16',NULL,0),(411,NULL,'7380069712069',NULL,'cart',0,1,'2023-03-22 10:36:08',NULL,0),(412,NULL,'7402730979525',NULL,'cart',0,1,'2023-03-22 10:42:31',NULL,0),(413,NULL,'7402730979525',NULL,'cart',0,1,'2023-03-22 11:08:56',NULL,0),(414,NULL,'7402730979525',NULL,'cart',0,1,'2023-03-22 11:15:56',NULL,0),(415,NULL,'7402730979525',NULL,'cart',0,1,'2023-03-22 11:18:13',NULL,0),(416,NULL,'7402730979525',NULL,'cart',0,1,'2023-03-22 11:23:44',NULL,0),(417,NULL,'7400685306053',NULL,'cart',0,1,'2023-03-22 11:35:24',NULL,0),(418,NULL,'7399745487045',NULL,'cart',0,1,'2023-03-22 11:37:03',NULL,0),(419,NULL,'7401531736261',NULL,'cart',0,1,'2023-03-22 13:34:16',NULL,0),(420,NULL,'7403385487557','42119310672069','template',12,1,'2023-03-22 19:46:57','null',0),(421,NULL,'7401531736261',NULL,'cart',0,1,'2023-03-23 04:23:38',NULL,0),(422,NULL,'7398504235205',NULL,'cart',0,1,'2023-03-23 04:27:42',NULL,0),(423,NULL,'7403571708101','42119814873285','template',12,1,'2023-03-23 07:29:05','null',0),(424,NULL,'7404102779077','42121439477957','template',12,1,'2023-03-24 05:09:56','null',0),(425,NULL,'7401531736261',NULL,'cart',0,1,'2023-03-24 12:19:36',NULL,0),(426,NULL,'7401531736261',NULL,'cart',0,1,'2023-03-28 06:32:26',NULL,0),(427,NULL,'7402855137477',NULL,'cart',0,1,'2023-03-30 07:13:48',NULL,0),(428,NULL,'7208059961541',NULL,'cart',0,1,'2023-03-30 07:25:51',NULL,0),(429,NULL,'7205419122885',NULL,'cart',0,1,'2023-03-30 07:25:59',NULL,0),(430,NULL,'7408884973765','42135703814341','template',12,1,'2023-04-02 06:09:11','null',0),(431,NULL,'7409128046789','42136494571717','template',12,1,'2023-04-03 09:15:32','null',0),(432,NULL,'7408886284485',NULL,'cart',0,1,'2023-04-04 05:41:10',NULL,0),(433,NULL,'7398504235205',NULL,'cart',0,1,'2023-04-04 05:41:20',NULL,0),(434,NULL,'7208042201285',NULL,'cart',0,1,'2023-04-07 11:46:13',NULL,0),(435,NULL,'7247303311557',NULL,'cart',0,1,'2023-04-14 09:29:04',NULL,0),(436,NULL,'7414758080709','42153284042949','template',12,1,'2023-04-18 07:06:29','null',0),(437,NULL,'7414839312581','42153562013893','template',12,1,'2023-04-18 11:56:14','null',0),(438,NULL,'7398504235205',NULL,'cart',0,1,'2023-04-19 07:51:45',NULL,0),(439,NULL,'7209305473221',NULL,'cart',0,1,'2023-04-22 23:15:32',NULL,0),(440,NULL,'6893458522309','40593715822789','template',12,1,'2023-04-26 11:18:12','null',0),(441,NULL,'7215097872581',NULL,'cart',0,1,'2023-04-26 18:19:51',NULL,0),(442,1,'7420080718021','42167772938437','template',12,1,'2023-05-01 03:22:58',NULL,0),(443,NULL,'7420083470533','42167781195973','template',12,1,'2023-05-01 03:42:13','277576188101',0),(444,NULL,'7420083470533','42167781195973','template',12,1,'2023-05-01 03:46:14','277576188101',0),(445,NULL,'7420122628293','42167947100357','template',12,1,'2023-05-01 08:46:51','null',0),(446,NULL,'7420122792133','42167948935365','template',12,1,'2023-05-01 10:15:13','null',0),(447,NULL,'7215097872581',NULL,'cart',0,1,'2023-05-04 12:28:57',NULL,0),(448,NULL,'7215097872581',NULL,'cart',0,1,'2023-05-04 12:29:18',NULL,0),(449,NULL,'7420956147909','42170951401669','template',12,1,'2023-05-04 15:26:15','null',0),(450,NULL,'7420958376133','42170955137221','template',12,1,'2023-05-04 15:52:03','null',0),(451,NULL,'7209369206981',NULL,'cart',0,1,'2023-05-09 16:16:34',NULL,0),(452,NULL,'7209305473221',NULL,'cart',0,1,'2023-05-09 16:25:36',NULL,0),(453,NULL,'7209369206981',NULL,'cart',0,1,'2023-05-09 16:49:58',NULL,0),(454,NULL,'7247303311557',NULL,'cart',0,1,'2023-05-10 12:10:10',NULL,0),(455,NULL,'7417677414597',NULL,'cart',0,1,'2023-05-11 03:54:52',NULL,0),(456,NULL,'7417677414597',NULL,'cart',0,1,'2023-05-11 03:55:39',NULL,0),(457,NULL,'7417677414597',NULL,'cart',0,1,'2023-05-11 04:08:07',NULL,0),(458,NULL,'7209232957637',NULL,'cart',0,1,'2023-05-18 14:30:16',NULL,0),(459,NULL,'7417677414597',NULL,'cart',0,1,'2023-05-19 16:30:52',NULL,0),(460,NULL,'7382918332613',NULL,'cart',0,1,'2023-05-25 06:27:45',NULL,0),(461,NULL,'7428588568773','42193045192901','template',12,1,'2023-05-25 08:22:39','null',0),(462,NULL,'7247303311557',NULL,'cart',0,1,'2023-05-25 08:40:59',NULL,0),(463,NULL,'7420959424709',NULL,'cart',0,1,'2023-05-25 08:41:58',NULL,0),(464,NULL,'7404146917573',NULL,'cart',0,1,'2023-05-25 09:53:54',NULL,0),(465,NULL,'7420122792133',NULL,'cart',0,1,'2023-05-27 18:33:21',NULL,0),(466,NULL,'7420122792133',NULL,'cart',0,1,'2023-06-01 05:47:58',NULL,0),(467,NULL,'7420122792133',NULL,'cart',0,1,'2023-06-05 10:03:13',NULL,0),(468,NULL,'7420122792133',NULL,'cart',0,1,'2023-06-05 17:51:05',NULL,0),(469,NULL,'7209178071237',NULL,'cart',0,1,'2023-06-05 17:57:52',NULL,0),(470,NULL,'7420122792133',NULL,'cart',0,1,'2023-06-05 17:58:52',NULL,0),(471,NULL,'7209178071237',NULL,'cart',0,1,'2023-06-05 18:01:34',NULL,0),(472,NULL,'7205852840133',NULL,'cart',0,1,'2023-06-05 18:14:02',NULL,0),(473,NULL,'7207625490629',NULL,'cart',0,1,'2023-06-05 23:25:22',NULL,0),(474,NULL,'7420122792133',NULL,'cart',0,1,'2023-06-06 14:22:12',NULL,0),(475,NULL,'7439874883781',NULL,'cart',0,1,'2023-06-08 03:31:38',NULL,0),(476,NULL,'7247303311557','42171791933637','template',12,1,'2023-06-08 12:08:36','null',0),(477,NULL,'7420122792133',NULL,'cart',0,1,'2023-06-08 22:33:25',NULL,0),(478,NULL,'7218765332677','41559059497157','template',12,1,'2023-06-11 13:28:16','null',0),(479,NULL,'7447857692869','42224769794245','template',12,1,'2023-06-11 14:41:33','null',0),(480,NULL,'7447870734533','42224785391813','template',12,1,'2023-06-11 15:19:32','null',0),(481,NULL,'7420122792133',NULL,'cart',0,1,'2023-06-11 15:19:35',NULL,0),(482,NULL,'7448014749893','42225118445765','template',12,1,'2023-06-12 11:40:22','null',0),(483,NULL,'7447871848645',NULL,'cart',0,1,'2023-06-12 23:34:19',NULL,0),(484,NULL,'7446229909701',NULL,'cart',0,1,'2023-06-17 22:31:04',NULL,0),(485,NULL,'7450600472773','42238729912517','template',12,1,'2023-06-18 06:36:44','null',0),(487,NULL,'7450603389125',NULL,'cart',0,1,'2023-06-18 22:50:06',NULL,0),(488,NULL,'7450603389125',NULL,'cart',0,1,'2023-06-18 22:51:17',NULL,0),(489,NULL,'7450603389125',NULL,'cart',0,1,'2023-06-18 22:54:26',NULL,0),(490,NULL,'7450603389125',NULL,'cart',0,1,'2023-06-18 22:57:26',NULL,0),(491,NULL,'7409134502085',NULL,'cart',0,1,'2023-06-19 08:47:32',NULL,0),(492,NULL,'7240500641989',NULL,'cart',0,1,'2023-06-19 08:51:17',NULL,0),(493,NULL,'7448157388997',NULL,'cart',0,1,'2023-06-19 08:53:54',NULL,0),(494,NULL,'7447609376965',NULL,'cart',0,1,'2023-06-19 08:55:53',NULL,0),(495,NULL,'7451352793285','42242695954629','template',12,1,'2023-06-21 07:26:24','null',0),(498,NULL,'7448157388997',NULL,'cart',0,1,'2023-06-22 11:18:44',NULL,0),(499,NULL,'7448157388997',NULL,'cart',0,1,'2023-06-22 11:24:10',NULL,0),(500,NULL,'7447609376965',NULL,'cart',0,1,'2023-06-22 11:27:09',NULL,0),(501,NULL,'7447609376965',NULL,'cart',0,1,'2023-06-22 11:28:48',NULL,0),(502,NULL,'7447609376965',NULL,'cart',0,1,'2023-06-22 11:48:40',NULL,0),(503,NULL,'7447609376965',NULL,'cart',0,1,'2023-06-22 11:59:17',NULL,0),(504,NULL,'7447609376965',NULL,'cart',0,1,'2023-06-22 12:25:38',NULL,0),(505,NULL,'7447609376965',NULL,'cart',0,1,'2023-06-22 13:07:21',NULL,0),(506,NULL,'7452621340869','42246884458693','template',12,1,'2023-06-25 11:00:47','null',0),(507,NULL,'7066155024581',NULL,'cart',0,1,'2023-06-26 09:05:25',NULL,0),(508,NULL,'7453262872773','42248300495045','template',12,1,'2023-06-26 10:53:02','null',0),(509,NULL,'7447609376965',NULL,'cart',0,1,'2023-06-28 05:04:54',NULL,0),(510,NULL,'7455592317125',NULL,'cart',0,1,'2023-07-02 07:03:15',NULL,0),(511,NULL,'7455730565317',NULL,'cart',0,1,'2023-07-02 23:59:03',NULL,0),(512,NULL,'7104866779333',NULL,'cart',0,1,'2023-07-04 04:28:37',NULL,0),(513,NULL,'7448157388997',NULL,'cart',0,1,'2023-07-05 06:41:25',NULL,0),(514,NULL,'7456331628741','42257146347717','template',12,1,'2023-07-05 11:37:26','null',0),(515,NULL,'7456351813829',NULL,'cart',0,1,'2023-07-05 11:53:56',NULL,0),(516,NULL,'7443730727109',NULL,'cart',0,1,'2023-07-06 05:01:00',NULL,0),(517,NULL,'7447871848645',NULL,'cart',0,1,'2023-07-06 05:02:08',NULL,0),(518,NULL,'7453082255557',NULL,'cart',0,1,'2023-07-06 15:15:58',NULL,0),(519,NULL,'7453082255557',NULL,'cart',0,1,'2023-07-07 01:28:07',NULL,0),(520,NULL,'7453082255557',NULL,'cart',0,1,'2023-07-07 01:29:10',NULL,0),(521,NULL,'7453082255557',NULL,'cart',0,1,'2023-07-07 01:29:57',NULL,0),(522,NULL,'7453082255557',NULL,'cart',0,1,'2023-07-07 01:30:41',NULL,0),(523,NULL,'7453304357061',NULL,'cart',0,1,'2023-07-07 02:32:59',NULL,0),(524,NULL,'7453082255557',NULL,'cart',0,1,'2023-07-09 00:04:20',NULL,0),(525,NULL,'7453082255557',NULL,'cart',0,1,'2023-07-09 01:51:21',NULL,0),(526,NULL,'7453082255557',NULL,'cart',0,1,'2023-07-09 22:49:35',NULL,0),(527,NULL,'7453082255557',NULL,'cart',0,1,'2023-07-09 22:55:18',NULL,0),(528,NULL,'7453082255557',NULL,'cart',0,1,'2023-07-10 05:56:17',NULL,0),(529,NULL,'7456351813829',NULL,'cart',0,1,'2023-07-10 23:58:52',NULL,0),(530,NULL,'7453082255557',NULL,'cart',0,1,'2023-07-11 01:23:15',NULL,0),(531,NULL,'7453082255557',NULL,'cart',0,1,'2023-07-11 04:46:09',NULL,0),(532,NULL,'7409134502085',NULL,'cart',0,1,'2023-07-11 06:53:02',NULL,0),(533,NULL,'7453082255557',NULL,'cart',0,1,'2023-07-11 22:29:47',NULL,0),(534,NULL,'7453082255557',NULL,'cart',0,1,'2023-07-12 03:03:02',NULL,0),(535,NULL,'7459789177029',NULL,'cart',0,1,'2023-07-14 22:07:23',NULL,0),(536,NULL,'7453082255557',NULL,'cart',0,1,'2023-07-14 23:57:06',NULL,0),(537,NULL,'7453082255557',NULL,'cart',0,1,'2023-07-15 15:38:18',NULL,0),(538,NULL,'7453082255557',NULL,'cart',0,1,'2023-07-15 22:57:20',NULL,0),(539,NULL,'7453082255557',NULL,'cart',0,1,'2023-07-15 22:58:04',NULL,0),(540,NULL,'7453082255557',NULL,'cart',0,1,'2023-07-15 22:59:10',NULL,0),(541,NULL,'7459789177029',NULL,'cart',0,1,'2023-07-17 17:49:16',NULL,0),(542,NULL,'7459789177029',NULL,'cart',0,1,'2023-07-17 17:51:21',NULL,0),(543,NULL,'7459789177029',NULL,'cart',0,1,'2023-07-17 18:26:05',NULL,0),(544,NULL,'7459789177029',NULL,'cart',0,1,'2023-07-17 18:48:33',NULL,0),(545,NULL,'7459789177029',NULL,'cart',0,1,'2023-07-17 19:40:48',NULL,0),(546,NULL,'7420959424709',NULL,'cart',0,1,'2023-07-18 01:58:11',NULL,0),(547,NULL,'7453082255557',NULL,'cart',0,1,'2023-07-18 03:17:12',NULL,0),(548,NULL,'7453082255557',NULL,'cart',0,1,'2023-07-18 03:18:27',NULL,0),(549,NULL,'7453082255557',NULL,'cart',0,1,'2023-07-18 03:55:47',NULL,0),(550,NULL,'7453082255557',NULL,'cart',0,1,'2023-07-18 15:14:38',NULL,0),(551,NULL,'7459789177029',NULL,'cart',0,1,'2023-07-18 17:49:17',NULL,0),(552,NULL,'7453082255557',NULL,'cart',0,1,'2023-07-18 23:55:00',NULL,0),(553,NULL,'7453082255557',NULL,'cart',0,1,'2023-07-19 01:53:27',NULL,0),(554,NULL,'7453082255557',NULL,'cart',0,1,'2023-07-19 06:55:35',NULL,0),(555,NULL,'7453082255557',NULL,'cart',0,1,'2023-07-20 14:34:04',NULL,0),(556,NULL,'7453082255557',NULL,'cart',0,1,'2023-07-21 01:30:33',NULL,0),(557,NULL,'7453082255557',NULL,'cart',0,1,'2023-07-22 13:59:58',NULL,0),(558,NULL,'7453082255557',NULL,'cart',0,1,'2023-07-22 21:39:52',NULL,0),(559,NULL,'7453082255557',NULL,'cart',0,1,'2023-07-23 16:20:53',NULL,0),(560,NULL,'7453082255557',NULL,'cart',0,1,'2023-07-23 21:39:46',NULL,0),(561,NULL,'7453082255557',NULL,'cart',0,1,'2023-07-24 00:14:56',NULL,0),(562,NULL,'7453082255557',NULL,'cart',0,1,'2023-07-24 00:17:56',NULL,0),(563,NULL,'7448157388997',NULL,'cart',0,1,'2023-07-24 12:13:19',NULL,0),(564,NULL,'7453082255557',NULL,'cart',0,1,'2023-07-24 23:07:45',NULL,0),(565,NULL,'7453304357061',NULL,'cart',0,1,'2023-07-25 01:08:55',NULL,0),(566,NULL,'7453304357061',NULL,'cart',0,1,'2023-07-25 03:10:07',NULL,0),(567,NULL,'7459789177029',NULL,'cart',0,1,'2023-07-25 16:30:21',NULL,0),(568,NULL,'7459789177029',NULL,'cart',0,1,'2023-07-25 16:42:58',NULL,0),(569,NULL,'7453082255557',NULL,'cart',0,1,'2023-07-26 07:21:19',NULL,0),(570,NULL,'7453304357061',NULL,'cart',0,1,'2023-07-26 12:43:35',NULL,0),(571,NULL,'7453082255557',NULL,'cart',0,1,'2023-07-26 12:46:04',NULL,0),(572,NULL,'7453082255557',NULL,'cart',0,1,'2023-07-27 00:11:16',NULL,0),(573,NULL,'7453082255557',NULL,'cart',0,1,'2023-07-27 02:19:14',NULL,0),(574,NULL,'7456351813829',NULL,'cart',0,1,'2023-07-27 23:15:42',NULL,0),(575,NULL,'7456351813829',NULL,'cart',0,1,'2023-07-27 23:16:25',NULL,0),(576,NULL,'7453082255557',NULL,'cart',0,1,'2023-07-28 12:58:31',NULL,0),(577,NULL,'7453082255557',NULL,'cart',0,1,'2023-07-28 12:59:14',NULL,0),(578,NULL,'7453082255557',NULL,'cart',0,1,'2023-07-28 14:07:08',NULL,0),(579,NULL,'7453082255557',NULL,'cart',0,1,'2023-07-28 16:25:08',NULL,0),(580,NULL,'7453082255557',NULL,'cart',0,1,'2023-07-29 20:37:13',NULL,0),(581,NULL,'7453082255557',NULL,'cart',0,1,'2023-07-30 14:40:51',NULL,0),(582,NULL,'7453304357061',NULL,'cart',0,1,'2023-07-30 18:07:36',NULL,0),(583,NULL,'7453304357061',NULL,'cart',0,1,'2023-07-30 21:42:42',NULL,0),(584,NULL,'7453304357061',NULL,'cart',0,1,'2023-07-30 21:44:14',NULL,0),(585,NULL,'7453082255557',NULL,'cart',0,1,'2023-07-31 02:02:03',NULL,0),(586,NULL,'7453082255557',NULL,'cart',0,1,'2023-07-31 02:03:12',NULL,0),(587,NULL,'7453082255557',NULL,'cart',0,1,'2023-07-31 03:44:06',NULL,0),(588,NULL,'7466406674629',NULL,'cart',0,1,'2023-07-31 09:39:35',NULL,0),(589,NULL,'7453082255557',NULL,'cart',0,1,'2023-07-31 16:33:06',NULL,0),(590,NULL,'7453082255557',NULL,'cart',0,1,'2023-07-31 19:51:27',NULL,0),(591,NULL,'7453082255557',NULL,'cart',0,1,'2023-08-01 02:11:00',NULL,0),(592,NULL,'7453082255557',NULL,'cart',0,1,'2023-08-01 08:19:18',NULL,0),(593,NULL,'7453082255557',NULL,'cart',0,1,'2023-08-01 12:55:14',NULL,0),(594,NULL,'7453082255557',NULL,'cart',0,1,'2023-08-01 19:17:42',NULL,0),(595,NULL,'7453082255557',NULL,'cart',0,1,'2023-08-01 23:06:41',NULL,0),(596,NULL,'7453304357061',NULL,'cart',0,1,'2023-08-02 16:04:38',NULL,0),(597,NULL,'7453304357061',NULL,'cart',0,1,'2023-08-02 16:09:14',NULL,0),(598,NULL,'7453082255557',NULL,'cart',0,1,'2023-08-03 00:42:33',NULL,0),(599,NULL,'7453082255557',NULL,'cart',0,1,'2023-08-03 15:08:43',NULL,0),(600,NULL,'7453082255557',NULL,'cart',0,1,'2023-08-04 01:06:54',NULL,0),(601,NULL,'7453082255557',NULL,'cart',0,1,'2023-08-04 02:28:55',NULL,0),(602,NULL,'7453082255557',NULL,'cart',0,1,'2023-08-04 02:29:46',NULL,0),(603,NULL,'7447609376965',NULL,'cart',0,1,'2023-08-04 02:49:21',NULL,0),(604,NULL,'7453082255557',NULL,'cart',0,1,'2023-08-04 05:15:06',NULL,0),(605,NULL,'7453082255557',NULL,'cart',0,1,'2023-08-04 14:27:15',NULL,0),(606,NULL,'7453082255557',NULL,'cart',0,1,'2023-08-04 16:18:47',NULL,0),(607,NULL,'7456351813829',NULL,'cart',0,1,'2023-08-04 22:36:29',NULL,0),(608,NULL,'7456351813829',NULL,'cart',0,1,'2023-08-04 22:38:03',NULL,0),(609,NULL,'7456351813829',NULL,'cart',0,1,'2023-08-04 22:39:01',NULL,0),(610,NULL,'7453082255557',NULL,'cart',0,1,'2023-08-05 17:09:56',NULL,0),(611,NULL,'7453082255557',NULL,'cart',0,1,'2023-08-05 17:12:58',NULL,0),(612,NULL,'7453082255557',NULL,'cart',0,1,'2023-08-05 22:05:19',NULL,0),(613,NULL,'7453082255557',NULL,'cart',0,1,'2023-08-05 22:49:07',NULL,0),(614,NULL,'7453082255557',NULL,'cart',0,1,'2023-08-05 22:50:01',NULL,0),(615,NULL,'7469217251525','42298223853765','template',12,1,'2023-08-06 09:00:49','null',0),(616,NULL,'7469219971269',NULL,'cart',0,1,'2023-08-06 09:08:19',NULL,0),(617,NULL,'7453082255557',NULL,'cart',0,1,'2023-08-07 01:01:37',NULL,0),(618,NULL,'7453082255557',NULL,'cart',0,1,'2023-08-07 23:46:42',NULL,0),(619,NULL,'7453082255557',NULL,'cart',0,1,'2023-08-09 03:57:13',NULL,0),(620,NULL,'7453082255557',NULL,'cart',0,1,'2023-08-09 03:57:40',NULL,0),(621,NULL,'7470786347205',NULL,'cart',0,1,'2023-08-09 04:21:19',NULL,0),(622,NULL,'7453082255557',NULL,'cart',0,1,'2023-08-09 09:36:00',NULL,0),(623,NULL,'7456351813829',NULL,'cart',0,1,'2023-08-09 13:57:12',NULL,0),(624,NULL,'7447867719877',NULL,'cart',0,1,'2023-08-09 14:06:44',NULL,0),(625,NULL,'7215097872581',NULL,'cart',0,1,'2023-08-09 16:58:12',NULL,0),(626,NULL,'7453082255557',NULL,'cart',0,1,'2023-08-09 18:14:44',NULL,0),(627,NULL,'7402252042437',NULL,'cart',0,1,'2023-08-09 21:02:43',NULL,0),(628,NULL,'7453082255557',NULL,'cart',0,1,'2023-08-10 01:07:15',NULL,0),(629,NULL,'7453082255557',NULL,'cart',0,1,'2023-08-10 05:02:51',NULL,0),(630,NULL,'7453082255557',NULL,'cart',0,1,'2023-08-10 12:15:54',NULL,0),(631,NULL,'7453082255557',NULL,'cart',0,1,'2023-08-10 13:21:36',NULL,0),(632,NULL,'7453082255557',NULL,'cart',0,1,'2023-08-11 00:26:24',NULL,0),(633,NULL,'7453082255557',NULL,'cart',0,1,'2023-08-11 13:53:25',NULL,0),(634,NULL,'7453304357061',NULL,'cart',0,1,'2023-08-12 13:38:00',NULL,0),(635,NULL,'7453082255557',NULL,'cart',0,1,'2023-08-12 20:12:31',NULL,0),(636,NULL,'7453082255557',NULL,'cart',0,1,'2023-08-12 22:59:42',NULL,0),(637,NULL,'7453082255557',NULL,'cart',0,1,'2023-08-12 23:13:49',NULL,0),(638,NULL,'7450603389125',NULL,'cart',0,1,'2023-08-13 03:37:42',NULL,0),(639,NULL,'7470786347205',NULL,'cart',0,1,'2023-08-13 04:03:39',NULL,0),(640,NULL,'7453082255557',NULL,'cart',0,1,'2023-08-13 14:36:39',NULL,0),(641,NULL,'7453082255557',NULL,'cart',0,1,'2023-08-13 17:21:05',NULL,0),(642,NULL,'7209305473221',NULL,'cart',0,1,'2023-08-13 17:44:42',NULL,0),(643,NULL,'7453082255557',NULL,'cart',0,1,'2023-08-14 00:22:26',NULL,0),(644,NULL,'7453082255557',NULL,'cart',0,1,'2023-08-15 12:30:34',NULL,0),(645,NULL,'7453082255557',NULL,'cart',0,1,'2023-08-16 05:03:09',NULL,0),(646,NULL,'7453304357061',NULL,'cart',0,1,'2023-08-16 16:55:54',NULL,0),(647,NULL,'7453082255557',NULL,'cart',0,1,'2023-08-16 17:42:06',NULL,0),(648,NULL,'7453082255557',NULL,'cart',0,1,'2023-08-16 17:42:44',NULL,0),(649,NULL,'7470786347205',NULL,'cart',0,1,'2023-08-16 20:15:31',NULL,0),(650,NULL,'7453082255557',NULL,'cart',0,1,'2023-08-16 21:43:38',NULL,0),(651,NULL,'7470786347205',NULL,'cart',0,1,'2023-08-16 22:28:08',NULL,0),(652,NULL,'7453082255557',NULL,'cart',0,1,'2023-08-17 10:39:31',NULL,0),(653,NULL,'7453082255557',NULL,'cart',0,1,'2023-08-17 14:43:01',NULL,0),(654,NULL,'7453082255557',NULL,'cart',0,1,'2023-08-17 23:23:14',NULL,0),(655,NULL,'7453082255557',NULL,'cart',0,1,'2023-08-18 02:16:34',NULL,0),(656,NULL,'7453082255557',NULL,'cart',0,1,'2023-08-18 05:19:13',NULL,0),(657,NULL,'7453082255557',NULL,'cart',0,1,'2023-08-20 06:09:44',NULL,0),(658,NULL,'7453082255557',NULL,'cart',0,1,'2023-08-20 18:13:08',NULL,0),(659,NULL,'7453082255557',NULL,'cart',0,1,'2023-08-20 20:04:56',NULL,0),(660,NULL,'7453304357061',NULL,'cart',0,1,'2023-08-20 22:15:23',NULL,0),(661,NULL,'7453082255557',NULL,'cart',0,1,'2023-08-21 14:59:39',NULL,0),(662,NULL,'7453082255557',NULL,'cart',0,1,'2023-08-21 16:28:24',NULL,0),(663,NULL,'7453082255557',NULL,'cart',0,1,'2023-08-21 18:22:26',NULL,0),(664,NULL,'7453082255557',NULL,'cart',0,1,'2023-08-21 20:30:11',NULL,0),(665,NULL,'7453082255557',NULL,'cart',0,1,'2023-08-21 23:45:53',NULL,0),(666,NULL,'7453082255557',NULL,'cart',0,1,'2023-08-22 01:22:13',NULL,0),(667,NULL,'7453082255557',NULL,'cart',0,1,'2023-08-22 01:23:06',NULL,0),(668,NULL,'7453304357061',NULL,'cart',0,1,'2023-08-22 14:33:35',NULL,0),(669,NULL,'7453082255557',NULL,'cart',0,1,'2023-08-22 19:57:41',NULL,0),(670,NULL,'7453082255557',NULL,'cart',0,1,'2023-08-22 21:15:07',NULL,0),(671,NULL,'7453082255557',NULL,'cart',0,1,'2023-08-23 17:22:23',NULL,0),(672,NULL,'7453082255557',NULL,'cart',0,1,'2023-08-23 18:51:44',NULL,0),(673,NULL,'7453082255557',NULL,'cart',0,1,'2023-08-23 21:23:16',NULL,0),(674,NULL,'7453082255557',NULL,'cart',0,1,'2023-08-23 23:53:16',NULL,0),(675,NULL,'7453082255557',NULL,'cart',0,1,'2023-08-24 00:31:57',NULL,0),(676,NULL,'7453082255557',NULL,'cart',0,1,'2023-08-24 22:29:02',NULL,0),(677,NULL,'7453082255557',NULL,'cart',0,1,'2023-08-24 23:11:56',NULL,0),(678,NULL,'7453082255557',NULL,'cart',0,1,'2023-08-24 23:14:46',NULL,0),(679,NULL,'7476029423813',NULL,'cart',0,1,'2023-08-25 11:25:36',NULL,0),(680,NULL,'7477621391557','42330200834245','template',12,1,'2023-08-25 13:05:14','null',0),(681,NULL,'7453082255557',NULL,'cart',0,1,'2023-08-25 15:04:44',NULL,0),(682,NULL,'7453304357061',NULL,'cart',0,1,'2023-08-26 00:39:24',NULL,0),(683,NULL,'7453082255557',NULL,'cart',0,1,'2023-08-27 00:45:18',NULL,0),(684,NULL,'7453082255557',NULL,'cart',0,1,'2023-08-27 00:47:42',NULL,0),(685,NULL,'7453082255557',NULL,'cart',0,1,'2023-08-27 00:52:48',NULL,0),(686,NULL,'7453082255557',NULL,'cart',0,1,'2023-08-27 15:37:35',NULL,0),(687,NULL,'7453082255557',NULL,'cart',0,1,'2023-08-27 18:18:51',NULL,0),(688,NULL,'7453082255557',NULL,'cart',0,1,'2023-08-28 01:08:02',NULL,0),(689,NULL,'7453082255557',NULL,'cart',0,1,'2023-08-28 01:16:02',NULL,0),(690,NULL,'7453082255557',NULL,'cart',0,1,'2023-08-28 03:24:37',NULL,0),(691,NULL,'7453082255557',NULL,'cart',0,1,'2023-08-28 12:58:28',NULL,0),(692,NULL,'7453082255557',NULL,'cart',0,1,'2023-08-28 18:10:30',NULL,0),(693,NULL,'7453082255557',NULL,'cart',0,1,'2023-08-28 19:58:44',NULL,0),(694,NULL,'7453304357061',NULL,'cart',0,1,'2023-08-28 20:45:49',NULL,0),(695,NULL,'7453082255557',NULL,'cart',0,1,'2023-08-28 21:45:27',NULL,0),(696,NULL,'7477621391557','42330200834245','template',12,1,'2023-08-29 00:15:10','null',0),(697,NULL,'7478334619845','42333532029125','template',12,1,'2023-08-29 00:41:42','null',0),(698,NULL,'7453082255557',NULL,'cart',0,1,'2023-08-29 01:41:42',NULL,0),(699,NULL,'7453082255557',NULL,'cart',0,1,'2023-08-29 02:24:30',NULL,0),(700,NULL,'7453082255557',NULL,'cart',0,1,'2023-08-29 02:41:22',NULL,0),(701,NULL,'7456351813829',NULL,'cart',0,1,'2023-08-30 18:34:35',NULL,0),(702,NULL,'7478835937477','undefined','template',12,1,'2023-08-30 19:12:14','null',0),(703,NULL,'7478663053509',NULL,'cart',0,1,'2023-08-31 12:55:01',NULL,0),(704,NULL,'7453082255557',NULL,'cart',0,1,'2023-08-31 15:39:06',NULL,0),(705,NULL,'7478663053509',NULL,'cart',0,1,'2023-08-31 18:28:04',NULL,0),(706,NULL,'7453082255557',NULL,'cart',0,1,'2023-09-02 15:12:16',NULL,0),(707,NULL,'7453082255557',NULL,'cart',0,1,'2023-09-02 16:55:08',NULL,0),(708,NULL,'7453082255557',NULL,'cart',0,1,'2023-09-02 17:50:01',NULL,0),(709,NULL,'7453082255557',NULL,'cart',0,1,'2023-09-02 23:46:34',NULL,0),(710,NULL,'7453082255557',NULL,'cart',0,1,'2023-09-03 03:19:21',NULL,0),(711,NULL,'7453082255557',NULL,'cart',0,1,'2023-09-03 03:20:23',NULL,0),(712,NULL,'7453304357061',NULL,'cart',0,1,'2023-09-03 12:48:16',NULL,0),(713,NULL,'7453304357061',NULL,'cart',0,1,'2023-09-03 13:15:06',NULL,0),(714,NULL,'7453304357061',NULL,'cart',0,1,'2023-09-03 13:19:26',NULL,0),(715,NULL,'7480148459717','42339955146949','template',12,1,'2023-09-03 23:20:50','null',0),(716,NULL,'7480148459717','42339955146949','template',12,1,'2023-09-03 23:29:19','null',0),(717,NULL,'7480148459717','42339955146949','template',12,1,'2023-09-04 09:52:51','null',0),(718,NULL,'7480148459717','42339955146949','template',12,1,'2023-09-04 10:02:34','null',0),(719,NULL,'7480330911941',NULL,'cart',0,1,'2023-09-04 13:27:50',NULL,0),(720,NULL,'7453082255557',NULL,'cart',0,1,'2023-09-05 00:18:21',NULL,0),(721,NULL,'7453082255557',NULL,'cart',0,1,'2023-09-05 15:43:43',NULL,0),(722,NULL,'7453082255557',NULL,'cart',0,1,'2023-09-05 15:44:22',NULL,0),(723,NULL,'7453082255557',NULL,'cart',0,1,'2023-09-05 23:07:00',NULL,0),(724,NULL,'7453082255557',NULL,'cart',0,1,'2023-09-06 01:25:05',NULL,0),(725,NULL,'7470558544069','42307396567237','template',12,1,'2023-09-06 13:21:02','null',0),(726,NULL,'7453082255557',NULL,'cart',0,1,'2023-09-06 14:44:15',NULL,0),(727,NULL,'7453082255557',NULL,'cart',0,1,'2023-09-06 15:42:16',NULL,0),(728,NULL,'7453082255557',NULL,'cart',0,1,'2023-09-07 00:01:35',NULL,0),(729,NULL,'7456351813829',NULL,'cart',0,1,'2023-09-07 00:09:35',NULL,0),(730,NULL,'7456351813829',NULL,'cart',0,1,'2023-09-07 00:10:51',NULL,0),(731,NULL,'7453082255557',NULL,'cart',0,1,'2023-09-07 04:19:59',NULL,0),(732,NULL,'7453082255557',NULL,'cart',0,1,'2023-09-07 11:57:58',NULL,0),(733,NULL,'7453082255557',NULL,'cart',0,1,'2023-09-07 13:44:58',NULL,0),(734,NULL,'7483001602245','42345790308549','template',12,1,'2023-09-07 13:45:56','null',0),(735,NULL,'7453082255557',NULL,'cart',0,1,'2023-09-07 16:29:13',NULL,0),(736,NULL,'7453082255557',NULL,'cart',0,1,'2023-09-08 01:17:33',NULL,0),(737,NULL,'7453082255557',NULL,'cart',0,1,'2023-09-08 01:19:09',NULL,0),(738,NULL,'7453082255557',NULL,'cart',0,1,'2023-09-08 01:55:39',NULL,0),(739,NULL,'7453082255557',NULL,'cart',0,1,'2023-09-08 18:04:03',NULL,0),(740,NULL,'7453082255557',NULL,'cart',0,1,'2023-09-08 23:18:49',NULL,0),(741,NULL,'7453082255557',NULL,'cart',0,1,'2023-09-09 12:52:18',NULL,0),(742,NULL,'7453082255557',NULL,'cart',0,1,'2023-09-09 23:35:07',NULL,0),(743,NULL,'7453082255557',NULL,'cart',0,1,'2023-09-10 14:14:38',NULL,0),(744,NULL,'7453082255557',NULL,'cart',0,1,'2023-09-10 14:15:34',NULL,0),(745,NULL,'7453082255557',NULL,'cart',0,1,'2023-09-10 19:38:18',NULL,0),(746,NULL,'7453082255557',NULL,'cart',0,1,'2023-09-10 21:02:47',NULL,0),(747,NULL,'7456351813829',NULL,'cart',0,1,'2023-09-10 21:14:55',NULL,0),(748,NULL,'7456351813829',NULL,'cart',0,1,'2023-09-10 21:16:56',NULL,0),(749,NULL,'7453082255557',NULL,'cart',0,1,'2023-09-11 01:37:45',NULL,0),(750,NULL,'7453082255557',NULL,'cart',0,1,'2023-09-11 23:18:09',NULL,0),(751,NULL,'7453082255557',NULL,'cart',0,1,'2023-09-12 03:11:42',NULL,0),(752,NULL,'7453082255557',NULL,'cart',0,1,'2023-09-12 15:56:01',NULL,0),(753,NULL,'7453082255557',NULL,'cart',0,1,'2023-09-12 17:13:39',NULL,0),(754,NULL,'7471914352837',NULL,'cart',0,1,'2023-09-12 21:40:40',NULL,0),(755,NULL,'7453082255557',NULL,'cart',0,1,'2023-09-12 23:53:44',NULL,0),(756,NULL,'7453082255557',NULL,'cart',0,1,'2023-09-13 04:01:45',NULL,0),(757,NULL,'7453082255557',NULL,'cart',0,1,'2023-09-14 20:15:33',NULL,0),(758,NULL,'7453082255557',NULL,'cart',0,1,'2023-09-15 12:01:25',NULL,0),(759,NULL,'7453082255557',NULL,'cart',0,1,'2023-09-15 22:32:12',NULL,0),(760,NULL,'7453082255557',NULL,'cart',0,1,'2023-09-16 03:57:11',NULL,0),(761,NULL,'7453082255557',NULL,'cart',0,1,'2023-09-16 03:57:40',NULL,0),(762,NULL,'7453082255557',NULL,'cart',0,1,'2023-09-16 17:36:09',NULL,0),(763,NULL,'7453082255557',NULL,'cart',0,1,'2023-09-16 17:38:14',NULL,0),(764,NULL,'7453082255557',NULL,'cart',0,1,'2023-09-17 16:32:18',NULL,0),(765,NULL,'7453082255557',NULL,'cart',0,1,'2023-09-17 18:22:16',NULL,0),(766,NULL,'7453082255557',NULL,'cart',0,1,'2023-09-17 20:47:12',NULL,0),(767,NULL,'7453082255557',NULL,'cart',0,1,'2023-09-17 21:26:14',NULL,0),(768,NULL,'7453304357061',NULL,'cart',0,1,'2023-09-19 04:54:25',NULL,0),(769,NULL,'7453082255557',NULL,'cart',0,1,'2023-09-19 15:39:47',NULL,0),(770,NULL,'7209178071237',NULL,'cart',0,1,'2023-09-19 22:21:20',NULL,0),(771,NULL,'7209178071237',NULL,'cart',0,1,'2023-09-19 22:23:29',NULL,0),(772,NULL,'7209178071237',NULL,'cart',0,1,'2023-09-19 22:28:20',NULL,0),(773,NULL,'7478753755333',NULL,'cart',0,1,'2023-09-20 00:06:34',NULL,0),(774,NULL,'7439477506245',NULL,'cart',0,1,'2023-09-20 00:12:58',NULL,0),(775,NULL,'7453082255557',NULL,'cart',0,1,'2023-09-20 13:12:50',NULL,0),(776,NULL,'7453082255557',NULL,'cart',0,1,'2023-09-20 14:52:53',NULL,0),(777,NULL,'7453304357061',NULL,'cart',0,1,'2023-09-20 17:59:02',NULL,0),(778,NULL,'7453304357061',NULL,'cart',0,1,'2023-09-20 17:59:41',NULL,0),(779,NULL,'7453082255557',NULL,'cart',0,1,'2023-09-20 20:30:08',NULL,0),(780,NULL,'7453082255557',NULL,'cart',0,1,'2023-09-20 20:33:36',NULL,0),(781,NULL,'7453082255557',NULL,'cart',0,1,'2023-09-20 22:33:42',NULL,0),(782,NULL,'7453082255557',NULL,'cart',0,1,'2023-09-20 22:36:47',NULL,0),(783,NULL,'7453082255557',NULL,'cart',0,1,'2023-09-20 22:37:38',NULL,0),(784,NULL,'7453082255557',NULL,'cart',0,1,'2023-09-20 22:38:45',NULL,0),(785,NULL,'7453304357061',NULL,'cart',0,1,'2023-09-21 01:35:19',NULL,0),(786,NULL,'7453082255557',NULL,'cart',0,1,'2023-09-21 01:43:22',NULL,0),(787,NULL,'7453082255557',NULL,'cart',0,1,'2023-09-22 05:09:45',NULL,0),(788,NULL,'7453082255557',NULL,'cart',0,1,'2023-09-22 13:54:56',NULL,0),(789,NULL,'7453082255557',NULL,'cart',0,1,'2023-09-22 13:58:12',NULL,0),(790,NULL,'7446229909701',NULL,'cart',0,1,'2023-09-22 14:00:41',NULL,0),(791,NULL,'7480313151685',NULL,'cart',0,1,'2023-09-22 18:11:39',NULL,0),(792,NULL,'7473178280133',NULL,'cart',0,1,'2023-09-22 18:16:48',NULL,0),(793,NULL,'7471914352837',NULL,'cart',0,1,'2023-09-22 19:47:26',NULL,0),(794,NULL,'7453082255557',NULL,'cart',0,1,'2023-09-23 00:49:31',NULL,0),(795,NULL,'7453082255557',NULL,'cart',0,1,'2023-09-23 02:58:18',NULL,0),(796,NULL,'7453082255557',NULL,'cart',0,1,'2023-09-23 13:45:32',NULL,0),(797,NULL,'7453304357061',NULL,'cart',0,1,'2023-09-23 15:02:48',NULL,0),(798,NULL,'7453304357061',NULL,'cart',0,1,'2023-09-23 15:55:25',NULL,0),(799,NULL,'7453082255557',NULL,'cart',0,1,'2023-09-23 22:20:28',NULL,0),(800,NULL,'7453082255557',NULL,'cart',0,1,'2023-09-24 19:36:33',NULL,0),(801,NULL,'7453082255557',NULL,'cart',0,1,'2023-09-24 19:37:50',NULL,0),(802,NULL,'7480313151685',NULL,'cart',0,1,'2023-09-25 01:47:25',NULL,0),(803,NULL,'7453082255557',NULL,'cart',0,1,'2023-09-25 15:39:38',NULL,0),(804,NULL,'7453082255557',NULL,'cart',0,1,'2023-09-25 15:40:15',NULL,0),(805,NULL,'7453082255557',NULL,'cart',0,1,'2023-09-25 16:41:49',NULL,0),(806,NULL,'7245971423429',NULL,'cart',0,1,'2023-09-25 17:55:17',NULL,0),(807,NULL,'7453082255557',NULL,'cart',0,1,'2023-09-25 22:38:57',NULL,0),(808,NULL,'7453082255557',NULL,'cart',0,1,'2023-09-26 21:15:19',NULL,0),(809,NULL,'7453082255557',NULL,'cart',0,1,'2023-09-27 17:31:02',NULL,0),(810,NULL,'7414765322437',NULL,'cart',0,1,'2023-09-29 12:37:55',NULL,0),(811,NULL,'7453082255557',NULL,'cart',0,1,'2023-09-29 20:31:44',NULL,0),(812,NULL,'7453082255557',NULL,'cart',0,1,'2023-09-29 22:51:13',NULL,0),(813,NULL,'7494929121477','42379809358021','template',12,1,'2023-09-30 05:54:07','null',0),(814,NULL,'7453082255557',NULL,'cart',0,1,'2023-09-30 10:00:39',NULL,0),(815,NULL,'7453082255557',NULL,'cart',0,1,'2023-09-30 14:16:55',NULL,0),(816,NULL,'7453082255557',NULL,'cart',0,1,'2023-10-01 01:19:12',NULL,0),(817,NULL,'7495109443781','42380295766213','template',12,1,'2023-10-01 09:50:48','null',0),(818,NULL,'7495114031301','42380328829125','template',12,1,'2023-10-01 10:02:41','null',0),(819,NULL,'7495116554437','42380335972549','template',12,1,'2023-10-01 10:19:11','null',0),(820,NULL,'7453304357061','42248457322693','template',12,1,'2023-10-01 10:44:07','null',0),(821,NULL,'7453082255557',NULL,'cart',0,1,'2023-10-01 16:37:34',NULL,0),(822,NULL,'7453082255557',NULL,'cart',0,1,'2023-10-01 17:46:02',NULL,0),(823,NULL,'7453082255557',NULL,'cart',0,1,'2023-10-01 19:45:18',NULL,0),(824,NULL,'7453082255557',NULL,'cart',0,1,'2023-10-01 20:28:14',NULL,0),(825,NULL,'7495117865157','42380345671877','template',12,1,'2023-10-02 08:49:34','null',0),(826,NULL,'7453082255557',NULL,'cart',0,1,'2023-10-02 11:45:08',NULL,0),(827,NULL,'7453082255557',NULL,'cart',0,1,'2023-10-02 14:08:52',NULL,0),(828,NULL,'7453082255557',NULL,'cart',0,1,'2023-10-02 21:19:14',NULL,0),(829,NULL,'7453082255557',NULL,'cart',0,1,'2023-10-02 21:21:29',NULL,0),(830,NULL,'7453082255557',NULL,'cart',0,1,'2023-10-02 22:01:11',NULL,0),(831,NULL,'7453082255557',NULL,'cart',0,1,'2023-10-02 22:08:07',NULL,0),(832,NULL,'7453082255557',NULL,'cart',0,1,'2023-10-02 22:08:33',NULL,0),(833,NULL,'7453082255557',NULL,'cart',0,1,'2023-10-02 22:12:42',NULL,0),(834,NULL,'7453082255557',NULL,'cart',0,1,'2023-10-02 22:14:40',NULL,0),(835,NULL,'7453082255557',NULL,'cart',0,1,'2023-10-03 01:25:19',NULL,0),(836,NULL,'7453082255557',NULL,'cart',0,1,'2023-10-03 02:25:37',NULL,0),(837,NULL,'7453082255557',NULL,'cart',0,1,'2023-10-03 07:29:06',NULL,0),(838,NULL,'7453082255557',NULL,'cart',0,1,'2023-10-03 18:48:35',NULL,0),(839,NULL,'7453082255557',NULL,'cart',0,1,'2023-10-03 21:40:29',NULL,0),(840,NULL,'7453082255557',NULL,'cart',0,1,'2023-10-04 12:05:38',NULL,0),(841,NULL,'7453082255557',NULL,'cart',0,1,'2023-10-04 22:55:16',NULL,0),(842,NULL,'7481357172933',NULL,'cart',0,1,'2023-10-05 00:18:46',NULL,0),(843,NULL,'7209178071237',NULL,'cart',0,1,'2023-10-05 03:05:21',NULL,0),(844,NULL,'7209178071237',NULL,'cart',0,1,'2023-10-05 03:06:57',NULL,0),(845,NULL,'7209178071237',NULL,'cart',0,1,'2023-10-05 03:07:38',NULL,0),(846,NULL,'7209178071237',NULL,'cart',0,1,'2023-10-05 03:08:49',NULL,0),(847,NULL,'7478753755333',NULL,'cart',0,1,'2023-10-05 03:41:33',NULL,0),(848,NULL,'7478753755333',NULL,'cart',0,1,'2023-10-05 03:42:52',NULL,0),(849,NULL,'7453082255557',NULL,'cart',0,1,'2023-10-05 17:23:58',NULL,0),(850,NULL,'7453082255557',NULL,'cart',0,1,'2023-10-06 21:24:45',NULL,0),(851,NULL,'7453082255557',NULL,'cart',0,1,'2023-10-07 04:45:00',NULL,0),(852,NULL,'7453082255557',NULL,'cart',0,1,'2023-10-07 17:33:54',NULL,0),(853,NULL,'7453082255557',NULL,'cart',0,1,'2023-10-08 21:31:46',NULL,0),(854,NULL,'7453082255557',NULL,'cart',0,1,'2023-10-09 23:57:51',NULL,0),(855,NULL,'7453082255557',NULL,'cart',0,1,'2023-10-10 01:29:19',NULL,0),(856,NULL,'7453082255557',NULL,'cart',0,1,'2023-10-10 01:30:03',NULL,0),(857,NULL,'7453082255557',NULL,'cart',0,1,'2023-10-11 17:45:20',NULL,0),(858,NULL,'7453082255557',NULL,'cart',0,1,'2023-10-11 17:49:17',NULL,0),(859,NULL,'7453082255557',NULL,'cart',0,1,'2023-10-12 13:36:59',NULL,0),(860,NULL,'7453082255557',NULL,'cart',0,1,'2023-10-12 16:48:00',NULL,0),(861,NULL,'7453082255557',NULL,'cart',0,1,'2023-10-13 00:13:52',NULL,0),(862,NULL,'7453082255557',NULL,'cart',0,1,'2023-10-13 00:15:08',NULL,0),(863,NULL,'7453082255557',NULL,'cart',0,1,'2023-10-13 00:15:40',NULL,0),(864,NULL,'7453082255557',NULL,'cart',0,1,'2023-10-13 02:36:27',NULL,0),(865,NULL,'7453082255557',NULL,'cart',0,1,'2023-10-13 15:50:14',NULL,0),(866,NULL,'7453082255557',NULL,'cart',0,1,'2023-10-14 13:53:40',NULL,0),(867,NULL,'7453082255557',NULL,'cart',0,1,'2023-10-14 13:55:57',NULL,0),(868,NULL,'7453082255557',NULL,'cart',0,1,'2023-10-14 13:56:44',NULL,0),(869,NULL,'7453082255557',NULL,'cart',0,1,'2023-10-15 12:11:38',NULL,0),(870,NULL,'7453082255557',NULL,'cart',0,1,'2023-10-15 19:57:10',NULL,0),(871,NULL,'7453082255557',NULL,'cart',0,1,'2023-10-16 07:12:31',NULL,0),(872,NULL,'7453082255557',NULL,'cart',0,1,'2023-10-16 22:52:48',NULL,0),(873,NULL,'7487853068485',NULL,'cart',0,1,'2023-10-17 01:44:25',NULL,0),(874,NULL,'7453082255557',NULL,'cart',0,1,'2023-10-19 09:27:55',NULL,0),(875,NULL,'7492181885125',NULL,'cart',0,1,'2023-10-19 10:21:26',NULL,0),(876,NULL,'7481357172933',NULL,'cart',0,1,'2023-10-19 10:46:27',NULL,0),(877,NULL,'7453082255557',NULL,'cart',0,1,'2023-10-19 14:26:54',NULL,0),(878,NULL,'7478753755333',NULL,'cart',0,1,'2023-10-20 17:39:44',NULL,0),(879,NULL,'7453082255557',NULL,'cart',0,1,'2023-10-20 17:49:24',NULL,0),(880,NULL,'7453082255557',NULL,'cart',0,1,'2023-10-21 00:15:24',NULL,0),(881,NULL,'7453082255557',NULL,'cart',0,1,'2023-10-21 14:10:20',NULL,0),(882,NULL,'7453082255557',NULL,'cart',0,1,'2023-10-21 22:19:53',NULL,0),(883,NULL,'7478753755333',NULL,'cart',0,1,'2023-10-22 23:23:25',NULL,0),(884,NULL,'7478753755333',NULL,'cart',0,1,'2023-10-22 23:25:50',NULL,0),(885,NULL,'7478753755333',NULL,'cart',0,1,'2023-10-22 23:28:21',NULL,0),(886,NULL,'7495119405253',NULL,'cart',0,1,'2023-10-23 05:41:36',NULL,0),(887,NULL,'7495119405253',NULL,'cart',0,1,'2023-10-23 13:30:37',NULL,0),(888,NULL,'7453082255557',NULL,'cart',0,1,'2023-10-24 00:53:50',NULL,0),(889,NULL,'7453082255557',NULL,'cart',0,1,'2023-10-24 01:17:31',NULL,0),(890,NULL,'7495119405253',NULL,'cart',0,1,'2023-10-24 21:07:13',NULL,0),(891,NULL,'7453082255557',NULL,'cart',0,1,'2023-10-24 23:36:14',NULL,0),(892,NULL,'7502393508037',NULL,'cart',0,1,'2023-10-25 20:56:49',NULL,0),(893,NULL,'7502040727749',NULL,'cart',0,1,'2023-10-25 20:58:07',NULL,0),(894,NULL,'7502393508037',NULL,'cart',0,1,'2023-10-25 23:55:19',NULL,0),(895,NULL,'7453082255557',NULL,'cart',0,1,'2023-10-26 20:19:35',NULL,0),(896,NULL,'7502393508037',NULL,'cart',0,1,'2023-10-26 21:14:23',NULL,0),(897,NULL,'7453082255557',NULL,'cart',0,1,'2023-10-27 03:13:55',NULL,0),(898,NULL,'7453082255557',NULL,'cart',0,1,'2023-10-27 04:52:36',NULL,0),(899,NULL,'7453082255557',NULL,'cart',0,1,'2023-10-27 04:52:59',NULL,0),(900,NULL,'7453082255557',NULL,'cart',0,1,'2023-10-27 04:54:42',NULL,0),(901,NULL,'7453082255557',NULL,'cart',0,1,'2023-10-27 17:10:17',NULL,0),(902,NULL,'7453082255557',NULL,'cart',0,1,'2023-10-27 19:38:11',NULL,0),(903,NULL,'7502393508037',NULL,'cart',0,1,'2023-10-27 22:33:58',NULL,0),(904,NULL,'7502040727749',NULL,'cart',0,1,'2023-10-28 03:08:05',NULL,0),(905,NULL,'7502393508037',NULL,'cart',0,1,'2023-10-28 07:02:56',NULL,0),(906,NULL,'7524988387525',NULL,'cart',0,1,'2023-10-28 18:48:06',NULL,0),(907,NULL,'7502393508037',NULL,'cart',0,1,'2023-10-28 18:58:00',NULL,0),(908,NULL,'7525119492293','42464360366277','template',12,1,'2023-10-29 00:00:05','null',0),(909,NULL,'7525119492293','42464360366277','template',12,1,'2023-10-29 00:07:09','null',0),(910,NULL,'7525149180101','42464455098565','template',12,1,'2023-10-29 03:11:01','null',0),(911,NULL,'7502393508037',NULL,'cart',0,1,'2023-10-29 05:47:05',NULL,0),(912,NULL,'7525121523909',NULL,'cart',0,1,'2023-10-29 05:47:45',NULL,0),(913,NULL,'7502393508037',NULL,'cart',0,1,'2023-10-29 05:49:53',NULL,0),(914,NULL,'7495119405253',NULL,'cart',0,1,'2023-10-29 15:30:06',NULL,0),(915,NULL,'7495119405253',NULL,'cart',0,1,'2023-10-29 15:37:20',NULL,0),(916,NULL,'7495119405253',NULL,'cart',0,1,'2023-10-29 15:38:37',NULL,0),(917,NULL,'7453082255557',NULL,'cart',0,1,'2023-10-29 16:48:41',NULL,0),(918,NULL,'7526000492741','42466334867653','template',12,1,'2023-10-29 22:49:30','null',0),(919,NULL,'7526004785349',NULL,'cart',0,1,'2023-10-29 22:55:54',NULL,0),(920,NULL,'7526005670085','42466361311429','template',12,1,'2023-10-29 23:15:10','null',0),(921,NULL,'7526007046341',NULL,'cart',0,1,'2023-10-29 23:25:18',NULL,0),(922,NULL,'7526033129669','42466394931397','template',12,1,'2023-10-29 23:39:55','null',0),(923,NULL,'7526033129669','42466394931397','template',12,1,'2023-10-29 23:47:18','null',0),(924,NULL,'7526007046341',NULL,'cart',0,1,'2023-10-30 00:31:04',NULL,0),(925,NULL,'7526007046341',NULL,'cart',0,1,'2023-10-30 00:33:15',NULL,0),(926,NULL,'7526007046341',NULL,'cart',0,1,'2023-10-30 00:34:49',NULL,0),(927,NULL,'7526160826565','42466533441733','template',12,1,'2023-10-30 00:42:42','null',0),(928,NULL,'7526299861189','42466689843397','template',12,1,'2023-10-30 01:02:28','null',0),(929,NULL,'7525121523909',NULL,'cart',0,1,'2023-10-30 01:13:25',NULL,0),(930,NULL,'7525121523909',NULL,'cart',0,1,'2023-10-30 01:13:39',NULL,0),(931,NULL,'7525121523909',NULL,'cart',0,1,'2023-10-30 01:14:28',NULL,0),(932,NULL,'7526244090053',NULL,'cart',0,1,'2023-10-30 01:16:00',NULL,0),(933,NULL,'7525121523909',NULL,'cart',0,1,'2023-10-30 01:17:05',NULL,0),(934,NULL,'7526007046341',NULL,'cart',0,1,'2023-10-30 01:18:06',NULL,0),(935,NULL,'7525121523909',NULL,'cart',0,1,'2023-10-30 01:18:21',NULL,0),(936,NULL,'7525150032069',NULL,'cart',0,1,'2023-10-30 01:18:50',NULL,0),(937,NULL,'7526244090053',NULL,'cart',0,1,'2023-10-30 01:20:05',NULL,0),(938,NULL,'7526244090053',NULL,'cart',0,1,'2023-10-30 01:20:15',NULL,0),(939,NULL,'7526244090053',NULL,'cart',0,1,'2023-10-30 01:20:27',NULL,0),(940,NULL,'7526244090053',NULL,'cart',0,1,'2023-10-30 01:21:11',NULL,0),(941,NULL,'7526244090053',NULL,'cart',0,1,'2023-10-30 01:21:53',NULL,0),(942,NULL,'7526244090053',NULL,'cart',0,1,'2023-10-30 01:22:01',NULL,0),(943,NULL,'7526069403845',NULL,'cart',0,1,'2023-10-30 01:23:07',NULL,0),(944,NULL,'7526007046341',NULL,'cart',0,1,'2023-10-30 01:24:04',NULL,0),(945,NULL,'7525121523909',NULL,'cart',0,1,'2023-10-30 01:24:29',NULL,0),(946,NULL,'7526244090053',NULL,'cart',0,1,'2023-10-30 01:25:13',NULL,0),(947,NULL,'7502398357701',NULL,'cart',0,1,'2023-10-30 01:28:57',NULL,0),(948,NULL,'7526007046341',NULL,'cart',0,1,'2023-10-30 01:29:51',NULL,0),(949,NULL,'7525121523909',NULL,'cart',0,1,'2023-10-30 01:30:13',NULL,0),(950,NULL,'7502452654277',NULL,'cart',0,1,'2023-10-30 01:36:14',NULL,0),(951,NULL,'7502452654277',NULL,'cart',0,1,'2023-10-30 01:36:34',NULL,0),(952,NULL,'7526007046341',NULL,'cart',0,1,'2023-10-30 01:37:21',NULL,0),(953,NULL,'7526007046341',NULL,'cart',0,1,'2023-10-30 01:38:30',NULL,0),(954,NULL,'7502452654277',NULL,'cart',0,1,'2023-10-30 01:38:50',NULL,0),(955,NULL,'7502452654277',NULL,'cart',0,1,'2023-10-30 01:39:05',NULL,0),(956,NULL,'7525121523909',NULL,'cart',0,1,'2023-10-30 01:39:27',NULL,0),(957,NULL,'7525150032069',NULL,'cart',0,1,'2023-10-30 01:41:18',NULL,0),(958,NULL,'7525150032069',NULL,'cart',0,1,'2023-10-30 01:41:43',NULL,0),(959,NULL,'7525121523909',NULL,'cart',0,1,'2023-10-30 01:42:03',NULL,0),(960,NULL,'7526007046341',NULL,'cart',0,1,'2023-10-30 01:42:44',NULL,0),(961,NULL,'7502452654277',NULL,'cart',0,1,'2023-10-30 01:43:02',NULL,0),(962,NULL,'7502452654277',NULL,'cart',0,1,'2023-10-30 01:43:11',NULL,0),(963,NULL,'7525121523909',NULL,'cart',0,1,'2023-10-30 01:44:54',NULL,0),(964,NULL,'7502452654277',NULL,'cart',0,1,'2023-10-30 01:45:28',NULL,0),(965,NULL,'7526007046341',NULL,'cart',0,1,'2023-10-30 01:46:22',NULL,0),(966,NULL,'7525150032069',NULL,'cart',0,1,'2023-10-30 01:47:19',NULL,0),(967,NULL,'7526244090053',NULL,'cart',0,1,'2023-10-30 04:30:16',NULL,0),(968,NULL,'7502398357701',NULL,'cart',0,1,'2023-10-30 04:31:46',NULL,0),(969,NULL,'7526244090053',NULL,'cart',0,1,'2023-10-30 04:33:33',NULL,0),(970,NULL,'7526244090053',NULL,'cart',0,1,'2023-10-30 04:35:48',NULL,0),(971,NULL,'7527645184197','42468626268357','template',12,1,'2023-10-30 15:16:15','null',0),(972,NULL,'7525121523909',NULL,'cart',0,1,'2023-10-30 17:47:14',NULL,0),(973,NULL,'7525150032069',NULL,'cart',0,1,'2023-10-30 17:52:07',NULL,0),(974,NULL,'7525121523909',NULL,'cart',0,1,'2023-10-30 17:53:04',NULL,0),(975,NULL,'7526312935621',NULL,'cart',0,1,'2023-10-30 18:00:03',NULL,0),(976,NULL,'7526069403845',NULL,'cart',0,1,'2023-10-30 18:07:54',NULL,0),(977,NULL,'7526004785349',NULL,'cart',0,1,'2023-10-30 18:10:38',NULL,0),(978,NULL,'7526244090053',NULL,'cart',0,1,'2023-10-30 18:27:03',NULL,0),(979,NULL,'7525121523909',NULL,'cart',0,1,'2023-10-30 21:02:41',NULL,0),(980,NULL,'7525121523909',NULL,'cart',0,1,'2023-10-30 21:03:11',NULL,0),(981,NULL,'7453082255557',NULL,'cart',0,1,'2023-10-30 23:51:04',NULL,0),(982,NULL,'7495119405253',NULL,'cart',0,1,'2023-10-31 03:36:33',NULL,0),(983,NULL,'7529318187205','42471042580677','template',12,1,'2023-10-31 04:17:58','null',0),(984,NULL,'7529536159941','42471640531141','template',12,1,'2023-10-31 10:01:52','null',0),(985,NULL,'7453082255557',NULL,'cart',0,1,'2023-10-31 11:58:47',NULL,0),(986,NULL,'7502452654277',NULL,'cart',0,1,'2023-10-31 20:46:20',NULL,0),(987,NULL,'7502452654277',NULL,'cart',0,1,'2023-10-31 20:47:50',NULL,0),(988,NULL,'7502452654277',NULL,'cart',0,1,'2023-10-31 20:48:57',NULL,0),(989,NULL,'7502452654277',NULL,'cart',0,1,'2023-10-31 20:50:08',NULL,0),(990,NULL,'7502452654277',NULL,'cart',0,1,'2023-10-31 20:50:21',NULL,0),(991,NULL,'7502452654277',NULL,'cart',0,1,'2023-10-31 20:50:51',NULL,0),(992,NULL,'7525121523909',NULL,'cart',0,1,'2023-10-31 20:52:28',NULL,0),(993,NULL,'7526007046341',NULL,'cart',0,1,'2023-10-31 20:55:36',NULL,0),(994,NULL,'7525150032069',NULL,'cart',0,1,'2023-10-31 22:04:40',NULL,0),(995,NULL,'7525150032069',NULL,'cart',0,1,'2023-10-31 22:05:08',NULL,0),(996,NULL,'7525150032069',NULL,'cart',0,1,'2023-10-31 22:05:28',NULL,0),(997,NULL,'7529686597829','42472565407941','template',12,1,'2023-10-31 22:18:03','null',0),(998,NULL,'7529687908549',NULL,'cart',0,1,'2023-10-31 22:54:46',NULL,0),(999,NULL,'7529687908549',NULL,'cart',0,1,'2023-11-01 05:27:54',NULL,0),(1000,NULL,'7529687908549',NULL,'cart',0,1,'2023-11-01 05:28:51',NULL,0),(1001,NULL,'7529687908549',NULL,'cart',0,1,'2023-11-01 05:30:30',NULL,0),(1002,NULL,'7529687908549',NULL,'cart',0,1,'2023-11-01 05:31:16',NULL,0),(1003,NULL,'7408886284485',NULL,'cart',0,1,'2023-11-01 13:47:23',NULL,0),(1004,NULL,'7453082255557',NULL,'cart',0,1,'2023-11-01 17:17:59',NULL,0),(1005,NULL,'7453082255557',NULL,'cart',0,1,'2023-11-01 17:21:21',NULL,0),(1006,NULL,'7453082255557',NULL,'cart',0,1,'2023-11-01 17:25:56',NULL,0),(1007,NULL,'7525121523909',NULL,'cart',0,1,'2023-11-01 18:32:50',NULL,0),(1008,NULL,'7453082255557',NULL,'cart',0,1,'2023-11-01 22:37:24',NULL,0),(1009,NULL,'7526007046341',NULL,'cart',0,1,'2023-11-02 04:05:36',NULL,0),(1010,NULL,'7526007046341',NULL,'cart',0,1,'2023-11-02 04:14:14',NULL,0),(1011,NULL,'7526007046341',NULL,'cart',0,1,'2023-11-02 04:18:48',NULL,0),(1012,NULL,'7526007046341',NULL,'cart',0,1,'2023-11-02 04:19:47',NULL,0),(1013,NULL,'7525121523909',NULL,'cart',0,1,'2023-11-02 04:37:56',NULL,0),(1014,NULL,'7525150032069',NULL,'cart',0,1,'2023-11-02 04:45:26',NULL,0),(1015,NULL,'7525150032069',NULL,'cart',0,1,'2023-11-02 04:46:49',NULL,0),(1016,NULL,'7525150032069',NULL,'cart',0,1,'2023-11-02 04:47:14',NULL,0),(1017,NULL,'7529687908549',NULL,'cart',0,1,'2023-11-02 05:44:10',NULL,0),(1018,NULL,'7526069403845',NULL,'cart',0,1,'2023-11-02 05:46:41',NULL,0),(1019,NULL,'7525150032069',NULL,'cart',0,1,'2023-11-02 05:47:25',NULL,0),(1020,NULL,'7534643806405','42479203680453','template',12,1,'2023-11-02 07:48:24','null',0),(1021,NULL,'7456351813829',NULL,'cart',0,1,'2023-11-02 09:08:14',NULL,0),(1022,NULL,'7453082255557',NULL,'cart',0,1,'2023-11-02 09:08:37',NULL,0),(1023,NULL,'7453082255557',NULL,'cart',0,1,'2023-11-02 09:09:50',NULL,0),(1024,NULL,'7529687908549',NULL,'cart',0,1,'2023-11-02 16:01:28',NULL,0),(1025,NULL,'7526007046341',NULL,'cart',0,1,'2023-11-02 17:27:36',NULL,0),(1026,NULL,'7525121523909',NULL,'cart',0,1,'2023-11-02 17:32:20',NULL,0),(1027,NULL,'7525121523909',NULL,'cart',0,1,'2023-11-02 17:34:05',NULL,0),(1028,NULL,'7525150032069',NULL,'cart',0,1,'2023-11-02 17:35:34',NULL,0),(1029,NULL,'7453082255557',NULL,'cart',0,1,'2023-11-03 12:53:36',NULL,0),(1030,NULL,'7453082255557',NULL,'cart',0,1,'2023-11-03 12:54:28',NULL,0),(1031,NULL,'7453082255557',NULL,'cart',0,1,'2023-11-04 00:24:33',NULL,0),(1032,NULL,'7525121523909',NULL,'cart',0,1,'2023-11-04 02:30:02',NULL,0),(1033,NULL,'7525150032069',NULL,'cart',0,1,'2023-11-04 02:30:40',NULL,0),(1034,NULL,'7529687908549',NULL,'cart',0,1,'2023-11-04 02:31:34',NULL,0),(1035,NULL,'7526007046341',NULL,'cart',0,1,'2023-11-04 02:34:50',NULL,0),(1036,NULL,'7525150032069',NULL,'cart',0,1,'2023-11-04 02:35:52',NULL,0),(1037,NULL,'7525121523909',NULL,'cart',0,1,'2023-11-04 02:36:32',NULL,0),(1038,NULL,'7529687908549',NULL,'cart',0,1,'2023-11-04 02:37:31',NULL,0),(1039,NULL,'7534831141061',NULL,'cart',0,1,'2023-11-04 06:51:53',NULL,0),(1040,NULL,'7525121523909',NULL,'cart',0,1,'2023-11-04 20:20:53',NULL,0),(1041,NULL,'7525150032069',NULL,'cart',0,1,'2023-11-04 20:22:53',NULL,0),(1042,NULL,'7529687908549',NULL,'cart',0,1,'2023-11-04 20:23:37',NULL,0),(1043,NULL,'7529687908549',NULL,'cart',0,1,'2023-11-04 20:24:24',NULL,0),(1044,NULL,'7529687908549',NULL,'cart',0,1,'2023-11-04 20:24:50',NULL,0),(1045,NULL,'7526007046341',NULL,'cart',0,1,'2023-11-04 20:27:27',NULL,0),(1046,NULL,'7526007046341',NULL,'cart',0,1,'2023-11-04 20:31:54',NULL,0),(1047,NULL,'7526007046341',NULL,'cart',0,1,'2023-11-04 20:33:04',NULL,0),(1048,NULL,'7526007046341',NULL,'cart',0,1,'2023-11-04 20:34:17',NULL,0),(1049,NULL,'7526007046341',NULL,'cart',0,1,'2023-11-04 20:36:33',NULL,0),(1050,NULL,'7526007046341',NULL,'cart',0,1,'2023-11-04 20:39:46',NULL,0),(1051,NULL,'7525150032069',NULL,'cart',0,1,'2023-11-04 20:41:16',NULL,0),(1052,NULL,'7525121523909',NULL,'cart',0,1,'2023-11-04 20:42:42',NULL,0),(1053,NULL,'7529687908549',NULL,'cart',0,1,'2023-11-04 20:46:15',NULL,0),(1054,NULL,'7529687908549',NULL,'cart',0,1,'2023-11-04 20:47:11',NULL,0),(1055,NULL,'7525121523909',NULL,'cart',0,1,'2023-11-04 20:55:32',NULL,0),(1056,NULL,'7526069403845',NULL,'cart',0,1,'2023-11-04 21:53:36',NULL,0),(1057,NULL,'7526069403845',NULL,'cart',0,1,'2023-11-04 21:56:24',NULL,0),(1058,NULL,'7526007046341',NULL,'cart',0,1,'2023-11-04 22:01:06',NULL,0),(1059,NULL,'7447514448069',NULL,'cart',0,1,'2023-11-04 23:11:18',NULL,0),(1060,NULL,'7529687908549',NULL,'cart',0,1,'2023-11-05 00:18:41',NULL,0),(1061,NULL,'7525150032069',NULL,'cart',0,1,'2023-11-05 00:20:01',NULL,0),(1062,NULL,'7525121523909',NULL,'cart',0,1,'2023-11-05 00:20:51',NULL,0),(1063,NULL,'7526007046341',NULL,'cart',0,1,'2023-11-05 04:37:06',NULL,0),(1064,NULL,'7529687908549',NULL,'cart',0,1,'2023-11-05 04:38:46',NULL,0),(1065,NULL,'7529687908549',NULL,'cart',0,1,'2023-11-05 04:39:33',NULL,0),(1066,NULL,'7525121523909',NULL,'cart',0,1,'2023-11-05 04:40:56',NULL,0),(1067,NULL,'7502398357701',NULL,'cart',0,1,'2023-11-05 04:43:42',NULL,0),(1068,NULL,'7525121523909',NULL,'cart',0,1,'2023-11-05 04:44:55',NULL,0),(1069,NULL,'7529687908549',NULL,'cart',0,1,'2023-11-05 04:45:43',NULL,0),(1070,NULL,'7529687908549',NULL,'cart',0,1,'2023-11-05 04:46:06',NULL,0),(1071,NULL,'7526007046341',NULL,'cart',0,1,'2023-11-05 05:13:23',NULL,0),(1072,NULL,'7525121523909',NULL,'cart',0,1,'2023-11-05 05:15:01',NULL,0),(1073,NULL,'7453082255557',NULL,'cart',0,1,'2023-11-06 01:29:35',NULL,0),(1074,NULL,'7526007046341',NULL,'cart',0,1,'2023-11-06 03:56:02',NULL,0),(1075,NULL,'7529687908549',NULL,'cart',0,1,'2023-11-06 03:56:35',NULL,0),(1076,NULL,'7529687908549',NULL,'cart',0,1,'2023-11-06 03:56:56',NULL,0),(1077,NULL,'7525121523909',NULL,'cart',0,1,'2023-11-06 03:57:38',NULL,0),(1078,NULL,'7525150032069',NULL,'cart',0,1,'2023-11-06 03:58:02',NULL,0),(1079,NULL,'7529687908549',NULL,'cart',0,1,'2023-11-06 03:59:00',NULL,0),(1080,NULL,'7526007046341',NULL,'cart',0,1,'2023-11-06 04:00:26',NULL,0),(1081,NULL,'7525121523909',NULL,'cart',0,1,'2023-11-06 04:01:12',NULL,0),(1082,NULL,'7525121523909',NULL,'cart',0,1,'2023-11-06 04:12:59',NULL,0),(1083,NULL,'7526007046341',NULL,'cart',0,1,'2023-11-06 16:14:27',NULL,0),(1084,NULL,'7525150032069',NULL,'cart',0,1,'2023-11-06 16:15:59',NULL,0),(1085,NULL,'7525121523909',NULL,'cart',0,1,'2023-11-06 16:17:00',NULL,0),(1086,NULL,'7526007046341',NULL,'cart',0,1,'2023-11-07 02:01:40',NULL,0),(1087,NULL,'7526007046341',NULL,'cart',0,1,'2023-11-07 02:02:22',NULL,0),(1088,NULL,'7525150032069',NULL,'cart',0,1,'2023-11-07 02:07:20',NULL,0),(1089,NULL,'7525150032069',NULL,'cart',0,1,'2023-11-07 02:07:43',NULL,0),(1090,NULL,'7525121523909',NULL,'cart',0,1,'2023-11-07 02:08:17',NULL,0),(1091,NULL,'7526007046341',NULL,'cart',0,1,'2023-11-07 02:40:55',NULL,0),(1092,NULL,'7526007046341',NULL,'cart',0,1,'2023-11-07 02:42:11',NULL,0),(1093,NULL,'7529687908549',NULL,'cart',0,1,'2023-11-07 02:43:37',NULL,0),(1094,NULL,'7529687908549',NULL,'cart',0,1,'2023-11-07 02:44:36',NULL,0),(1095,NULL,'7525150032069',NULL,'cart',0,1,'2023-11-07 02:45:58',NULL,0),(1096,NULL,'7525121523909',NULL,'cart',0,1,'2023-11-07 02:53:53',NULL,0),(1097,NULL,'7502398357701',NULL,'cart',0,1,'2023-11-07 04:31:42',NULL,0),(1098,NULL,'7502398357701',NULL,'cart',0,1,'2023-11-07 04:33:54',NULL,0),(1099,NULL,'7525150032069',NULL,'cart',0,1,'2023-11-07 04:41:04',NULL,0),(1100,NULL,'7527650066629',NULL,'cart',0,1,'2023-11-07 04:42:39',NULL,0),(1101,NULL,'7526007046341',NULL,'cart',0,1,'2023-11-07 04:56:34',NULL,0),(1102,NULL,'7525121523909',NULL,'cart',0,1,'2023-11-07 04:57:42',NULL,0),(1103,NULL,'7525150032069',NULL,'cart',0,1,'2023-11-07 04:58:50',NULL,0),(1104,NULL,'7525121523909',NULL,'cart',0,1,'2023-11-07 05:11:02',NULL,0),(1105,NULL,'7529687908549',NULL,'cart',0,1,'2023-11-07 05:59:42',NULL,0),(1106,NULL,'7529687908549',NULL,'cart',0,1,'2023-11-07 06:01:08',NULL,0),(1107,NULL,'7526007046341',NULL,'cart',0,1,'2023-11-07 06:08:28',NULL,0),(1108,NULL,'7502398357701',NULL,'cart',0,1,'2023-11-07 06:09:52',NULL,0),(1109,NULL,'7525121523909',NULL,'cart',0,1,'2023-11-07 06:12:55',NULL,0),(1110,NULL,'7526007046341',NULL,'cart',0,1,'2023-11-07 06:17:45',NULL,0),(1111,NULL,'7529687908549',NULL,'cart',0,1,'2023-11-07 06:19:54',NULL,0),(1112,NULL,'7453082255557',NULL,'cart',0,1,'2023-11-07 17:02:05',NULL,0),(1113,NULL,'7526244090053',NULL,'cart',0,1,'2023-11-07 21:19:56',NULL,0),(1114,NULL,'7529687908549',NULL,'cart',0,1,'2023-11-07 23:10:23',NULL,0),(1115,NULL,'7525121523909',NULL,'cart',0,1,'2023-11-07 23:11:43',NULL,0),(1116,NULL,'7525150032069',NULL,'cart',0,1,'2023-11-07 23:14:08',NULL,0),(1117,NULL,'7529687908549',NULL,'cart',0,1,'2023-11-07 23:17:48',NULL,0),(1118,NULL,'7526007046341',NULL,'cart',0,1,'2023-11-07 23:20:03',NULL,0),(1119,NULL,'7529687908549',NULL,'cart',0,1,'2023-11-07 23:46:50',NULL,0),(1120,NULL,'7525121523909',NULL,'cart',0,1,'2023-11-07 23:50:16',NULL,0),(1121,NULL,'7525121523909',NULL,'cart',0,1,'2023-11-07 23:51:07',NULL,0),(1122,NULL,'7525150032069',NULL,'cart',0,1,'2023-11-07 23:52:28',NULL,0),(1123,NULL,'7525121523909',NULL,'cart',0,1,'2023-11-07 23:52:32',NULL,0),(1124,NULL,'7525121523909',NULL,'cart',0,1,'2023-11-07 23:53:24',NULL,0),(1125,NULL,'7525150032069',NULL,'cart',0,1,'2023-11-07 23:54:20',NULL,0),(1126,NULL,'7526069403845',NULL,'cart',0,1,'2023-11-07 23:56:15',NULL,0),(1127,NULL,'7525121523909',NULL,'cart',0,1,'2023-11-08 00:01:46',NULL,0),(1128,NULL,'7526007046341',NULL,'cart',0,1,'2023-11-08 00:05:34',NULL,0),(1129,NULL,'7525150032069',NULL,'cart',0,1,'2023-11-08 00:52:36',NULL,0),(1130,NULL,'7525121523909',NULL,'cart',0,1,'2023-11-08 00:53:50',NULL,0),(1131,NULL,'7502398357701',NULL,'cart',0,1,'2023-11-08 00:58:13',NULL,0),(1132,NULL,'7453082255557',NULL,'cart',0,1,'2023-11-08 01:07:36',NULL,0),(1133,NULL,'7525150032069',NULL,'cart',0,1,'2023-11-08 02:55:16',NULL,0),(1134,NULL,'7526007046341',NULL,'cart',0,1,'2023-11-08 03:00:27',NULL,0),(1135,NULL,'7526007046341',NULL,'cart',0,1,'2023-11-08 03:04:48',NULL,0),(1136,NULL,'7526244090053',NULL,'cart',0,1,'2023-11-08 03:05:05',NULL,0),(1137,NULL,'7526007046341',NULL,'cart',0,1,'2023-11-08 03:05:57',NULL,0),(1138,NULL,'7526007046341',NULL,'cart',0,1,'2023-11-08 03:06:12',NULL,0),(1139,NULL,'7526007046341',NULL,'cart',0,1,'2023-11-08 03:19:01',NULL,0),(1140,NULL,'7525150032069',NULL,'cart',0,1,'2023-11-08 03:19:58',NULL,0),(1141,NULL,'7525121523909',NULL,'cart',0,1,'2023-11-08 03:22:58',NULL,0),(1142,NULL,'7526007046341',NULL,'cart',0,1,'2023-11-08 03:24:46',NULL,0),(1143,NULL,'7526007046341',NULL,'cart',0,1,'2023-11-08 03:26:19',NULL,0),(1144,NULL,'7526007046341',NULL,'cart',0,1,'2023-11-08 04:08:21',NULL,0),(1145,NULL,'7525121523909',NULL,'cart',0,1,'2023-11-08 04:15:58',NULL,0),(1146,NULL,'7529687908549',NULL,'cart',0,1,'2023-11-08 04:16:11',NULL,0),(1147,NULL,'7525150032069',NULL,'cart',0,1,'2023-11-08 04:17:07',NULL,0),(1148,NULL,'7526007046341',NULL,'cart',0,1,'2023-11-08 04:24:36',NULL,0),(1149,NULL,'7525150032069',NULL,'cart',0,1,'2023-11-08 04:26:47',NULL,0),(1150,NULL,'7526007046341',NULL,'cart',0,1,'2023-11-08 04:27:45',NULL,0),(1151,NULL,'7525150032069',NULL,'cart',0,1,'2023-11-08 04:28:21',NULL,0),(1152,NULL,'7526007046341',NULL,'cart',0,1,'2023-11-08 04:33:10',NULL,0),(1153,NULL,'7525150032069',NULL,'cart',0,1,'2023-11-08 04:35:15',NULL,0),(1154,NULL,'7525121523909',NULL,'cart',0,1,'2023-11-08 04:37:27',NULL,0),(1155,NULL,'7529687908549',NULL,'cart',0,1,'2023-11-08 05:40:11',NULL,0),(1156,NULL,'7526007046341',NULL,'cart',0,1,'2023-11-08 05:42:30',NULL,0),(1157,NULL,'7525121523909',NULL,'cart',0,1,'2023-11-08 05:44:10',NULL,0),(1158,NULL,'7525150032069',NULL,'cart',0,1,'2023-11-08 05:45:13',NULL,0),(1159,NULL,'7495119405253',NULL,'cart',0,1,'2023-11-08 13:11:38',NULL,0),(1160,NULL,'7453082255557',NULL,'cart',0,1,'2023-11-08 16:51:18',NULL,0),(1161,NULL,'7526244090053',NULL,'cart',0,1,'2023-11-08 20:37:59',NULL,0),(1162,NULL,'7525121523909',NULL,'cart',0,1,'2023-11-08 20:42:10',NULL,0),(1163,NULL,'7525150032069',NULL,'cart',0,1,'2023-11-08 20:43:28',NULL,0),(1164,NULL,'7526007046341',NULL,'cart',0,1,'2023-11-08 20:47:38',NULL,0),(1165,NULL,'7525150032069',NULL,'cart',0,1,'2023-11-08 20:52:40',NULL,0),(1166,NULL,'7526007046341',NULL,'cart',0,1,'2023-11-09 01:36:09',NULL,0),(1167,NULL,'7526007046341',NULL,'cart',0,1,'2023-11-09 01:38:30',NULL,0),(1168,NULL,'7525121523909',NULL,'cart',0,1,'2023-11-09 01:40:41',NULL,0),(1169,NULL,'7525150032069',NULL,'cart',0,1,'2023-11-09 01:41:39',NULL,0),(1170,NULL,'7529687908549',NULL,'cart',0,1,'2023-11-09 01:43:33',NULL,0),(1171,NULL,'7526007046341',NULL,'cart',0,1,'2023-11-09 02:05:19',NULL,0),(1172,NULL,'7525150032069',NULL,'cart',0,1,'2023-11-09 02:06:16',NULL,0),(1173,NULL,'7525121523909',NULL,'cart',0,1,'2023-11-09 02:07:07',NULL,0),(1174,NULL,'7526312935621',NULL,'cart',0,1,'2023-11-09 02:12:04',NULL,0),(1175,NULL,'7526007046341',NULL,'cart',0,1,'2023-11-09 02:13:32',NULL,0),(1176,NULL,'7529687908549',NULL,'cart',0,1,'2023-11-09 02:30:30',NULL,0),(1177,NULL,'7529687908549',NULL,'cart',0,1,'2023-11-09 02:32:30',NULL,0),(1178,NULL,'7529687908549',NULL,'cart',0,1,'2023-11-09 02:33:27',NULL,0),(1179,NULL,'7526007046341',NULL,'cart',0,1,'2023-11-09 02:36:09',NULL,0),(1180,NULL,'7525150032069',NULL,'cart',0,1,'2023-11-09 02:37:35',NULL,0),(1181,NULL,'7525121523909',NULL,'cart',0,1,'2023-11-09 02:39:06',NULL,0),(1182,NULL,'7525150032069',NULL,'cart',0,1,'2023-11-09 02:39:13',NULL,0),(1183,NULL,'7525121523909',NULL,'cart',0,1,'2023-11-09 02:41:47',NULL,0),(1184,NULL,'7526007046341',NULL,'cart',0,1,'2023-11-09 02:42:36',NULL,0),(1185,NULL,'7526007046341',NULL,'cart',0,1,'2023-11-09 03:25:33',NULL,0),(1186,NULL,'7525121523909',NULL,'cart',0,1,'2023-11-09 03:26:54',NULL,0),(1187,NULL,'7525150032069',NULL,'cart',0,1,'2023-11-09 03:27:45',NULL,0),(1188,NULL,'7526007046341',NULL,'cart',0,1,'2023-11-09 03:36:15',NULL,0),(1189,NULL,'7525121523909',NULL,'cart',0,1,'2023-11-09 03:38:39',NULL,0),(1190,NULL,'7525121523909',NULL,'cart',0,1,'2023-11-09 03:38:58',NULL,0),(1191,NULL,'7525150032069',NULL,'cart',0,1,'2023-11-09 03:39:36',NULL,0),(1192,NULL,'7526007046341',NULL,'cart',0,1,'2023-11-09 03:39:49',NULL,0),(1193,NULL,'7526007046341',NULL,'cart',0,1,'2023-11-09 03:40:26',NULL,0),(1194,NULL,'7529687908549',NULL,'cart',0,1,'2023-11-09 03:40:52',NULL,0),(1195,NULL,'7525121523909',NULL,'cart',0,1,'2023-11-09 03:41:09',NULL,0),(1196,NULL,'7525121523909',NULL,'cart',0,1,'2023-11-09 03:44:57',NULL,0),(1197,NULL,'7525150032069',NULL,'cart',0,1,'2023-11-09 03:48:43',NULL,0),(1198,NULL,'7525121523909',NULL,'cart',0,1,'2023-11-09 03:49:19',NULL,0),(1199,NULL,'7529687908549',NULL,'cart',0,1,'2023-11-09 03:51:28',NULL,0),(1200,NULL,'7529687908549',NULL,'cart',0,1,'2023-11-09 03:52:02',NULL,0),(1201,NULL,'7525150032069',NULL,'cart',0,1,'2023-11-09 03:52:56',NULL,0),(1202,NULL,'7525150032069',NULL,'cart',0,1,'2023-11-09 03:53:17',NULL,0),(1203,NULL,'7525121523909',NULL,'cart',0,1,'2023-11-09 03:54:51',NULL,0),(1204,NULL,'7529687908549',NULL,'cart',0,1,'2023-11-09 04:11:27',NULL,0),(1205,NULL,'7525121523909',NULL,'cart',0,1,'2023-11-09 04:50:49',NULL,0),(1206,NULL,'7525150032069',NULL,'cart',0,1,'2023-11-09 04:51:57',NULL,0),(1207,NULL,'7526007046341',NULL,'cart',0,1,'2023-11-09 04:53:44',NULL,0),(1208,NULL,'7526244090053',NULL,'cart',0,1,'2023-11-09 04:56:08',NULL,0),(1209,NULL,'7529687908549',NULL,'cart',0,1,'2023-11-09 04:57:48',NULL,0),(1210,NULL,'7526007046341',NULL,'cart',0,1,'2023-11-09 04:59:47',NULL,0),(1211,NULL,'7526007046341',NULL,'cart',0,1,'2023-11-09 05:00:20',NULL,0),(1212,NULL,'7525121523909',NULL,'cart',0,1,'2023-11-09 05:03:53',NULL,0),(1213,NULL,'7526312935621',NULL,'cart',0,1,'2023-11-09 23:19:00',NULL,0),(1214,NULL,'7526244090053',NULL,'cart',0,1,'2023-11-09 23:20:28',NULL,0),(1215,NULL,'7526007046341',NULL,'cart',0,1,'2023-11-09 23:21:36',NULL,0),(1216,NULL,'7526007046341',NULL,'cart',0,1,'2023-11-09 23:22:13',NULL,0),(1217,NULL,'7525150032069',NULL,'cart',0,1,'2023-11-09 23:23:29',NULL,0),(1218,NULL,'7525121523909',NULL,'cart',0,1,'2023-11-09 23:25:01',NULL,0),(1219,NULL,'7526244090053',NULL,'cart',0,1,'2023-11-09 23:27:33',NULL,0),(1220,NULL,'7526244090053',NULL,'cart',0,1,'2023-11-10 03:21:18',NULL,0),(1221,NULL,'7526069403845',NULL,'cart',0,1,'2023-11-10 03:44:55',NULL,0),(1222,NULL,'7526244090053',NULL,'cart',0,1,'2023-11-10 04:39:52',NULL,0),(1223,NULL,'7526007046341',NULL,'cart',0,1,'2023-11-10 04:43:52',NULL,0),(1224,NULL,'7525150032069',NULL,'cart',0,1,'2023-11-10 04:46:09',NULL,0),(1225,NULL,'7525121523909',NULL,'cart',0,1,'2023-11-10 04:48:37',NULL,0),(1226,NULL,'7525121523909',NULL,'cart',0,1,'2023-11-10 06:03:45',NULL,0),(1227,NULL,'7525121523909',NULL,'cart',0,1,'2023-11-10 06:04:13',NULL,0),(1228,NULL,'7525150032069',NULL,'cart',0,1,'2023-11-10 06:07:13',NULL,0),(1229,NULL,'7525150032069',NULL,'cart',0,1,'2023-11-10 06:07:30',NULL,0),(1230,NULL,'7526007046341',NULL,'cart',0,1,'2023-11-10 06:10:48',NULL,0),(1231,NULL,'7529687908549',NULL,'cart',0,1,'2023-11-10 06:13:58',NULL,0),(1232,NULL,'7529687908549',NULL,'cart',0,1,'2023-11-10 06:14:17',NULL,0),(1233,NULL,'7525150032069',NULL,'cart',0,1,'2023-11-10 06:31:09',NULL,0),(1234,NULL,'7525150032069',NULL,'cart',0,1,'2023-11-10 07:57:28',NULL,0),(1235,NULL,'7525121523909',NULL,'cart',0,1,'2023-11-10 07:58:05',NULL,0),(1236,NULL,'7526007046341',NULL,'cart',0,1,'2023-11-10 08:01:31',NULL,0),(1237,NULL,'7525150032069',NULL,'cart',0,1,'2023-11-10 08:02:17',NULL,0),(1238,NULL,'7525121523909',NULL,'cart',0,1,'2023-11-10 08:02:50',NULL,0),(1239,NULL,'7525121523909',NULL,'cart',0,1,'2023-11-10 08:03:02',NULL,0),(1240,NULL,'7525121523909',NULL,'cart',0,1,'2023-11-10 08:12:12',NULL,0),(1241,NULL,'7526244090053',NULL,'cart',0,1,'2023-11-10 08:14:42',NULL,0),(1242,NULL,'7526007046341',NULL,'cart',0,1,'2023-11-10 08:16:21',NULL,0),(1243,NULL,'7525150032069',NULL,'cart',0,1,'2023-11-10 08:16:55',NULL,0),(1244,NULL,'7525121523909',NULL,'cart',0,1,'2023-11-10 08:17:52',NULL,0),(1245,NULL,'7525150032069',NULL,'cart',0,1,'2023-11-10 08:25:09',NULL,0),(1246,NULL,'7525121523909',NULL,'cart',0,1,'2023-11-10 08:26:34',NULL,0),(1247,NULL,'7525121523909',NULL,'cart',0,1,'2023-11-10 08:27:02',NULL,0),(1248,NULL,'7525121523909',NULL,'cart',0,1,'2023-11-10 15:57:09',NULL,0),(1249,NULL,'7525150032069',NULL,'cart',0,1,'2023-11-10 15:57:59',NULL,0),(1250,NULL,'7525150032069',NULL,'cart',0,1,'2023-11-10 16:01:33',NULL,0),(1251,NULL,'7525121523909',NULL,'cart',0,1,'2023-11-10 16:04:29',NULL,0),(1252,NULL,'7525121523909',NULL,'cart',0,1,'2023-11-10 16:05:26',NULL,0),(1253,NULL,'7525150032069',NULL,'cart',0,1,'2023-11-10 16:07:27',NULL,0),(1254,NULL,'7526007046341',NULL,'cart',0,1,'2023-11-10 16:13:12',NULL,0),(1255,NULL,'7526007046341',NULL,'cart',0,1,'2023-11-10 17:41:18',NULL,0),(1256,NULL,'7453082255557',NULL,'cart',0,1,'2023-11-10 18:29:07',NULL,0),(1257,NULL,'7525150032069',NULL,'cart',0,1,'2023-11-10 20:58:55',NULL,0),(1258,NULL,'7529687908549',NULL,'cart',0,1,'2023-11-10 21:00:02',NULL,0),(1259,NULL,'7529687908549',NULL,'cart',0,1,'2023-11-10 21:00:21',NULL,0),(1260,NULL,'7526007046341',NULL,'cart',0,1,'2023-11-10 21:02:05',NULL,0),(1261,NULL,'7525150032069',NULL,'cart',0,1,'2023-11-10 21:04:17',NULL,0),(1262,NULL,'7525121523909',NULL,'cart',0,1,'2023-11-10 21:05:20',NULL,0),(1263,NULL,'7526244090053',NULL,'cart',0,1,'2023-11-11 02:41:20',NULL,0),(1264,NULL,'7525150032069',NULL,'cart',0,1,'2023-11-11 04:40:07',NULL,0),(1265,NULL,'7526244090053',NULL,'cart',0,1,'2023-11-11 04:40:16',NULL,0),(1266,NULL,'7525150032069',NULL,'cart',0,1,'2023-11-11 04:55:37',NULL,0),(1267,NULL,'7525121523909',NULL,'cart',0,1,'2023-11-11 06:45:25',NULL,0),(1268,NULL,'7525150032069',NULL,'cart',0,1,'2023-11-11 06:46:48',NULL,0),(1269,NULL,'7525150032069',NULL,'cart',0,1,'2023-11-11 06:53:51',NULL,0),(1270,NULL,'7525121523909',NULL,'cart',0,1,'2023-11-11 08:00:59',NULL,0),(1271,NULL,'7525121523909',NULL,'cart',0,1,'2023-11-11 08:02:22',NULL,0),(1272,NULL,'7525121523909',NULL,'cart',0,1,'2023-11-11 08:03:45',NULL,0),(1273,NULL,'7453082255557',NULL,'cart',0,1,'2023-11-11 14:24:48',NULL,0),(1274,NULL,'7495119405253',NULL,'cart',0,1,'2023-11-11 17:06:23',NULL,0),(1275,NULL,'7453082255557',NULL,'cart',0,1,'2023-11-11 18:39:32',NULL,0),(1276,NULL,'7453082255557',NULL,'cart',0,1,'2023-11-11 20:04:14',NULL,0),(1277,NULL,'7453082255557',NULL,'cart',0,1,'2023-11-11 20:08:20',NULL,0),(1278,NULL,'7526007046341',NULL,'cart',0,1,'2023-11-11 20:38:06',NULL,0),(1279,NULL,'7453082255557',NULL,'cart',0,1,'2023-11-12 01:13:08',NULL,0),(1280,NULL,'7546285162693','42507786158277','template',12,1,'2023-11-12 06:08:24','null',0),(1281,NULL,'7453082255557',NULL,'cart',0,1,'2023-11-13 00:36:04',NULL,0),(1282,NULL,'7453082255557',NULL,'cart',0,1,'2023-11-13 00:40:50',NULL,0),(1283,NULL,'7453082255557',NULL,'cart',0,1,'2023-11-13 00:42:44',NULL,0),(1284,NULL,'7453082255557',NULL,'cart',0,1,'2023-11-13 02:04:30',NULL,0),(1285,NULL,'7495119405253',NULL,'cart',0,1,'2023-11-13 02:23:39',NULL,0),(1286,NULL,'7495119405253',NULL,'cart',0,1,'2023-11-13 02:23:59',NULL,0),(1287,NULL,'7453082255557',NULL,'cart',0,1,'2023-11-13 03:21:25',NULL,0),(1288,NULL,'7453082255557',NULL,'cart',0,1,'2023-11-13 03:22:44',NULL,0),(1289,NULL,'7208042201285',NULL,'cart',0,1,'2023-11-13 20:25:33',NULL,0),(1290,NULL,'7453082255557',NULL,'cart',0,1,'2023-11-14 14:13:48',NULL,0),(1291,NULL,'7483015954629',NULL,'cart',0,1,'2023-11-16 06:11:18',NULL,0),(1292,NULL,'7456351813829',NULL,'cart',0,1,'2023-11-17 20:37:20',NULL,0),(1293,NULL,'7453082255557',NULL,'cart',0,1,'2023-11-18 00:36:55',NULL,0),(1294,NULL,'7453082255557',NULL,'cart',0,1,'2023-11-18 01:00:35',NULL,0),(1295,NULL,'7453082255557',NULL,'cart',0,1,'2023-11-18 03:49:44',NULL,0),(1296,NULL,'7453082255557',NULL,'cart',0,1,'2023-11-18 15:37:45',NULL,0),(1297,NULL,'7453082255557',NULL,'cart',0,1,'2023-11-19 18:25:20',NULL,0),(1298,NULL,'7453082255557',NULL,'cart',0,1,'2023-11-19 21:30:53',NULL,0),(1299,NULL,'7453082255557',NULL,'cart',0,1,'2023-11-19 21:32:45',NULL,0),(1300,NULL,'7453082255557',NULL,'cart',0,1,'2023-11-20 23:49:10',NULL,0),(1301,NULL,'7453082255557',NULL,'cart',0,1,'2023-11-21 22:41:28',NULL,0),(1302,NULL,'7495119405253',NULL,'cart',0,1,'2023-11-22 01:51:45',NULL,0),(1303,NULL,'7453082255557',NULL,'cart',0,1,'2023-11-22 15:35:34',NULL,0),(1304,NULL,'7453082255557',NULL,'cart',0,1,'2023-11-22 18:33:33',NULL,0),(1305,NULL,'7453082255557',NULL,'cart',0,1,'2023-11-23 17:05:27',NULL,0),(1306,NULL,'7453082255557',NULL,'cart',0,1,'2023-11-23 18:32:51',NULL,0),(1307,NULL,'7453082255557',NULL,'cart',0,1,'2023-11-23 22:35:19',NULL,0),(1308,NULL,'7379958988997',NULL,'cart',0,1,'2023-11-23 23:45:05',NULL,0),(1309,NULL,'7453082255557',NULL,'cart',0,1,'2023-11-24 00:11:24',NULL,0),(1310,NULL,'7453082255557',NULL,'cart',0,1,'2023-11-24 00:50:35',NULL,0),(1311,NULL,'7453082255557',NULL,'cart',0,1,'2023-11-24 15:42:49',NULL,0),(1312,NULL,'7453082255557',NULL,'cart',0,1,'2023-11-24 17:12:25',NULL,0),(1313,NULL,'7453082255557',NULL,'cart',0,1,'2023-11-25 10:51:39',NULL,0),(1314,NULL,'7453082255557',NULL,'cart',0,1,'2023-11-25 10:52:08',NULL,0),(1315,NULL,'7453082255557',NULL,'cart',0,1,'2023-11-25 11:50:03',NULL,0),(1316,NULL,'7453082255557',NULL,'cart',0,1,'2023-11-25 11:51:12',NULL,0),(1317,NULL,'7557879431365',NULL,'cart',0,1,'2023-11-26 14:36:30',NULL,0),(1318,NULL,'7495119405253',NULL,'cart',0,1,'2023-11-26 19:13:30',NULL,0),(1319,NULL,'7453082255557',NULL,'cart',0,1,'2023-11-26 23:32:15',NULL,0),(1320,NULL,'7453082255557',NULL,'cart',0,1,'2023-11-27 01:57:18',NULL,0),(1321,NULL,'7453082255557',NULL,'cart',0,1,'2023-11-27 14:59:18',NULL,0),(1322,NULL,'7453082255557',NULL,'cart',0,1,'2023-11-27 19:45:12',NULL,0),(1323,NULL,'7453082255557',NULL,'cart',0,1,'2023-11-28 00:29:12',NULL,0),(1324,NULL,'7453082255557',NULL,'cart',0,1,'2023-11-28 04:49:37',NULL,0),(1325,NULL,'7453082255557',NULL,'cart',0,1,'2023-11-29 00:16:39',NULL,0),(1326,NULL,'7453082255557',NULL,'cart',0,1,'2023-11-29 00:57:36',NULL,0),(1327,NULL,'7453082255557',NULL,'cart',0,1,'2023-11-30 23:38:23',NULL,0),(1328,NULL,'7453082255557',NULL,'cart',0,1,'2023-12-01 22:42:01',NULL,0),(1329,NULL,'7453082255557',NULL,'cart',0,1,'2023-12-02 03:46:08',NULL,0),(1330,NULL,'7453082255557',NULL,'cart',0,1,'2023-12-02 13:38:28',NULL,0),(1331,NULL,'7453082255557',NULL,'cart',0,1,'2023-12-02 13:52:01',NULL,0),(1332,NULL,'7453082255557',NULL,'cart',0,1,'2023-12-02 13:53:20',NULL,0),(1333,NULL,'7453082255557',NULL,'cart',0,1,'2023-12-02 13:55:49',NULL,0),(1334,NULL,'7453082255557',NULL,'cart',0,1,'2023-12-02 13:56:36',NULL,0),(1335,NULL,'7574034317509','42577111154885','template',12,1,'2023-12-02 14:35:06','null',0),(1336,NULL,'7574046933189',NULL,'cart',0,1,'2023-12-02 14:46:06',NULL,0),(1337,NULL,'7574046933189',NULL,'cart',0,1,'2023-12-02 14:51:35',NULL,0),(1338,NULL,'7574046933189',NULL,'cart',0,1,'2023-12-02 23:59:29',NULL,0),(1339,NULL,'7292315500741',NULL,'cart',0,1,'2023-12-03 15:57:44',NULL,0),(1340,NULL,'7292315500741',NULL,'cart',0,1,'2023-12-03 15:58:28',NULL,0),(1341,NULL,'7453082255557',NULL,'cart',0,1,'2023-12-03 22:04:29',NULL,0),(1342,NULL,'7453082255557',NULL,'cart',0,1,'2023-12-03 22:07:04',NULL,0),(1343,NULL,'7495119405253',NULL,'cart',0,1,'2023-12-04 02:39:03',NULL,0),(1344,NULL,'7574046933189',NULL,'cart',0,1,'2023-12-04 17:50:11',NULL,0),(1345,NULL,'7453082255557',NULL,'cart',0,1,'2023-12-05 22:26:22',NULL,0),(1346,NULL,'7557879431365',NULL,'cart',0,1,'2023-12-05 23:46:11',NULL,0),(1347,NULL,'7478702080197',NULL,'cart',0,1,'2023-12-06 02:39:34',NULL,0),(1348,NULL,'7453082255557',NULL,'cart',0,1,'2023-12-06 23:10:02',NULL,0),(1349,NULL,'7453082255557',NULL,'cart',0,1,'2023-12-07 13:39:21',NULL,0),(1350,NULL,'7453082255557',NULL,'cart',0,1,'2023-12-07 17:16:49',NULL,0),(1351,NULL,'7453082255557',NULL,'cart',0,1,'2023-12-09 00:02:43',NULL,0),(1352,NULL,'7453082255557',NULL,'cart',0,1,'2023-12-09 00:03:11',NULL,0),(1353,NULL,'7453082255557',NULL,'cart',0,1,'2023-12-09 00:07:26',NULL,0),(1354,NULL,'7453082255557',NULL,'cart',0,1,'2023-12-09 00:08:00',NULL,0),(1355,NULL,'7453082255557',NULL,'cart',0,1,'2023-12-09 19:35:41',NULL,0),(1356,NULL,'7453082255557',NULL,'cart',0,1,'2023-12-10 02:38:26',NULL,0),(1357,NULL,'7453082255557',NULL,'cart',0,1,'2023-12-10 04:31:13',NULL,0),(1358,NULL,'7453082255557',NULL,'cart',0,1,'2023-12-10 18:42:57',NULL,0),(1359,NULL,'7453082255557',NULL,'cart',0,1,'2023-12-10 19:09:23',NULL,0),(1360,NULL,'7453082255557',NULL,'cart',0,1,'2023-12-10 19:10:20',NULL,0),(1361,NULL,'7453082255557',NULL,'cart',0,1,'2023-12-10 19:10:41',NULL,0),(1362,NULL,'7453082255557',NULL,'cart',0,1,'2023-12-10 23:37:48',NULL,0),(1363,NULL,'7453082255557',NULL,'cart',0,1,'2023-12-12 03:44:16',NULL,0),(1364,NULL,'7453082255557',NULL,'cart',0,1,'2023-12-12 20:19:59',NULL,0),(1365,NULL,'7453082255557',NULL,'cart',0,1,'2023-12-13 13:41:30',NULL,0),(1366,NULL,'7453082255557',NULL,'cart',0,1,'2023-12-13 23:07:48',NULL,0),(1367,NULL,'7453082255557',NULL,'cart',0,1,'2023-12-14 00:40:20',NULL,0),(1368,NULL,'7453082255557',NULL,'cart',0,1,'2023-12-14 02:10:36',NULL,0),(1369,NULL,'7453082255557',NULL,'cart',0,1,'2023-12-14 03:08:24',NULL,0),(1370,NULL,'7453082255557',NULL,'cart',0,1,'2023-12-14 23:20:44',NULL,0),(1371,NULL,'7453082255557',NULL,'cart',0,1,'2023-12-14 23:21:38',NULL,0),(1372,NULL,'7453082255557',NULL,'cart',0,1,'2023-12-15 12:53:13',NULL,0),(1373,NULL,'7453082255557',NULL,'cart',0,1,'2023-12-15 16:52:51',NULL,0),(1374,NULL,'7483015954629',NULL,'cart',0,1,'2023-12-15 22:37:51',NULL,0),(1375,NULL,'7453082255557',NULL,'cart',0,1,'2023-12-16 01:40:00',NULL,0),(1376,NULL,'7557879431365',NULL,'cart',0,1,'2023-12-16 18:34:09',NULL,0),(1377,NULL,'7453082255557',NULL,'cart',0,1,'2023-12-16 21:55:40',NULL,0),(1378,NULL,'7453082255557',NULL,'cart',0,1,'2023-12-16 21:57:48',NULL,0),(1379,NULL,'7453082255557',NULL,'cart',0,1,'2023-12-17 15:14:51',NULL,0),(1380,NULL,'7453082255557',NULL,'cart',0,1,'2023-12-17 15:29:05',NULL,0),(1381,NULL,'7453082255557',NULL,'cart',0,1,'2023-12-17 15:31:22',NULL,0),(1382,NULL,'7453082255557',NULL,'cart',0,1,'2023-12-17 23:30:14',NULL,0),(1383,NULL,'7453082255557',NULL,'cart',0,1,'2023-12-18 05:41:32',NULL,0),(1384,NULL,'7453082255557',NULL,'cart',0,1,'2023-12-18 05:47:10',NULL,0),(1385,NULL,'7453082255557',NULL,'cart',0,1,'2023-12-18 13:35:58',NULL,0),(1386,NULL,'7453082255557',NULL,'cart',0,1,'2023-12-18 16:33:20',NULL,0),(1387,NULL,'7495119405253',NULL,'cart',0,1,'2023-12-18 23:57:04',NULL,0),(1388,NULL,'7453082255557',NULL,'cart',0,1,'2023-12-19 13:58:41',NULL,0),(1389,NULL,'7487853068485',NULL,'cart',0,1,'2023-12-19 15:56:45',NULL,0),(1390,NULL,'7385709674693',NULL,'cart',0,1,'2023-12-19 15:58:45',NULL,0),(1391,NULL,'7487853068485',NULL,'cart',0,1,'2023-12-19 16:29:46',NULL,0),(1392,NULL,'7487853068485',NULL,'cart',0,1,'2023-12-19 16:36:19',NULL,0),(1393,NULL,'7209178071237',NULL,'cart',0,1,'2023-12-19 18:39:26',NULL,0),(1394,NULL,'7209178071237',NULL,'cart',0,1,'2023-12-19 18:41:47',NULL,0),(1395,NULL,'7209178071237',NULL,'cart',0,1,'2023-12-19 18:44:38',NULL,0),(1396,NULL,'7209178071237',NULL,'cart',0,1,'2023-12-19 18:47:34',NULL,0),(1397,NULL,'7453082255557',NULL,'cart',0,1,'2023-12-19 23:03:18',NULL,0),(1398,NULL,'7453082255557',NULL,'cart',0,1,'2023-12-19 23:04:46',NULL,0),(1399,NULL,'7453082255557',NULL,'cart',0,1,'2023-12-20 02:58:20',NULL,0),(1400,NULL,'7453082255557',NULL,'cart',0,1,'2023-12-20 14:25:28',NULL,0),(1401,NULL,'7453082255557',NULL,'cart',0,1,'2023-12-20 15:50:54',NULL,0),(1402,NULL,'7453082255557',NULL,'cart',0,1,'2023-12-20 15:51:19',NULL,0),(1403,NULL,'7453082255557',NULL,'cart',0,1,'2023-12-20 19:49:21',NULL,0),(1404,NULL,'7453082255557',NULL,'cart',0,1,'2023-12-20 23:42:12',NULL,0),(1405,NULL,'7453082255557',NULL,'cart',0,1,'2023-12-21 04:05:07',NULL,0),(1406,NULL,'7453082255557',NULL,'cart',0,1,'2023-12-21 04:06:21',NULL,0),(1407,NULL,'7453082255557',NULL,'cart',0,1,'2023-12-21 04:09:33',NULL,0),(1408,NULL,'7453082255557',NULL,'cart',0,1,'2023-12-21 21:39:22',NULL,0),(1409,NULL,'7453082255557',NULL,'cart',0,1,'2023-12-21 21:40:50',NULL,0),(1410,NULL,'7453082255557',NULL,'cart',0,1,'2023-12-21 22:42:27',NULL,0),(1411,NULL,'7453082255557',NULL,'cart',0,1,'2023-12-21 22:52:35',NULL,0),(1412,NULL,'7453082255557',NULL,'cart',0,1,'2023-12-22 02:44:17',NULL,0),(1413,NULL,'7453082255557',NULL,'cart',0,1,'2023-12-22 20:04:53',NULL,0),(1414,NULL,'7453082255557',NULL,'cart',0,1,'2023-12-22 20:06:01',NULL,0),(1415,NULL,'7453082255557',NULL,'cart',0,1,'2023-12-23 02:29:01',NULL,0),(1416,NULL,'7453082255557',NULL,'cart',0,1,'2023-12-23 04:37:12',NULL,0),(1417,NULL,'7453082255557',NULL,'cart',0,1,'2023-12-23 10:48:10',NULL,0),(1418,NULL,'7483015954629',NULL,'cart',0,1,'2023-12-23 12:19:28',NULL,0),(1419,NULL,'7453082255557',NULL,'cart',0,1,'2023-12-24 05:17:16',NULL,0),(1420,NULL,'7453082255557',NULL,'cart',0,1,'2023-12-24 15:13:45',NULL,0),(1421,NULL,'7453082255557',NULL,'cart',0,1,'2023-12-24 15:15:08',NULL,0),(1422,NULL,'7453082255557',NULL,'cart',0,1,'2023-12-25 22:06:44',NULL,0),(1423,NULL,'7495119405253',NULL,'cart',0,1,'2023-12-27 02:33:55',NULL,0),(1424,NULL,'7453082255557',NULL,'cart',0,1,'2023-12-28 08:37:08',NULL,0),(1425,NULL,'7453082255557',NULL,'cart',0,1,'2023-12-29 19:13:08',NULL,0),(1426,NULL,'7596520440005',NULL,'cart',0,1,'2023-12-31 22:36:36',NULL,0),(1427,NULL,'7470785462469',NULL,'cart',0,1,'2024-01-02 09:04:02',NULL,0),(1428,NULL,'7597080248517',NULL,'cart',0,1,'2024-01-03 03:41:04',NULL,0),(1429,NULL,'7456351813829',NULL,'cart',0,1,'2024-01-04 08:15:12',NULL,0),(1430,NULL,'7456351813829',NULL,'cart',0,1,'2024-01-04 08:15:43',NULL,0),(1431,NULL,'7456351813829',NULL,'cart',0,1,'2024-01-04 08:16:05',NULL,0),(1432,NULL,'7456351813829',NULL,'cart',0,1,'2024-01-04 08:16:43',NULL,0),(1433,NULL,'7456351813829',NULL,'cart',0,1,'2024-01-04 08:17:30',NULL,0),(1434,NULL,'7456351813829',NULL,'cart',0,1,'2024-01-04 08:42:49',NULL,0),(1435,NULL,'7596520440005',NULL,'cart',0,1,'2024-01-05 07:38:39',NULL,0),(1436,NULL,'7475740803269',NULL,'cart',0,1,'2024-01-09 09:33:53',NULL,0),(1437,NULL,'7607368024261',NULL,'cart',0,1,'2024-01-12 07:40:50',NULL,0),(1438,NULL,'7247428419781',NULL,'cart',0,1,'2024-01-12 20:04:43',NULL,0),(1439,NULL,'7247428419781',NULL,'cart',0,1,'2024-01-12 20:05:05',NULL,0),(1440,NULL,'7612002566341',NULL,'cart',0,1,'2024-01-12 22:58:17',NULL,0),(1441,NULL,'7453082255557',NULL,'cart',0,1,'2024-01-13 00:59:11',NULL,0),(1442,NULL,'7453082255557',NULL,'cart',0,1,'2024-01-13 01:00:19',NULL,0),(1443,NULL,'7453082255557',NULL,'cart',0,1,'2024-01-13 01:04:21',NULL,0),(1444,NULL,'7453082255557',NULL,'cart',0,1,'2024-01-13 01:05:43',NULL,0),(1445,NULL,'7612005580997',NULL,'cart',0,1,'2024-01-13 01:22:42',NULL,0),(1446,NULL,'7453082255557',NULL,'cart',0,1,'2024-01-14 19:54:50',NULL,0),(1447,NULL,'7612005580997',NULL,'cart',0,1,'2024-01-15 23:30:44',NULL,0),(1448,NULL,'7596520440005',NULL,'cart',0,1,'2024-01-16 18:20:57',NULL,0),(1449,NULL,'7574046933189',NULL,'cart',0,1,'2024-01-19 19:13:46',NULL,0),(1450,NULL,'7613423386821',NULL,'cart',0,1,'2024-01-19 19:57:27',NULL,0),(1451,NULL,'7473880268997',NULL,'cart',0,1,'2024-01-19 19:59:11',NULL,0),(1452,NULL,'7574046933189',NULL,'cart',0,1,'2024-01-19 20:06:22',NULL,0),(1453,NULL,'7453082255557',NULL,'cart',0,1,'2024-01-24 23:49:41',NULL,0),(1454,NULL,'7453082255557',NULL,'cart',0,1,'2024-01-24 23:54:32',NULL,0),(1455,NULL,'7596520440005',NULL,'cart',0,1,'2024-01-25 22:56:04',NULL,0),(1456,NULL,'7453082255557',NULL,'cart',0,1,'2024-01-25 23:03:13',NULL,0),(1457,NULL,'7630466515141','42761677406405','template',12,1,'2024-01-26 05:00:04','null',0),(1458,NULL,'7453082255557',NULL,'cart',0,1,'2024-01-26 13:58:55',NULL,0),(1459,NULL,'7495119405253',NULL,'cart',0,1,'2024-01-27 01:43:03',NULL,0),(1460,NULL,'7631974400197','42767577350341','template',12,1,'2024-01-27 10:52:13','null',0),(1461,NULL,'7453082255557',NULL,'cart',0,1,'2024-02-02 16:15:50',NULL,0),(1462,NULL,'7453082255557',NULL,'cart',0,1,'2024-02-03 16:17:50',NULL,0),(1463,NULL,'7632007725253',NULL,'cart',0,1,'2024-02-04 07:07:32',NULL,0),(1464,NULL,'7632007725253',NULL,'cart',0,1,'2024-02-04 07:08:32',NULL,0),(1465,NULL,'7473176412357',NULL,'cart',0,1,'2024-02-05 00:52:24',NULL,0),(1466,NULL,'7453082255557',NULL,'cart',0,1,'2024-02-08 18:30:34',NULL,0),(1467,NULL,'7453082255557',NULL,'cart',0,1,'2024-02-09 03:58:16',NULL,0),(1468,NULL,'7453082255557',NULL,'cart',0,1,'2024-02-09 03:59:11',NULL,0),(1469,NULL,'7453082255557',NULL,'cart',0,1,'2024-02-14 21:51:56',NULL,0),(1470,NULL,'7609341903045',NULL,'cart',0,1,'2024-02-17 04:42:08',NULL,0),(1471,NULL,'7394440052933',NULL,'cart',0,1,'2024-02-22 15:36:16',NULL,0),(1472,NULL,'7439477506245',NULL,'cart',0,1,'2024-02-22 15:37:19',NULL,0),(1473,NULL,'7242107879621',NULL,'cart',0,1,'2024-02-22 15:38:38',NULL,0),(1474,NULL,'7492181885125',NULL,'cart',0,1,'2024-02-22 15:40:18',NULL,0),(1475,NULL,'7446229909701',NULL,'cart',0,1,'2024-02-22 15:41:21',NULL,0),(1476,NULL,'7490615738565',NULL,'cart',0,1,'2024-02-22 15:47:58',NULL,0),(1477,NULL,'7492181885125',NULL,'cart',0,1,'2024-02-22 20:39:48',NULL,0),(1478,NULL,'7246086734021',NULL,'cart',0,1,'2024-02-24 19:37:44',NULL,0),(1479,NULL,'7246086734021',NULL,'cart',0,1,'2024-02-24 19:38:51',NULL,0),(1480,NULL,'7481357172933',NULL,'cart',0,1,'2024-03-03 06:57:31',NULL,0),(1481,NULL,'7481357172933',NULL,'cart',0,1,'2024-03-03 06:57:44',NULL,0),(1482,NULL,'7481357172933',NULL,'cart',0,1,'2024-03-03 07:28:05',NULL,0),(1483,NULL,'7630484504773',NULL,'cart',0,1,'2024-03-06 05:03:11',NULL,0),(1484,NULL,'7690008690885','42914808463557','template',12,1,'2024-03-06 08:19:53','null',0),(1485,NULL,'7690008690885','42914808463557','template',12,1,'2024-03-06 08:28:45','null',0),(1486,NULL,'7574046933189',NULL,'cart',0,1,'2024-03-06 16:39:39',NULL,0),(1487,NULL,'7574046933189',NULL,'cart',0,1,'2024-03-06 16:53:50',NULL,0),(1488,NULL,'7574046933189',NULL,'cart',0,1,'2024-03-06 17:03:00',NULL,0),(1489,NULL,'7691198431429','42918959349957','template',12,1,'2024-03-07 13:16:08','null',0),(1490,NULL,'7385709674693',NULL,'cart',0,1,'2024-03-13 15:54:39',NULL,0),(1491,NULL,'7471927623877',NULL,'cart',0,1,'2024-03-13 20:30:04',NULL,0),(1492,NULL,'7471927623877',NULL,'cart',0,1,'2024-03-13 20:30:30',NULL,0),(1493,NULL,'7473880268997',NULL,'cart',0,1,'2024-03-16 18:55:05',NULL,0),(1494,NULL,'7473880268997',NULL,'cart',0,1,'2024-03-16 22:50:16',NULL,0),(1495,NULL,'7473880268997',NULL,'cart',0,1,'2024-03-16 22:52:31',NULL,0),(1496,NULL,'7398504235205',NULL,'cart',0,1,'2024-03-18 23:00:27',NULL,0),(1497,NULL,'7414839574725',NULL,'cart',0,1,'2024-03-18 23:01:03',NULL,0),(1498,NULL,'7492181885125',NULL,'cart',0,1,'2024-03-18 23:05:35',NULL,0),(1499,NULL,'7473880268997',NULL,'cart',0,1,'2024-03-22 06:45:11',NULL,0),(1500,NULL,'7489439269061',NULL,'cart',0,1,'2024-03-25 15:41:02',NULL,0),(1501,NULL,'7489439269061',NULL,'cart',0,1,'2024-03-25 15:44:44',NULL,0),(1502,NULL,'7649270005957',NULL,'cart',0,1,'2024-03-25 21:26:41',NULL,0),(1503,NULL,'7481990545605',NULL,'cart',0,1,'2024-03-27 07:21:38',NULL,0),(1504,NULL,'7489439269061',NULL,'cart',0,1,'2024-03-27 07:31:36',NULL,0),(1505,NULL,'7489439269061',NULL,'cart',0,1,'2024-03-27 07:34:36',NULL,0),(1506,NULL,'7489439269061',NULL,'cart',0,1,'2024-03-27 07:37:01',NULL,0),(1507,NULL,'7489439269061',NULL,'cart',0,1,'2024-03-27 07:42:09',NULL,0),(1508,NULL,'7473880268997',NULL,'cart',0,1,'2024-04-02 10:33:27',NULL,0),(1509,NULL,'7453082255557',NULL,'cart',0,1,'2024-04-03 04:01:05',NULL,0),(1514,NULL,'7752054833349','43134960074949','template',12,1,'2024-04-06 23:15:00','null',0),(1515,NULL,'7574046933189',NULL,'cart',0,1,'2024-04-08 16:04:01',NULL,0),(1516,NULL,'7574046933189',NULL,'cart',0,1,'2024-04-08 16:06:10',NULL,0),(1517,NULL,'7767579197637','43169895055557','template',12,1,'2024-04-09 08:11:43','null',0),(1518,NULL,'7770376962245','43182055260357','template',12,1,'2024-04-10 08:26:30','null',0),(1519,NULL,'7770376962245','43182055260357','template',12,1,'2024-04-10 08:31:40','null',0),(1520,NULL,'7770376962245','43182055260357','template',12,1,'2024-04-10 08:39:29','null',0),(1521,NULL,'7775325913285','43197260726469','template',12,1,'2024-04-11 03:38:26','null',0),(1522,NULL,'7398504235205',NULL,'cart',0,1,'2024-04-11 10:36:05',NULL,0),(1523,NULL,'7782944407749','43227422785733','template',12,1,'2024-04-13 10:44:49','null',0),(1524,NULL,'7797680439493','43268486267077','template',12,1,'2024-04-16 11:56:34','null',0),(1525,NULL,'7800536006853','43283620659397','template',12,1,'2024-04-17 09:30:43','null',0),(1526,NULL,'7802835763397','43290205618373','template',12,1,'2024-04-17 22:10:09','null',0),(1527,NULL,'7809652949189','43302331809989','template',12,1,'2024-04-18 10:57:08','null',0),(1528,NULL,'7767581458629',NULL,'cart',0,1,'2024-04-18 13:55:30',NULL,0),(1529,NULL,'7480313151685',NULL,'cart',0,1,'2024-04-19 21:01:53',NULL,0),(1530,NULL,'7492181885125',NULL,'cart',0,1,'2024-04-20 17:11:39',NULL,0),(1531,NULL,'7819519819973','43317903392965','template',12,1,'2024-04-21 01:48:20','null',0),(1532,NULL,'7825691410629','43332512874693','template',12,1,'2024-04-21 19:55:44','null',0),(1533,NULL,'7825708286149','43332603838661','template',12,1,'2024-04-21 20:22:29','null',0),(1534,NULL,'7828067680453','43338551197893','template',12,1,'2024-04-23 05:00:52','null',0),(1535,NULL,'7453082255557',NULL,'cart',0,1,'2024-04-27 12:03:34',NULL,0),(1536,NULL,'7495119405253',NULL,'cart',0,1,'2024-05-05 14:35:05',NULL,0),(1537,NULL,'7473730912453',NULL,'cart',0,1,'2024-05-07 06:50:18',NULL,0),(1538,NULL,'7403045486789',NULL,'cart',0,1,'2024-05-09 06:34:20',NULL,0),(1539,NULL,'7403045486789',NULL,'cart',0,1,'2024-05-09 06:34:37',NULL,0),(1540,NULL,'7403045486789',NULL,'cart',0,1,'2024-05-09 06:35:51',NULL,0),(1541,NULL,'7403045486789',NULL,'cart',0,1,'2024-05-09 06:37:32',NULL,0),(1542,NULL,'7724544983237',NULL,'cart',0,1,'2024-05-09 08:38:26',NULL,0),(1543,NULL,'7828177912005',NULL,'cart',0,1,'2024-05-12 15:41:47',NULL,0),(1544,NULL,'7861760000197',NULL,'cart',0,1,'2024-05-14 14:10:42',NULL,0),(1545,NULL,'7828177912005',NULL,'cart',0,1,'2024-05-15 20:54:31',NULL,0),(1546,NULL,'7828177912005',NULL,'cart',0,1,'2024-05-24 22:18:04',NULL,0),(1547,NULL,'7453082255557',NULL,'cart',0,1,'2024-06-01 20:12:42',NULL,0),(1548,NULL,'7453082255557',NULL,'cart',0,1,'2024-06-01 20:14:43',NULL,0),(1549,NULL,'7453082255557',NULL,'cart',0,1,'2024-06-03 01:40:43',NULL,0),(1550,NULL,'7453082255557',NULL,'cart',0,1,'2024-06-03 01:44:52',NULL,0),(1551,NULL,'7450603389125',NULL,'cart',0,1,'2024-06-05 12:02:51',NULL,0),(1552,NULL,'7450603389125',NULL,'cart',0,1,'2024-06-05 16:46:19',NULL,0),(1553,NULL,'7453082255557',NULL,'cart',0,1,'2024-06-06 02:00:45',NULL,0),(1554,NULL,'7453082255557',NULL,'cart',0,1,'2024-06-10 23:36:06',NULL,0),(1555,NULL,'7453082255557',NULL,'cart',0,1,'2024-06-11 00:56:06',NULL,0),(1556,NULL,'7453082255557',NULL,'cart',0,1,'2024-06-11 07:29:41',NULL,0),(1557,NULL,'7825718280389',NULL,'cart',0,1,'2024-06-14 07:47:01',NULL,0),(1558,NULL,'7982922956997','43758694662341','template',12,1,'2024-07-01 05:35:38','null',0),(1559,NULL,'7998597693637','43794315116741','template',12,1,'2024-07-01 06:59:43','null',0),(1560,NULL,'7881776136389',NULL,'cart',0,1,'2024-07-01 18:34:32',NULL,0),(1561,NULL,'7881776136389',NULL,'cart',0,1,'2024-07-01 18:37:03',NULL,0),(1562,NULL,'7881760735429',NULL,'cart',0,1,'2024-07-01 18:39:30',NULL,0),(1563,NULL,'7881776136389',NULL,'cart',0,1,'2024-07-01 18:40:30',NULL,0),(1564,NULL,'7881776136389',NULL,'cart',0,1,'2024-07-01 18:43:43',NULL,0),(1565,NULL,'7870393647301',NULL,'cart',0,1,'2024-07-01 18:46:11',NULL,0),(1566,NULL,'7881760735429',NULL,'cart',0,1,'2024-07-01 18:48:05',NULL,0),(1567,NULL,'7492359880901',NULL,'cart',0,1,'2024-07-02 13:42:59',NULL,0),(1568,NULL,'7647219220677',NULL,'cart',0,1,'2024-08-13 06:04:39',NULL,0),(1569,NULL,'7621827657925',NULL,'cart',0,1,'2024-08-13 06:07:27',NULL,0),(1570,NULL,'7621827657925',NULL,'cart',0,1,'2024-08-13 06:10:30',NULL,0),(1571,NULL,'7453082255557',NULL,'cart',0,1,'2024-08-15 04:06:36',NULL,0),(1572,NULL,'7453082255557',NULL,'cart',0,1,'2024-08-17 00:16:11',NULL,0),(1573,NULL,'7453082255557',NULL,'cart',0,1,'2024-08-17 00:16:44',NULL,0),(1574,NULL,'7453082255557',NULL,'cart',0,1,'2024-08-17 23:20:01',NULL,0),(1575,NULL,'7453082255557',NULL,'cart',0,1,'2024-08-18 14:42:17',NULL,0),(1576,NULL,'7453082255557',NULL,'cart',0,1,'2024-08-18 14:43:37',NULL,0),(1577,NULL,'7453082255557',NULL,'cart',0,1,'2024-08-18 22:04:05',NULL,0),(1578,NULL,'7453082255557',NULL,'cart',0,1,'2024-08-19 01:02:17',NULL,0),(1579,NULL,'8061780984005','43967479775429','template',12,1,'2024-08-19 06:20:40','null',0),(1580,NULL,'8056436687045',NULL,'cart',0,1,'2024-08-19 20:19:19',NULL,0),(1581,NULL,'7453082255557',NULL,'cart',0,1,'2024-08-19 22:16:44',NULL,0),(1582,NULL,'8062885724357','43973328142533','template',12,1,'2024-08-20 09:08:25','null',0),(1583,NULL,'8063138103493','43975398064325','template',12,1,'2024-08-21 11:30:36','null',0),(1584,NULL,'8062891491525','43973451612357','template',12,1,'2024-08-21 13:15:29','null',0),(1585,NULL,'7483015954629',NULL,'cart',0,1,'2024-08-21 14:51:20',NULL,0),(1586,NULL,'8063332286661','43981176373445','template',12,1,'2024-08-21 21:21:20','null',0),(1587,NULL,'8064681672901','43981266059461','template',12,1,'2024-08-21 22:39:26','null',0),(1588,NULL,'8064813138117','43981525713093','template',12,1,'2024-08-22 01:00:07','null',0),(1589,NULL,'8066659418309','43990301147333','template',12,1,'2024-08-23 09:13:59','null',0),(1590,NULL,'8066659418309','43990301147333','template',12,1,'2024-08-23 09:19:07','null',0),(1591,NULL,'8066725544133','43990577610949','template',12,1,'2024-08-23 09:55:47','null',0),(1592,NULL,'7870279483589',NULL,'cart',0,1,'2024-08-23 13:41:25',NULL,0),(1593,NULL,'8067381297349','43994648379589','template',12,1,'2024-08-24 06:48:18','null',0),(1594,NULL,'8067686269125','43995752399045','template',12,1,'2024-08-24 10:16:36','null',0),(1595,NULL,'8066910159045','43992100700357','template',12,1,'2024-08-24 10:45:59','null',0),(1596,NULL,'8067701670085',NULL,'cart',0,1,'2024-08-26 17:43:34',NULL,0),(1597,NULL,'8067750166725',NULL,'cart',0,1,'2024-08-26 17:48:37',NULL,0),(1598,NULL,'8067750166725',NULL,'cart',0,1,'2024-08-26 17:52:49',NULL,0),(1599,NULL,'8062889066693',NULL,'cart',0,1,'2024-08-26 18:02:10',NULL,0),(1600,NULL,'8067701670085',NULL,'cart',0,1,'2024-08-26 18:04:50',NULL,0),(1601,NULL,'8064106627269',NULL,'cart',0,1,'2024-08-27 04:24:18',NULL,0),(1602,NULL,'8064106627269',NULL,'cart',0,1,'2024-08-27 16:47:35',NULL,0);

--
-- Table structure for table `distress_category_rel`
--

CREATE TABLE `distress_category_rel` (
  `distress_id` bigint DEFAULT NULL,
  `category_id` bigint DEFAULT NULL
) ENGINE=InnoDB DEFAULT CHARSET=utf8mb3 COLLATE=utf8mb3_unicode_ci;

--
-- Dumping data for table `distress_category_rel`
--

INSERT INTO `distress_category_rel` VALUES (1,21),(2,21),(3,21),(4,21),(5,21),(6,21),(7,21),(8,21),(9,21),(10,21),(11,21),(12,21),(13,21);

--
-- Table structure for table `distress_tag_rel`
--

CREATE TABLE `distress_tag_rel` (
  `distress_id` bigint DEFAULT NULL,
  `tag_id` bigint DEFAULT NULL
) ENGINE=InnoDB DEFAULT CHARSET=utf8mb3 COLLATE=utf8mb3_unicode_ci;

--
-- Dumping data for table `distress_tag_rel`
--

INSERT INTO `distress_tag_rel` VALUES (2,6),(3,7),(4,7),(5,7),(6,16),(7,16),(7,6),(8,6),(9,6),(10,6),(11,6),(12,6),(13,7);

--
-- Table structure for table `distresses`
--

CREATE TABLE `distresses` (
  `xe_id` bigint NOT NULL AUTO_INCREMENT,
  `name` varchar(60) COLLATE utf8mb3_unicode_ci DEFAULT NULL,
  `file_name` varchar(60) COLLATE utf8mb3_unicode_ci DEFAULT NULL,
  `store_id` int DEFAULT NULL,
  `created_at` datetime DEFAULT CURRENT_TIMESTAMP,
  PRIMARY KEY (`xe_id`)
) ENGINE=InnoDB AUTO_INCREMENT=14 DEFAULT CHARSET=utf8mb3 COLLATE=utf8mb3_unicode_ci;

--
-- Dumping data for table `distresses`
--

INSERT INTO `distresses` VALUES (2,'Distress','202003300629173054.jpg',1,'2020-03-30 18:29:17'),(3,'Distress Effect','202003300630349558.png',1,'2020-03-30 18:30:34'),(4,'Distress Effect','202003300630565691.png',1,'2020-03-30 18:30:56'),(5,'Distress Effect','202003300631151926.png',1,'2020-03-30 18:31:15'),(8,'Distress','202003310848568937.png',1,'2020-03-31 08:48:56'),(9,'Distress','202003310849161969.png',1,'2020-03-31 08:49:16'),(10,'Distress','202003310849335632.png',1,'2020-03-31 08:49:33'),(11,'Distress','202003310849509466.png',1,'2020-03-31 08:49:50'),(12,'Distress','202003310850064436.png',1,'2020-03-31 08:50:06'),(13,'Distress Effect','202003310850352984.png',1,'2020-03-31 08:50:35');

--
-- Table structure for table `email_log`
--

CREATE TABLE `email_log` (
  `xe_id` int NOT NULL AUTO_INCREMENT,
  `store_id` int NOT NULL,
  `module` varchar(50) COLLATE utf8mb3_unicode_ci NOT NULL,
  `type` varchar(255) COLLATE utf8mb3_unicode_ci NOT NULL,
  `subject` varchar(255) COLLATE utf8mb3_unicode_ci NOT NULL,
  `message` text COLLATE utf8mb3_unicode_ci NOT NULL,
  `total_email_count` int NOT NULL,
  `success_email` text COLLATE utf8mb3_unicode_ci,
  `failure_email` text COLLATE utf8mb3_unicode_ci,
  `skipped_email` text COLLATE utf8mb3_unicode_ci,
  `created_date` datetime NOT NULL,
  PRIMARY KEY (`xe_id`)
) ENGINE=InnoDB DEFAULT CHARSET=utf8mb3 COLLATE=utf8mb3_unicode_ci;

--
-- Dumping data for table `email_log`
--


--
-- Table structure for table `engraved_surfaces`
--

CREATE TABLE `engraved_surfaces` (
  `xe_id` int NOT NULL AUTO_INCREMENT,
  `surface_name` varchar(60) COLLATE utf8mb3_unicode_ci NOT NULL,
  `engraved_type` enum('image','color') COLLATE utf8mb3_unicode_ci DEFAULT NULL,
  `engrave_type_value` varchar(50) COLLATE utf8mb3_unicode_ci DEFAULT NULL COMMENT 'color code or image url',
  `engrave_preview_type` enum('image','color') COLLATE utf8mb3_unicode_ci DEFAULT NULL,
  `engrave_preview_type_value` varchar(50) COLLATE utf8mb3_unicode_ci DEFAULT NULL,
  `shadow_direction` varchar(30) COLLATE utf8mb3_unicode_ci DEFAULT NULL,
  `shadow_size` varchar(20) COLLATE utf8mb3_unicode_ci DEFAULT NULL,
  `shadow_opacity` varchar(20) COLLATE utf8mb3_unicode_ci DEFAULT NULL,
  `shadow_strength` varchar(30) COLLATE utf8mb3_unicode_ci DEFAULT NULL,
  `shadow_blur` varchar(50) COLLATE utf8mb3_unicode_ci DEFAULT NULL,
  `is_user_defined` tinyint(1) NOT NULL DEFAULT '0',
  PRIMARY KEY (`xe_id`)
) ENGINE=InnoDB AUTO_INCREMENT=3 DEFAULT CHARSET=utf8mb3 COLLATE=utf8mb3_unicode_ci;

--
-- Dumping data for table `engraved_surfaces`
--

INSERT INTO `engraved_surfaces` VALUES (1,'Wooden',NULL,NULL,NULL,NULL,NULL,NULL,NULL,NULL,NULL,0),(2,'Metal',NULL,NULL,NULL,NULL,NULL,NULL,NULL,NULL,NULL,0);

--
-- Table structure for table `features`
--

CREATE TABLE `features` (
  `xe_id` int NOT NULL AUTO_INCREMENT,
  `asset_type_id` int NOT NULL,
  `name` varchar(60) COLLATE utf8mb3_unicode_ci NOT NULL,
  `slug` varchar(50) COLLATE utf8mb3_unicode_ci NOT NULL,
  PRIMARY KEY (`xe_id`)
) ENGINE=InnoDB AUTO_INCREMENT=13 DEFAULT CHARSET=utf8mb3 COLLATE=utf8mb3_unicode_ci;

--
-- Dumping data for table `features`
--

INSERT INTO `features` VALUES (1,2,'Clipart library','clipart'),(2,11,'Use from templates','template'),(3,1,'Backgrounds','background'),(4,0,'Draw with your hand','drawing'),(5,9,'Shapes library','shape'),(6,0,'Upload design','image'),(7,0,'Add text','text'),(8,0,'Team jersey','team'),(9,0,'VDP','vdp'),(10,0,'AR','ar'),(11,0,'Gallery','gallery'),(12,0,'QR code','qr');

--
-- Table structure for table `font_category_rel`
--

CREATE TABLE `font_category_rel` (
  `font_id` bigint DEFAULT NULL,
  `category_id` bigint DEFAULT NULL,
  KEY `font_category_rel_index_category_id` (`category_id`)
) ENGINE=InnoDB DEFAULT CHARSET=utf8mb3 COLLATE=utf8mb3_unicode_ci;

--
-- Dumping data for table `font_category_rel`
--

INSERT INTO `font_category_rel` VALUES (10,49),(10,50),(17,48),(17,49),(17,50),(17,51),(18,51),(18,50),(19,48),(19,49),(19,50),(19,51),(27,66),(52,22),(53,22),(54,22),(55,22),(56,22),(57,22),(58,22),(59,22),(60,22),(61,22),(62,22),(63,22),(64,22),(65,22),(66,22),(67,22),(68,22),(69,22),(70,22),(71,22),(72,22),(73,22),(74,70),(75,70),(76,70),(78,70),(79,70),(80,70),(81,70),(82,70),(83,70),(84,70),(87,82),(97,70),(98,82),(99,70),(100,70),(115,70),(119,90),(118,90),(117,90),(116,90),(114,90),(113,90),(112,90),(111,90),(110,90),(109,90),(108,90),(107,90),(106,90),(104,90),(105,90),(103,90),(102,90),(101,90),(86,90),(85,90),(77,90),(128,90),(90,82),(89,82),(94,82),(92,82),(91,82),(93,82),(96,82),(95,82),(129,90),(130,90),(131,90),(132,90),(133,90),(134,90),(78,127),(134,70),(127,91),(126,91),(125,91),(124,91),(123,91),(122,91),(121,91),(120,91),(100,89),(100,90),(100,91),(95,70),(88,70),(51,70),(50,70),(49,70),(48,70),(47,70),(46,70),(45,70),(44,70),(43,70),(42,70),(41,70),(40,70),(39,70),(38,70),(37,70),(36,82),(35,70),(34,70),(33,70),(32,70),(31,70),(30,89),(30,90),(30,91),(29,70),(28,70),(26,70),(135,70),(136,90),(137,90),(138,90),(139,90),(140,70),(140,89),(140,90),(140,91),(141,90),(142,90),(143,90),(144,90),(145,90),(146,70),(100,142),(77,147),(104,147),(103,147),(102,147),(101,147),(86,147),(145,147),(141,147),(144,147),(143,147),(142,147),(138,147),(132,147),(134,147),(136,147),(139,147),(131,147),(130,147),(129,147),(133,147),(128,147),(118,147),(117,147),(116,147),(110,147),(105,147),(106,147),(111,147),(107,147),(112,147),(108,147),(114,147),(109,147),(127,88),(126,88),(125,88),(124,88),(123,88),(122,88),(121,88),(120,88),(85,147),(147,147),(147,90),(148,90),(149,147),(149,90),(150,147),(150,90),(151,147),(151,90),(152,147),(152,90),(153,147);

--
-- Table structure for table `font_tag_rel`
--

CREATE TABLE `font_tag_rel` (
  `font_id` bigint DEFAULT NULL,
  `tag_id` bigint DEFAULT NULL
) ENGINE=InnoDB DEFAULT CHARSET=utf8mb3 COLLATE=utf8mb3_unicode_ci;

--
-- Dumping data for table `font_tag_rel`
--

INSERT INTO `font_tag_rel` VALUES (17,12),(17,13),(18,14),(19,15),(25,17),(26,18),(28,19),(29,18),(30,20),(31,18),(32,18),(33,18),(34,18),(35,18),(36,18),(37,18),(38,18),(39,18),(40,18),(41,18),(42,18),(43,18),(44,18),(45,18),(46,18),(47,18),(48,18),(49,18),(50,18),(51,18);

--
-- Table structure for table `fonts`
--

CREATE TABLE `fonts` (
  `xe_id` bigint NOT NULL AUTO_INCREMENT,
  `name` varchar(60) COLLATE utf8mb3_unicode_ci DEFAULT NULL,
  `price` decimal(20,8) DEFAULT NULL,
  `font_family` varchar(60) COLLATE utf8mb3_unicode_ci DEFAULT NULL,
  `file_name` varchar(50) COLLATE utf8mb3_unicode_ci DEFAULT NULL,
  `total_used` int DEFAULT '0',
  `store_id` int DEFAULT NULL,
  `created_at` datetime DEFAULT CURRENT_TIMESTAMP,
  `cloud_storage` tinyint(1) NOT NULL DEFAULT '0',
  PRIMARY KEY (`xe_id`)
) ENGINE=InnoDB AUTO_INCREMENT=154 DEFAULT CHARSET=utf8mb3 COLLATE=utf8mb3_unicode_ci;

--
-- Dumping data for table `fonts`
--

INSERT INTO `fonts` VALUES (26,'akaPosse',0.00000000,'akaPosse','202003310925011161.ttf',0,1,'2020-03-31 09:25:01',0),(28,'Anton',0.00000000,'Anton','202003310926045250.ttf',0,1,'2020-03-31 09:26:04',0),(29,'Averia Libre',0.00000000,'Averia Libre','202003310926304601.ttf',0,1,'2020-03-31 09:26:30',0),(30,'BEBAS___',0.00000000,'Bebas','202003310926531715.ttf',0,1,'2020-03-31 09:26:53',0),(31,'Baloo',0.00000000,'Baloo','202003310927225801.ttf',0,1,'2020-03-31 09:27:22',0),(32,'Bungee',0.00000000,'Bungee','202003310929169703.ttf',0,1,'2020-03-31 09:29:16',0),(33,'CargoCrate',0.00000000,'CargoCrate','202003310930204749.ttf',0,1,'2020-03-31 09:30:20',0),(34,'Concert One',0.00000000,'Concert One','202003310931204507.ttf',0,1,'2020-03-31 09:31:20',0),(35,'Coiny',0.00000000,'Coiny','202003310932003155.ttf',0,1,'2020-03-31 09:32:00',0),(36,'Damion',0.00000000,'Damion','202003310933007365.ttf',0,1,'2020-03-31 09:33:00',0),(37,'Chango',0.00000000,'Chango','20200331093410121.ttf',0,1,'2020-03-31 09:34:10',0),(38,'Chela_One',0.00000000,'Chela One','202003310934373497.ttf',0,1,'2020-03-31 09:34:37',0),(39,'Coda',0.00000000,'Coda','202003310935105799.ttf',0,1,'2020-03-31 09:35:10',0),(40,'Concert_One',0.00000000,'Concert One','20200331093542313.ttf',0,1,'2020-03-31 09:35:42',0),(41,'Cousine',0.00000000,'Cousine','202003310936266388.ttf',1,1,'2020-03-31 09:36:26',0),(42,'Emblema One',0.00000000,'Emblema One','202003310937494491.ttf',0,1,'2020-03-31 09:37:49',0),(43,'Erica_One',0.00000000,'Erica One','202003310938179303.ttf',0,1,'2020-03-31 09:38:17',0),(44,'Expletus Sans',0.00000000,'Expletus Sans','202003310938424099.ttf',0,1,'2020-03-31 09:38:42',0),(45,'Fruktur',0.00000000,'Fruktur','202003310939502704.ttf',0,1,'2020-03-31 09:39:50',0),(46,'German Beauty',0.00000000,'German Beauty','202003310940145872.ttf',0,1,'2020-03-31 09:40:14',0),(47,'Goblin_One',0.00000000,'Goblin One','202003310941254635.ttf',0,1,'2020-03-31 09:41:25',0),(48,'Kavoon',0.00000000,'Kavoon','20200331094256611.ttf',0,1,'2020-03-31 09:42:56',0),(49,'Luckiest Guy',0.00000000,'Luckiest Guy','202003310943504592.ttf',0,1,'2020-03-31 09:43:50',0),(50,'McLaren',0.00000000,'McLaren','202003310944322269.ttf',0,1,'2020-03-31 09:44:32',0),(51,'Titan One',0.00000000,'Titan One','202003310946125894.ttf',0,1,'2020-03-31 09:46:12',0),(74,'Helvetica Bold',0.00000000,'Helvetica','202106270226426882.ttf',0,1,'2021-06-26 20:56:42',0),(75,'kruella_bigfontsite.com',0.00000000,'Kruella','202106270226587394.ttf',0,1,'2021-06-26 20:56:58',0),(76,'seguibl',0.00000000,'Segoe UI Black','202106270227178369.ttf',1,1,'2021-06-26 20:57:17',0),(77,'Nigeria 2018',0.00000000,'Nigeria 2018','202106270227391114.ttf',0,1,'2021-06-26 20:57:39',0),(78,'myriadpro_boldcondit',0.00000000,'Myriad Pro Cond','202106270227565614.ttf',0,1,'2021-06-26 20:57:56',0),(79,'libre-baskerville.regular',0.00000000,'Libre Baskerville','202106270228145202.ttf',0,1,'2021-06-26 20:58:14',0),(80,'libre-baskerville.bold',0.00000000,'Libre Baskerville','202106270228279653.ttf',0,1,'2021-06-26 20:58:28',0),(81,'league-spartan.bold',0.00000000,'League Spartan','20210627022847879.ttf',0,1,'2021-06-26 20:58:47',0),(82,'Chopsic-K6Dp',0.00000000,'Chopsic','202106270229011456.ttf',0,1,'2021-06-26 20:59:01',0),(83,'Clearly Gothic Bold',0.00000000,'Clearly Gothic','202106270229203389.ttf',0,1,'2021-06-26 20:59:20',0),(85,'dortmund-16-17',0.00000000,'Dortmund 16-17','202106270229492763.ttf',0,1,'2021-06-26 20:59:49',0),(86,'Juventus 18-19',0.00000000,'Juventus 18-19','202106270230148448.ttf',0,1,'2021-06-26 21:00:14',0),(87,'Courgette-Regular',0.00000000,'Courgette','20210706044339314.ttf',0,1,'2021-07-06 11:13:39',0),(88,'Roboto-Black',0.00000000,'Roboto Black','20210706044423646.ttf',0,1,'2021-07-06 11:14:23',0),(89,'DancingScript-VariableFont_wght',0.00000000,'Dancing Script','202107060455252806.ttf',0,1,'2021-07-06 11:25:25',0),(90,'GreatVibes-Regular',0.00000000,'Great Vibes','202107060455455910.ttf',0,1,'2021-07-06 11:25:45',0),(91,'KaushanScript-Regular',0.00000000,'Kaushan Script','202107060457031322.ttf',0,1,'2021-07-06 11:27:03',0),(92,'Parisienne-Regular',0.00000000,'Parisienne','202107060457253616.ttf',0,1,'2021-07-06 11:27:25',0),(93,'Tangerine-Bold',0.00000000,'Tangerine','202107060457441498.ttf',0,1,'2021-07-06 11:27:44',0),(94,'Tangerine-Regular',0.00000000,'Tangerine','2021070604575799.ttf',0,1,'2021-07-06 11:27:57',0),(95,'TradeWinds-Regular',0.00000000,'Trade Winds','202107060537256040.ttf',0,1,'2021-07-06 12:07:25',0),(96,'Playball-Regular',0.00000000,'Playball','20210706053746827.ttf',0,1,'2021-07-06 12:07:46',0),(97,'PatuaOne-Regular',0.00000000,'Patua One','202107060538096613.ttf',0,1,'2021-07-06 12:08:09',0),(98,'Magnolia-Script',0.00000000,'Magnolia Script','20210717081633449.ttf',21,1,'2021-07-17 14:46:33',0),(99,'cowboys.solid',0.00000000,'Cowboys','202108260627392901.ttf',0,1,'2021-08-26 12:57:39',0),(100,'Academic M54',0.00000000,'Academic M54','202108260629174696.ttf',239,1,'2021-08-26 12:59:17',0),(101,'Arsenal 20-21',0.00000000,'Arsenal 20-21','202108291034467294.ttf',0,1,'2021-08-29 05:04:46',0),(102,'Liverpool 18-19',0.00000000,'Liverpool 18-19','202108291035117393.ttf',0,1,'2021-08-29 05:05:11',0),(103,'Chelsea 19-20',0.00000000,'Chelsea 19-20','202108291035422282.ttf',0,1,'2021-08-29 05:05:42',0),(104,'PSG Away 21-22',0.00000000,'PSG Away 21-22','202108291035586354.ttf',0,1,'2021-08-29 05:05:58',0),(105,'Real Madrid 21-22 Back Number',0.00000000,'Real Madrid 21-22 Back Number','202108291036216721.ttf',3,1,'2021-08-29 05:06:21',0),(106,'Real Madrid 21-22',0.00000000,'Real Madrid 21-22','202108291036393463.ttf',3,1,'2021-08-29 05:06:39',0),(107,'scottish-league-15-16',0.00000000,'Scottish League 15-16','202108291036528442.ttf',0,1,'2021-08-29 05:06:52',0),(108,'Barcelona 2018',2.00000000,'Barcelona 2018','20210829103703269.ttf',1,1,'2021-08-29 05:07:03',0),(109,'Bayern Munchen 18-19',0.00000000,'Bayern Munchen 18-19','202108291037242939.ttf',0,1,'2021-08-29 05:07:24',0),(110,'FFF World Cup 2018 Adidas',0.00000000,'FFF World Cup 2018 Adidas','202108291037456124.ttf',0,1,'2021-08-29 05:07:45',0),(111,'inter-milan-15-16',0.00000000,'Inter Milan 15-16','20210829103800148.ttf',0,1,'2021-08-29 05:08:00',0),(112,'Wolverhampton 19-20',0.00000000,'Wolverhampton 19-20','202108291038155434.ttf',0,1,'2021-08-29 05:08:15',0),(114,'Premier League Font 2018',0.00000000,'FFF English Premier League','202108291107552204.ttf',17,1,'2021-08-29 05:37:55',0),(115,'myriadpro_boldcondit',0.00000000,'Myriad Pro Cond','202108291108292451.ttf',290,1,'2021-08-29 05:38:29',0),(116,'Real Madrid 18-19',0.00000000,'Real Madrid 18-19','202108291108438373.ttf',0,1,'2021-08-29 05:38:43',0),(117,'Nigeria 2018',0.00000000,'Nigeria 2018','202108291109039761.ttf',0,1,'2021-08-29 05:39:03',0),(118,'Portugal 2018',0.00000000,'Portugal 2018','20210829110916453.ttf',0,1,'2021-08-29 05:39:16',0),(120,'NBA 76ers',0.00000000,'NBA 76ers','202108291112126043.ttf',0,1,'2021-08-29 05:42:12',0),(121,'NBA Bobcats',0.00000000,'NBA Bobcats','202108291112227297.ttf',0,1,'2021-08-29 05:42:22',0),(122,'NBA Bucks',0.00000000,'NBA Bucks','202108291112328620.ttf',0,1,'2021-08-29 05:42:32',0),(123,'NBA Bulls',0.00000000,'NBA Bulls','202108291112427945.ttf',0,1,'2021-08-29 05:42:42',0),(124,'NBA Cavaliers',0.00000000,'NBA Cavaliers','202108291112502249.ttf',0,1,'2021-08-29 05:42:50',0),(125,'NBA Celtics',0.00000000,'NBA Celtics','202108291112599562.ttf',0,1,'2021-08-29 05:42:59',0),(126,'NBA Clippers',0.00000000,'NBA Clippers','202108291113099315.ttf',0,1,'2021-08-29 05:43:09',0),(127,'NBA Grizzlies',0.00000000,'NBA Grizzlies','202108291113218044.ttf',0,1,'2021-08-29 05:43:21',0),(128,'PSG Third 21-22',0.00000000,'PSG Third 21-22','202109230711502077.ttf',0,1,'2021-09-23 01:41:50',0),(129,'Adidas 2022',0.00000000,'Adidas 2022','202208230420229011.ttf',0,1,'2022-08-23 10:50:22',0),(130,'Real Madrid 22-23',0.00000000,'Real Madrid 22-23','202208230421472198.ttf',0,1,'2022-08-23 10:51:47',0),(131,'FC Porto 21-22',0.00000000,'FC Porto 21-22','20220823042213451.ttf',0,1,'2022-08-23 10:52:14',0),(132,'USA 2020',0.00000000,'USA 2020','202208230422325216.ttf',0,1,'2022-08-23 10:52:32',0),(133,'Croatia Euro 2020',0.00000000,'Croatia Euro 2020','202208230422491099.ttf',0,1,'2022-08-23 10:52:49',0),(134,'AgencyFB-Bold 700',0.00000000,'AgencyFB','202208230423412289.ttf',0,1,'2022-08-23 10:53:41',0),(135,'FontsFree-Net-MusubiBlack',0.00000000,'Musubi Black','202302260957406618.ttf',0,1,'2023-02-26 04:27:40',0),(136,'England 2022',0.00000000,'England 2022','202302260958176534.ttf',0,1,'2023-02-26 04:28:17',0),(137,'Portugal 2022',0.00000000,'Portugal 2022','202302260958466560.ttf',0,1,'2023-02-26 04:28:46',0),(138,'Croatia 2022',0.00000000,'Croatia 2022','202302260959014382.ttf',0,1,'2023-02-26 04:29:01',0),(139,'Netherland 2022',0.00000000,'Netherland 2022','202302260959287474.ttf',0,1,'2023-02-26 04:29:28',0),(140,'MLB Angels Regular',0.00000000,'MLB Angels','202302261000073213.ttf',0,1,'2023-02-26 04:30:07',0),(141,'France 2022',0.00000000,'France 2022','202302261000196939.ttf',0,1,'2023-02-26 04:30:19',0),(142,'Brazil 2022',0.00000000,'Brazil 2022','202302261000535661.ttf',0,1,'2023-02-26 04:30:53',0),(143,'USA 2022',0.00000000,'USA 2022','202302261001577007.ttf',0,1,'2023-02-26 04:31:57',0),(144,'Croatia Euro 2020',0.00000000,'Croatia Euro 2020','202302261002341664.ttf',0,1,'2023-02-26 04:32:34',0),(145,'PSG Ligue 1 2021-2022',0.00000000,'PSG Ligue 1 2021-2022','202302261004258703.ttf',3,1,'2023-02-26 04:34:25',0),(146,'Avalon',0.00000000,'Avalon','202302260414381350.ttf',2,1,'2023-02-26 10:44:38',0),(147,'Liverpool 22-23',0.00000000,'Liverpool 22-23','202309040432031981.ttf',0,1,'2023-09-03 23:02:03',0),(148,'Real Madrid 23-24',0.00000000,'Real Madrid 23-24','202309040433055902.ttf',0,1,'2023-09-03 23:03:05',0),(149,'Bayern Munchen 21-22',0.00000000,'Bayern Munchen 21-22','202309040434329245.ttf',0,1,'2023-09-03 23:04:32',0),(150,'Inter Milan 20-21',0.00000000,'Inter Milan 20-21','202309040435342997.ttf',0,1,'2023-09-03 23:05:34',0),(151,'Premier League 23-24',0.00000000,'Premier League 23-24','202309040444484072.ttf',9,1,'2023-09-03 23:14:48',0),(152,'Laliga 23-24',0.00000000,'Laliga 23-24','202309180455534024.ttf',2,1,'2023-09-17 23:25:53',0),(153,'Canada 2021',0.00000000,'Canada 2021','202310010347035520.ttf',4,1,'2023-10-01 10:17:03',0);

--
-- Table structure for table `graphic_font_letters`
--

CREATE TABLE `graphic_font_letters` (
  `xe_id` bigint NOT NULL AUTO_INCREMENT,
  `graphic_font_id` bigint DEFAULT NULL,
  `name` varchar(10) COLLATE utf8mb3_unicode_ci DEFAULT NULL,
  `file_name` varchar(50) COLLATE utf8mb3_unicode_ci DEFAULT NULL,
  `font_type` varchar(30) COLLATE utf8mb3_unicode_ci DEFAULT NULL,
  PRIMARY KEY (`xe_id`)
) ENGINE=InnoDB AUTO_INCREMENT=6 DEFAULT CHARSET=utf8mb3 COLLATE=utf8mb3_unicode_ci;

--
-- Dumping data for table `graphic_font_letters`
--

INSERT INTO `graphic_font_letters` VALUES (1,1,'a','202003300731373682.svg','letter'),(2,1,'0',NULL,'number'),(5,4,'A','202003311025119118.svg','letter');

--
-- Table structure for table `graphic_font_tag_rel`
--

CREATE TABLE `graphic_font_tag_rel` (
  `graphic_font_id` bigint DEFAULT NULL,
  `tag_id` bigint DEFAULT NULL
) ENGINE=InnoDB DEFAULT CHARSET=utf8mb3 COLLATE=utf8mb3_unicode_ci;

--
-- Dumping data for table `graphic_font_tag_rel`
--

INSERT INTO `graphic_font_tag_rel` VALUES (4,9);

--
-- Table structure for table `graphic_fonts`
--

CREATE TABLE `graphic_fonts` (
  `xe_id` bigint NOT NULL AUTO_INCREMENT,
  `name` varchar(60) COLLATE utf8mb3_unicode_ci DEFAULT NULL,
  `price` decimal(20,8) DEFAULT NULL,
  `is_letter_style` tinyint(1) NOT NULL DEFAULT '0',
  `is_number_style` tinyint(1) NOT NULL DEFAULT '0',
  `is_special_character_style` tinyint(1) NOT NULL DEFAULT '0',
  `store_id` int DEFAULT NULL,
  `created_at` datetime DEFAULT CURRENT_TIMESTAMP,
  `cloud_storage` tinyint(1) NOT NULL DEFAULT '0',
  PRIMARY KEY (`xe_id`)
) ENGINE=InnoDB AUTO_INCREMENT=5 DEFAULT CHARSET=utf8mb3 COLLATE=utf8mb3_unicode_ci;

--
